{"id":709817,"date":"2025-08-27T16:29:24","date_gmt":"2025-08-27T13:29:24","guid":{"rendered":"https:\/\/roveyayinevi.com.tr\/index.php\/urun\/cankurtaran-yilmaz\/"},"modified":"2026-04-13T02:23:29","modified_gmt":"2026-04-12T23:23:29","slug":"cankurtaran-yilmaz","status":"publish","type":"product","link":"https:\/\/roveyayinevi.com.tr\/index.php\/urun\/cankurtaran-yilmaz\/","title":{"rendered":"Cankurtaran Y\u0131lmaz"},"content":{"rendered":"<p>Merhaba, benim ad\u0131m Y\u0131lmaz.Ailemle birlikte Cide\u2019de ya\u015f\u0131yorum. Ge\u00e7en yaz tatilinde kasabam\u0131zdaki Yal\u0131 Gazinosu\u2019nda \u00e7al\u0131\u015f\u0131rken, tatil i\u00e7in \u0130stanbul\u2019dan Cide\u2019ye gelen Sarma\u015f\u0131k ailesiyle tan\u0131\u015fm\u0131\u015ft\u0131m. K\u00fc\u00e7\u00fck o\u011fullar\u0131 Tural\u2019la birbirimizden pek ho\u015flanmad\u0131k.\u00c7al\u0131\u015ft\u0131\u011f\u0131m i\u00e7in \u00e7ok sevdi\u011fim denizden uzak kalm\u0131\u015ft\u0131m.Y\u00fczmeye bir t\u00fcrl\u00fc f\u0131rsat bulam\u0131yordum.Cide\u2019de her y\u0131l Deniz Bayram\u0131 nedeniyle d\u00fczenlenen y\u00fczme yar\u0131\u015fmas\u0131na kat\u0131lmak ve birinci olup b\u00fcy\u00fck \u00f6d\u00fcl\u00fc almak istiyordum.Heyecanla bekledi\u011fim g\u00fcn gelmi\u015fti.Fakat hesapta olmayan bir \u015fey oldu!D\u00fcnyaya hep g\u00fcl\u00fcmseyerek bakmam\u0131z\u0131 isteyen R\u0131fat Ilgaz, hik\u00e2yemi sizlerle payla\u015fmam\u0131 sa\u011flad\u0131. Siz onu okurken, belki birlikte dalgalara kula\u00e7 atabiliriz. <\/p>\n","protected":false},"excerpt":{"rendered":"<p>Merhaba, benim ad\u0131m Y\u0131lmaz.Ailemle birlikte Cide\u2019de ya\u015f\u0131yorum. Ge\u00e7en yaz tatilinde kasabam\u0131zdaki Yal\u0131 Gazinosu\u2019nda \u00e7al\u0131\u015f\u0131rken, tatil i\u00e7in \u0130stanbul\u2019dan Cide\u2019ye gelen Sarma\u015f\u0131k ailesiyle tan\u0131\u015fm\u0131\u015ft\u0131m. K\u00fc\u00e7\u00fck o\u011fullar\u0131 Tural\u2019la birbirimizden<span class=\"excerpt-hellip\"> [\u2026]<\/span><\/p>\n","protected":false},"featured_media":0,"template":"","meta":{"_monsterinsights_skip_tracking":false,"_monsterinsights_sitenote_active":false,"_monsterinsights_sitenote_note":"","_monsterinsights_sitenote_category":0},"product_brand":[],"product_cat":[12274,12284],"product_tag":[],"class_list":{"0":"post-709817","1":"product","2":"type-product","3":"status-publish","5":"product_cat-cocuk-ve-genclik-kitaplari","6":"product_cat-hikayeler","7":"pa_cilt-ciltsiz","8":"pa_tur-kitap","9":"pa_yayinevi-cinar-yayinlari","10":"pa_yazar-rifat-ilgaz","12":"first","13":"instock","14":"sale","15":"shipping-taxable","16":"purchasable","17":"product-type-simple"},"_links":{"self":[{"href":"https:\/\/roveyayinevi.com.tr\/index.php\/wp-json\/wp\/v2\/product\/709817","targetHints":{"allow":["GET"]}}],"collection":[{"href":"https:\/\/roveyayinevi.com.tr\/index.php\/wp-json\/wp\/v2\/product"}],"about":[{"href":"https:\/\/roveyayinevi.com.tr\/index.php\/wp-json\/wp\/v2\/types\/product"}],"wp:attachment":[{"href":"https:\/\/roveyayinevi.com.tr\/index.php\/wp-json\/wp\/v2\/media?parent=709817"}],"wp:term":[{"taxonomy":"product_brand","embeddable":true,"href":"https:\/\/roveyayinevi.com.tr\/index.php\/wp-json\/wp\/v2\/product_brand?post=709817"},{"taxonomy":"product_cat","embeddable":true,"href":"https:\/\/roveyayinevi.com.tr\/index.php\/wp-json\/wp\/v2\/product_cat?post=709817"},{"taxonomy":"product_tag","embeddable":true,"href":"https:\/\/roveyayinevi.com.tr\/index.php\/wp-json\/wp\/v2\/product_tag?post=709817"}],"curies":[{"name":"wp","href":"https:\/\/api.w.org\/{rel}","templated":true}]}}