{"id":709805,"date":"2025-08-27T16:29:18","date_gmt":"2025-08-27T13:29:18","guid":{"rendered":"https:\/\/roveyayinevi.com.tr\/index.php\/urun\/gritopya\/"},"modified":"2026-04-16T02:18:44","modified_gmt":"2026-04-15T23:18:44","slug":"gritopya","status":"publish","type":"product","link":"https:\/\/roveyayinevi.com.tr\/index.php\/urun\/gritopya\/","title":{"rendered":"Gritopya"},"content":{"rendered":"<p>Evrenin nazar boncu\u011fuydu D\u00fcnya\u2026 Ta ki herkes kendini tanr\u0131 ilan edene dek\u2026 G\u00f6z\u00fc a\u00e7 yarat\u0131klar\u0131z biz. Do\u011fa ne kadar verdiyse, bir fazlas\u0131n\u0131 g\u00f6t\u00fcrd\u00fck beraberinde. Doymad\u0131 insan\u2026 Ka\u00e7 medeniyeti yuttu menfaatlerinin u\u011fruna\u2026 Yetmedi, sonunda patlad\u0131 D\u00fcnya.   \u00dctopya\u2019dan Distopya\u2019ya\u2026 <\/p>\n","protected":false},"excerpt":{"rendered":"<p>Evrenin nazar boncu\u011fuydu D\u00fcnya\u2026 Ta ki herkes kendini tanr\u0131 ilan edene dek\u2026 G\u00f6z\u00fc a\u00e7 yarat\u0131klar\u0131z biz. Do\u011fa ne kadar verdiyse, bir fazlas\u0131n\u0131 g\u00f6t\u00fcrd\u00fck beraberinde. Doymad\u0131 insan\u2026<span class=\"excerpt-hellip\"> [\u2026]<\/span><\/p>\n","protected":false},"featured_media":0,"template":"","meta":{"_monsterinsights_skip_tracking":false,"_monsterinsights_sitenote_active":false,"_monsterinsights_sitenote_note":"","_monsterinsights_sitenote_category":0},"product_brand":[],"product_cat":[12291,12711],"product_tag":[],"class_list":{"0":"post-709805","1":"product","2":"type-product","3":"status-publish","5":"product_cat-edebiyat","6":"product_cat-roman-oyku","7":"pa_cilt-ciltsiz","8":"pa_tur-kitap","9":"pa_yayinevi-destek-yayinlari","10":"pa_yazar-pia-yesim-demir","12":"first","13":"instock","14":"sale","15":"shipping-taxable","16":"purchasable","17":"product-type-simple"},"_links":{"self":[{"href":"https:\/\/roveyayinevi.com.tr\/index.php\/wp-json\/wp\/v2\/product\/709805","targetHints":{"allow":["GET"]}}],"collection":[{"href":"https:\/\/roveyayinevi.com.tr\/index.php\/wp-json\/wp\/v2\/product"}],"about":[{"href":"https:\/\/roveyayinevi.com.tr\/index.php\/wp-json\/wp\/v2\/types\/product"}],"wp:attachment":[{"href":"https:\/\/roveyayinevi.com.tr\/index.php\/wp-json\/wp\/v2\/media?parent=709805"}],"wp:term":[{"taxonomy":"product_brand","embeddable":true,"href":"https:\/\/roveyayinevi.com.tr\/index.php\/wp-json\/wp\/v2\/product_brand?post=709805"},{"taxonomy":"product_cat","embeddable":true,"href":"https:\/\/roveyayinevi.com.tr\/index.php\/wp-json\/wp\/v2\/product_cat?post=709805"},{"taxonomy":"product_tag","embeddable":true,"href":"https:\/\/roveyayinevi.com.tr\/index.php\/wp-json\/wp\/v2\/product_tag?post=709805"}],"curies":[{"name":"wp","href":"https:\/\/api.w.org\/{rel}","templated":true}]}}