{"id":709790,"date":"2025-08-27T16:29:11","date_gmt":"2025-08-27T13:29:11","guid":{"rendered":"https:\/\/roveyayinevi.com.tr\/index.php\/urun\/savas-sanati-7\/"},"modified":"2026-04-16T02:18:43","modified_gmt":"2026-04-15T23:18:43","slug":"savas-sanati-7","status":"publish","type":"product","link":"https:\/\/roveyayinevi.com.tr\/index.php\/urun\/savas-sanati-7\/","title":{"rendered":"Sava\u015f Sanat\u0131"},"content":{"rendered":"<p>\u00c7inli komutan ve d\u00fc\u015f\u00fcn\u00fcr Sun Tzu taraf\u0131ndan g\u00fcn\u00fcm\u00fczden tam iki bin be\u015f y\u00fcz y\u0131l \u00f6nce kaleme al\u0131nan Sava\u015fSanat\u0131, insanl\u0131k tarihinin en eski ve \u00fczerinde en fazla tart\u0131\u015f\u0131lan strateji kitab\u0131d\u0131r. Kitap, asker\u00ee \u00e7evrelerin yan\u0131 s\u0131ramodern i\u015f d\u00fcnyas\u0131n\u0131n y\u00f6netici kadrolar\u0131 taraf\u0131ndan da heyecanla incelenip irdelenen bir ba\u015fvuru kayna\u011f\u0131 h\u00e2linegelmi\u015ftir. Sava\u015f Sanat\u0131\u2019nda ortaya konan ilkeler, sava\u015f alan\u0131nda oldu\u011fu kadar ekonomi ve politika alanlar\u0131nda daliderlere yol g\u00f6stermektedir.Sava\u015f Sanat\u0131, her biri \u00f6rg\u00fctlenme ve stratejik planlaman\u0131n bir alan\u0131na odaklanm\u0131\u015f 13 b\u00f6l\u00fcmden olu\u015fmaktad\u0131r. Bub\u00f6l\u00fcmlerin her biri, \u00f6zellikle de Sun Tzu\u2019nun, sergiledikleri davran\u0131\u015flara bakarak askerlerin (hem kendi hem ded\u00fc\u015fman askerlerinin) ruh h\u00e2llerini yorumlama hakk\u0131ndaki g\u00f6zlemleri tamam\u0131yla uygulamaya d\u00f6n\u00fckt\u00fcr. SunTzu\u2019nun y\u00fczy\u0131llar \u00f6ncesinden \u00f6ng\u00f6rd\u00fc\u011f\u00fc taktik ve stratejiler, uygulanabilirli\u011fini h\u00e2l\u00e2 korumaktad\u0131r.Sava\u015f Sanat\u0131\u2019nda dikkat \u00e7eken ve bu eseri basit bir asker\u00ee el kitab\u0131 olman\u0131n \u00f6tesine ta\u015f\u0131yan \u015fey, Taocu ilkeler\u00fczerine yap\u0131lan vurgu ve metnin kaleme al\u0131n\u0131\u015f \u015feklindeki zarafettir. Sun Tzu\u2019nun g\u00f6z\u00fcnde bir komutan sadece i\u015finiyapan bir asker de\u011fildir: o bir bilge, beyefendi ve filozoftur. Bu mistik unsurun derinliklerindeki anlam\u0131n, bukitab\u0131n s\u00fcreklili\u011fi ve evrenselle\u015fmesinin temel nedeni oldu\u011funa ku\u015fku yoktur. <\/p>\n","protected":false},"excerpt":{"rendered":"<p>\u00c7inli komutan ve d\u00fc\u015f\u00fcn\u00fcr Sun Tzu taraf\u0131ndan g\u00fcn\u00fcm\u00fczden tam iki bin be\u015f y\u00fcz y\u0131l \u00f6nce kaleme al\u0131nan Sava\u015fSanat\u0131, insanl\u0131k tarihinin en eski ve \u00fczerinde en fazla<span class=\"excerpt-hellip\"> [\u2026]<\/span><\/p>\n","protected":false},"featured_media":0,"template":"","meta":{"_monsterinsights_skip_tracking":false,"_monsterinsights_sitenote_active":false,"_monsterinsights_sitenote_note":"","_monsterinsights_sitenote_category":0},"product_brand":[],"product_cat":[12777,12291],"product_tag":[],"class_list":{"0":"post-709790","1":"product","2":"type-product","3":"status-publish","5":"product_cat-deneme","6":"product_cat-edebiyat","7":"pa_cilt-ciltsiz","8":"pa_tur-kitap","9":"pa_yayinevi-akil-celen-kitaplar","10":"pa_yazar-sun-tzu","12":"first","13":"instock","14":"sale","15":"shipping-taxable","16":"purchasable","17":"product-type-simple"},"_links":{"self":[{"href":"https:\/\/roveyayinevi.com.tr\/index.php\/wp-json\/wp\/v2\/product\/709790","targetHints":{"allow":["GET"]}}],"collection":[{"href":"https:\/\/roveyayinevi.com.tr\/index.php\/wp-json\/wp\/v2\/product"}],"about":[{"href":"https:\/\/roveyayinevi.com.tr\/index.php\/wp-json\/wp\/v2\/types\/product"}],"wp:attachment":[{"href":"https:\/\/roveyayinevi.com.tr\/index.php\/wp-json\/wp\/v2\/media?parent=709790"}],"wp:term":[{"taxonomy":"product_brand","embeddable":true,"href":"https:\/\/roveyayinevi.com.tr\/index.php\/wp-json\/wp\/v2\/product_brand?post=709790"},{"taxonomy":"product_cat","embeddable":true,"href":"https:\/\/roveyayinevi.com.tr\/index.php\/wp-json\/wp\/v2\/product_cat?post=709790"},{"taxonomy":"product_tag","embeddable":true,"href":"https:\/\/roveyayinevi.com.tr\/index.php\/wp-json\/wp\/v2\/product_tag?post=709790"}],"curies":[{"name":"wp","href":"https:\/\/api.w.org\/{rel}","templated":true}]}}