{"id":709786,"date":"2025-08-27T16:29:08","date_gmt":"2025-08-27T13:29:08","guid":{"rendered":"https:\/\/roveyayinevi.com.tr\/index.php\/urun\/senin-muhtesem-esnek-beynin\/"},"modified":"2026-04-16T02:18:43","modified_gmt":"2026-04-15T23:18:43","slug":"senin-muhtesem-esnek-beynin","status":"publish","type":"product","link":"https:\/\/roveyayinevi.com.tr\/index.php\/urun\/senin-muhtesem-esnek-beynin\/","title":{"rendered":"Senin Muhte\u015fem Esnek Beynin"},"content":{"rendered":"<p>Beynini esnetip b\u00fcy\u00fctebilece\u011fini biliyor muydun?Ya da hata yapman\u0131n beynin i\u00e7in en iyi \u00f6\u011frenme yollar\u0131ndan biri oldu\u011funu? Nas\u0131l a\u011f\u0131rl\u0131k kald\u0131rd\u0131\u011f\u0131nda kaslar\u0131n g\u00fc\u00e7leniyorsa, hi\u00e7 vazge\u00e7meden yeni \u015feyler denemek de beynini g\u00fc\u00e7lendirir. \u00d6rnek mi? \u0130lk kez havuzda y\u00fcz\u00fcn\u00fc suya sokma cesareti buldu\u011fun an\u0131 d\u00fc\u015f\u00fcn. Bir sonraki denemende beynin sana bu korkuyu yendi\u011fini hat\u0131rlatt\u0131 ve daha cesur davrand\u0131n, \u00f6yle de\u011fil mi?Beyin geli\u015fimi ve cinsiyet e\u015fitli\u011fi gibi alanlarda d\u00fcnyan\u0131n d\u00f6rt bir yan\u0131nda pek \u00e7ok okula dan\u0131\u015fmanl\u0131k veren Dr. JoAnn Deak\u2019in \u00f6nemli \u00f6d\u00fcllere lay\u0131k g\u00f6r\u00fclen kitab\u0131 Senin Muhte\u015fem Esnek Beynin, gen\u00e7 okurlara beynin anatomisi ve i\u015flevlerine e\u011flenceli ve merak uyand\u0131r\u0131c\u0131 bir giri\u015f sunuyor; beyinlerini geli\u015ftirmek ve E-S-N-E-T-M-E-K i\u00e7in neler yapabileceklerini g\u00f6steriyor.Nautilus Kitap \u00d6d\u00fcl\u00fc*Moonbeam \u00d6d\u00fcl\u00fc*Mom\u2019s Choice \u00d6d\u00fcl\u00fc*Next Generation Indie \u00d6d\u00fcl\u00fc Finalisti*Benjamin Franklin \u00d6d\u00fcl\u00fc*Parents\u2019 Choice \u00d6d\u00fcl\u00fc <\/p>\n","protected":false},"excerpt":{"rendered":"<p>Beynini esnetip b\u00fcy\u00fctebilece\u011fini biliyor muydun?Ya da hata yapman\u0131n beynin i\u00e7in en iyi \u00f6\u011frenme yollar\u0131ndan biri oldu\u011funu? Nas\u0131l a\u011f\u0131rl\u0131k kald\u0131rd\u0131\u011f\u0131nda kaslar\u0131n g\u00fc\u00e7leniyorsa, hi\u00e7 vazge\u00e7meden yeni \u015feyler denemek<span class=\"excerpt-hellip\"> [\u2026]<\/span><\/p>\n","protected":false},"featured_media":0,"template":"","meta":{"_monsterinsights_skip_tracking":false,"_monsterinsights_sitenote_active":false,"_monsterinsights_sitenote_note":"","_monsterinsights_sitenote_category":0},"product_brand":[],"product_cat":[12274,15842],"product_tag":[],"class_list":{"0":"post-709786","1":"product","2":"type-product","3":"status-publish","5":"product_cat-cocuk-ve-genclik-kitaplari","6":"product_cat-egitici-kitaplar","7":"pa_cilt-ciltsiz","8":"pa_tur-kitap","9":"pa_yayinevi-domingo-yayinevi","10":"pa_yazar-joann-deak","12":"first","13":"instock","14":"sale","15":"shipping-taxable","16":"purchasable","17":"product-type-simple"},"_links":{"self":[{"href":"https:\/\/roveyayinevi.com.tr\/index.php\/wp-json\/wp\/v2\/product\/709786","targetHints":{"allow":["GET"]}}],"collection":[{"href":"https:\/\/roveyayinevi.com.tr\/index.php\/wp-json\/wp\/v2\/product"}],"about":[{"href":"https:\/\/roveyayinevi.com.tr\/index.php\/wp-json\/wp\/v2\/types\/product"}],"wp:attachment":[{"href":"https:\/\/roveyayinevi.com.tr\/index.php\/wp-json\/wp\/v2\/media?parent=709786"}],"wp:term":[{"taxonomy":"product_brand","embeddable":true,"href":"https:\/\/roveyayinevi.com.tr\/index.php\/wp-json\/wp\/v2\/product_brand?post=709786"},{"taxonomy":"product_cat","embeddable":true,"href":"https:\/\/roveyayinevi.com.tr\/index.php\/wp-json\/wp\/v2\/product_cat?post=709786"},{"taxonomy":"product_tag","embeddable":true,"href":"https:\/\/roveyayinevi.com.tr\/index.php\/wp-json\/wp\/v2\/product_tag?post=709786"}],"curies":[{"name":"wp","href":"https:\/\/api.w.org\/{rel}","templated":true}]}}