{"id":709773,"date":"2025-08-27T16:29:02","date_gmt":"2025-08-27T13:29:02","guid":{"rendered":"https:\/\/roveyayinevi.com.tr\/index.php\/urun\/dokunma\/"},"modified":"2026-04-11T13:37:36","modified_gmt":"2026-04-11T10:37:36","slug":"dokunma","status":"publish","type":"product","link":"https:\/\/roveyayinevi.com.tr\/index.php\/urun\/dokunma\/","title":{"rendered":"Dokunma"},"content":{"rendered":"<p>Hangimizin yaralar\u0131 yok?Ac\u0131lar eskiyor ama eksilmiyor.Zamanla ge\u00e7miyor, zaman ge\u00e7iyor.Peki ama derdi tasas\u0131 bitmeyen d\u00fcnyada a\u015fk\u0131n rol\u00fc ne?Yoksa hayat\u0131n tek ger\u00e7e\u011fi mi?Onca ac\u0131mas\u0131zl\u0131k, vicdans\u0131zl\u0131k, insafs\u0131zl\u0131k, \u00e7irkinlik ve k\u00f6t\u00fcl\u00fck ta\u015f\u0131rken art\u0131k durmas\u0131 gerekti\u011fi halde d\u00f6nmeyi sakince s\u00fcrd\u00fcren d\u00fcnyada; g\u00f6zya\u015f\u0131n\u0131n ertesinin umut olmas\u0131 dile\u011fiyle&#8230; <\/p>\n","protected":false},"excerpt":{"rendered":"<p>Hangimizin yaralar\u0131 yok?Ac\u0131lar eskiyor ama eksilmiyor.Zamanla ge\u00e7miyor, zaman ge\u00e7iyor.Peki ama derdi tasas\u0131 bitmeyen d\u00fcnyada a\u015fk\u0131n rol\u00fc ne?Yoksa hayat\u0131n tek ger\u00e7e\u011fi mi?Onca ac\u0131mas\u0131zl\u0131k, vicdans\u0131zl\u0131k, insafs\u0131zl\u0131k, \u00e7irkinlik ve<span class=\"excerpt-hellip\"> [\u2026]<\/span><\/p>\n","protected":false},"featured_media":0,"template":"","meta":{"_monsterinsights_skip_tracking":false,"_monsterinsights_sitenote_active":false,"_monsterinsights_sitenote_note":"","_monsterinsights_sitenote_category":0},"product_brand":[],"product_cat":[12291,12711],"product_tag":[],"class_list":{"0":"post-709773","1":"product","2":"type-product","3":"status-publish","5":"product_cat-edebiyat","6":"product_cat-roman-oyku","7":"pa_cilt-ciltsiz","8":"pa_tur-kitap","9":"pa_yayinevi-bilgi-yayinevi","10":"pa_yazar-senay-akdemir","12":"first","13":"instock","14":"sale","15":"shipping-taxable","16":"purchasable","17":"product-type-simple"},"_links":{"self":[{"href":"https:\/\/roveyayinevi.com.tr\/index.php\/wp-json\/wp\/v2\/product\/709773","targetHints":{"allow":["GET"]}}],"collection":[{"href":"https:\/\/roveyayinevi.com.tr\/index.php\/wp-json\/wp\/v2\/product"}],"about":[{"href":"https:\/\/roveyayinevi.com.tr\/index.php\/wp-json\/wp\/v2\/types\/product"}],"wp:attachment":[{"href":"https:\/\/roveyayinevi.com.tr\/index.php\/wp-json\/wp\/v2\/media?parent=709773"}],"wp:term":[{"taxonomy":"product_brand","embeddable":true,"href":"https:\/\/roveyayinevi.com.tr\/index.php\/wp-json\/wp\/v2\/product_brand?post=709773"},{"taxonomy":"product_cat","embeddable":true,"href":"https:\/\/roveyayinevi.com.tr\/index.php\/wp-json\/wp\/v2\/product_cat?post=709773"},{"taxonomy":"product_tag","embeddable":true,"href":"https:\/\/roveyayinevi.com.tr\/index.php\/wp-json\/wp\/v2\/product_tag?post=709773"}],"curies":[{"name":"wp","href":"https:\/\/api.w.org\/{rel}","templated":true}]}}