{"id":709771,"date":"2025-08-27T16:29:01","date_gmt":"2025-08-27T13:29:01","guid":{"rendered":"https:\/\/roveyayinevi.com.tr\/index.php\/urun\/iktisadi-ve-siyasi-dusunecde-akil\/"},"modified":"2026-04-16T02:18:43","modified_gmt":"2026-04-15T23:18:43","slug":"iktisadi-ve-siyasi-dusunecde-akil","status":"publish","type":"product","link":"https:\/\/roveyayinevi.com.tr\/index.php\/urun\/iktisadi-ve-siyasi-dusunecde-akil\/","title":{"rendered":"\u0130ktisadi ve Siyasi D\u00fc\u015f\u00fcnecde Ak\u0131l"},"content":{"rendered":"<p>M\u00fcsl\u00fcman d\u00fcnya, ilk d\u00f6nem haricinde Kur\u2019an ve hadislerdeki hikmetin do\u011fru anla\u015f\u0131lmas\u0131 ve yorumlanmas\u0131nda yeterli \u00e7abay\u0131 g\u00f6sterememi\u015ftir. Bu y\u00fczden, M\u00fcsl\u00fcman zihni kendini yenileyememi\u015ftir. \u0130slam\u2019\u0131n verdi\u011fi ilkelere uygun ya\u015fayabilmek i\u00e7in Kur\u2019an-\u0131 Kerim\u2019in ve s\u00fcnnetin yeniden okunmas\u0131 gerekti\u011fi a\u015fik\u00e2rd\u0131r. Bu eserde, bu do\u011frultuda hareket eden \u0130mam M\u00e2tur\u00eed\u00ee\u2019nin, Hanefi-Maturidi \u00e7izgide iktisadi ve siyasi alandaki duru\u015funun ne oldu\u011fu Kur\u2019an ve s\u00fcnnet \u00f6nc\u00fcl\u00fc\u011f\u00fcnde anlat\u0131lmaktad\u0131r. Eserde, \u00f6zellikle g\u00fcn\u00fcm\u00fcz M\u00fcsl\u00fcmanlar\u0131n\u0131n iktisadi sorunlar\u0131ndan olan faiz, zek\u00e2t, vergi, kredi gibi konularda doyurucu bilgiler yer almaktad\u0131r. \ufffcTan\u0131t\u0131m Metni<\/p>\n","protected":false},"excerpt":{"rendered":"<p>M\u00fcsl\u00fcman d\u00fcnya, ilk d\u00f6nem haricinde Kur\u2019an ve hadislerdeki hikmetin do\u011fru anla\u015f\u0131lmas\u0131 ve yorumlanmas\u0131nda yeterli \u00e7abay\u0131 g\u00f6sterememi\u015ftir. Bu y\u00fczden, M\u00fcsl\u00fcman zihni kendini yenileyememi\u015ftir. \u0130slam\u2019\u0131n verdi\u011fi ilkelere uygun<span class=\"excerpt-hellip\"> [\u2026]<\/span><\/p>\n","protected":false},"featured_media":0,"template":"","meta":{"_monsterinsights_skip_tracking":false,"_monsterinsights_sitenote_active":false,"_monsterinsights_sitenote_note":"","_monsterinsights_sitenote_category":0},"product_brand":[],"product_cat":[12718,12719],"product_tag":[],"class_list":{"0":"post-709771","1":"product","2":"type-product","3":"status-publish","5":"product_cat-din","6":"product_cat-islam","7":"pa_cilt-ciltsiz","8":"pa_tur-kitap","9":"pa_yayinevi-otto-yayinlari","10":"pa_yazar-nihat-ergun","12":"first","13":"instock","14":"sale","15":"shipping-taxable","16":"purchasable","17":"product-type-simple"},"_links":{"self":[{"href":"https:\/\/roveyayinevi.com.tr\/index.php\/wp-json\/wp\/v2\/product\/709771","targetHints":{"allow":["GET"]}}],"collection":[{"href":"https:\/\/roveyayinevi.com.tr\/index.php\/wp-json\/wp\/v2\/product"}],"about":[{"href":"https:\/\/roveyayinevi.com.tr\/index.php\/wp-json\/wp\/v2\/types\/product"}],"wp:attachment":[{"href":"https:\/\/roveyayinevi.com.tr\/index.php\/wp-json\/wp\/v2\/media?parent=709771"}],"wp:term":[{"taxonomy":"product_brand","embeddable":true,"href":"https:\/\/roveyayinevi.com.tr\/index.php\/wp-json\/wp\/v2\/product_brand?post=709771"},{"taxonomy":"product_cat","embeddable":true,"href":"https:\/\/roveyayinevi.com.tr\/index.php\/wp-json\/wp\/v2\/product_cat?post=709771"},{"taxonomy":"product_tag","embeddable":true,"href":"https:\/\/roveyayinevi.com.tr\/index.php\/wp-json\/wp\/v2\/product_tag?post=709771"}],"curies":[{"name":"wp","href":"https:\/\/api.w.org\/{rel}","templated":true}]}}