{"id":709770,"date":"2025-08-27T16:29:01","date_gmt":"2025-08-27T13:29:01","guid":{"rendered":"https:\/\/roveyayinevi.com.tr\/index.php\/urun\/postmodern-cografyalar\/"},"modified":"2026-04-16T02:18:43","modified_gmt":"2026-04-15T23:18:43","slug":"postmodern-cografyalar","status":"publish","type":"product","link":"https:\/\/roveyayinevi.com.tr\/index.php\/urun\/postmodern-cografyalar\/","title":{"rendered":"Postmodern Co\u011frafyalar"},"content":{"rendered":"<p>Toplumsal bilimlerde \u201cmek\u00e2n\u201d uzun s\u00fcre tarihselcili\u011fin g\u00f6lgesinde kald\u0131. D\u00fc\u015f\u00fcn\u00fcrler hep tarihsel olana, s\u00fcre\u00e7lere odaklan\u0131p mek\u00e2n\u0131 yapay, ampirik d\u00fc\u015f\u00fcnceye ve diyalekti\u011fe ayk\u0131r\u0131 g\u00f6r\u00fcrken co\u011frafyac\u0131lar da kendi disiplinlerine saplan\u0131p kald\u0131lar. Postmodern Co\u011frafyalar\u2019da Edward W. Soja, mekan\u0131n ele\u015ftirel teoride yeniden boy g\u00f6sterme s\u00fcrecini ele alarak, bu s\u00fcre\u00e7teki tart\u0131\u015fmalar\u0131 g\u00f6zler \u00f6n\u00fcne seriyor. Foucault ve Lefebvre\u2019den Giddens ve Castells\u2019e dek yirminci y\u00fczy\u0131l\u0131n pek \u00e7ok d\u00fc\u015f\u00fcn\u00fcr\u00fcn\u00fcn co\u011frafya ve kent planlamas\u0131na bak\u0131\u015f\u0131n\u0131 inceleyen Soja, postmodern d\u00f6nemin co\u011frafi ve\u00e7hesine odaklanarak tarihi mutlakla\u015ft\u0131r\u0131p co\u011frafyay\u0131 geri plana iten yakla\u015f\u0131mlar\u0131n kapsaml\u0131 bir ele\u015ftirisini yap\u0131yor ve ele\u015ftirel toplumsal teoriyi mek\u00e2n\u0131 i\u00e7erecek bir kapasiteyle donat\u0131yor. Co\u011frafya disiplininin s\u0131n\u0131rlar\u0131n\u0131 a\u015fan bu \u00e7al\u0131\u015fmas\u0131nda Soja, Marksist co\u011frafyac\u0131lar\u0131n mek\u00e2n konusundaki eksiklerini irdelemenin yan\u0131 s\u0131ra toplumsal mek\u00e2na odaklanan kendi diyalektik d\u00fc\u015f\u00fcncesinin de temellerini at\u0131yor. Mek\u00e2n\u0131n zamanla ili\u015fkisinin kentsel teoriyi ne a\u00e7\u0131lardan derinle\u015ftirebilece\u011fi ve kent m\u00fccadelesinde ne t\u00fcr perspektifler sunabilece\u011fi \u00fczerine d\u00fc\u015f\u00fcnenler i\u00e7in. <\/p>\n","protected":false},"excerpt":{"rendered":"<p>Toplumsal bilimlerde \u201cmek\u00e2n\u201d uzun s\u00fcre tarihselcili\u011fin g\u00f6lgesinde kald\u0131. D\u00fc\u015f\u00fcn\u00fcrler hep tarihsel olana, s\u00fcre\u00e7lere odaklan\u0131p mek\u00e2n\u0131 yapay, ampirik d\u00fc\u015f\u00fcnceye ve diyalekti\u011fe ayk\u0131r\u0131 g\u00f6r\u00fcrken co\u011frafyac\u0131lar da kendi disiplinlerine<span class=\"excerpt-hellip\"> [\u2026]<\/span><\/p>\n","protected":false},"featured_media":0,"template":"","meta":{"_monsterinsights_skip_tracking":false,"_monsterinsights_sitenote_active":false,"_monsterinsights_sitenote_note":"","_monsterinsights_sitenote_category":0},"product_brand":[],"product_cat":[13590,12337],"product_tag":[],"class_list":{"0":"post-709770","1":"product","2":"type-product","3":"status-publish","5":"product_cat-arastirma-inceleme-politika-siyaset","6":"product_cat-politika-siyaset","7":"pa_cilt-ciltsiz","8":"pa_tur-kitap","9":"pa_yayinevi-sel-yayincilik","10":"pa_yazar-edward-w-soja","12":"first","13":"instock","14":"sale","15":"shipping-taxable","16":"purchasable","17":"product-type-simple"},"_links":{"self":[{"href":"https:\/\/roveyayinevi.com.tr\/index.php\/wp-json\/wp\/v2\/product\/709770","targetHints":{"allow":["GET"]}}],"collection":[{"href":"https:\/\/roveyayinevi.com.tr\/index.php\/wp-json\/wp\/v2\/product"}],"about":[{"href":"https:\/\/roveyayinevi.com.tr\/index.php\/wp-json\/wp\/v2\/types\/product"}],"wp:attachment":[{"href":"https:\/\/roveyayinevi.com.tr\/index.php\/wp-json\/wp\/v2\/media?parent=709770"}],"wp:term":[{"taxonomy":"product_brand","embeddable":true,"href":"https:\/\/roveyayinevi.com.tr\/index.php\/wp-json\/wp\/v2\/product_brand?post=709770"},{"taxonomy":"product_cat","embeddable":true,"href":"https:\/\/roveyayinevi.com.tr\/index.php\/wp-json\/wp\/v2\/product_cat?post=709770"},{"taxonomy":"product_tag","embeddable":true,"href":"https:\/\/roveyayinevi.com.tr\/index.php\/wp-json\/wp\/v2\/product_tag?post=709770"}],"curies":[{"name":"wp","href":"https:\/\/api.w.org\/{rel}","templated":true}]}}