{"id":709763,"date":"2025-08-27T16:28:57","date_gmt":"2025-08-27T13:28:57","guid":{"rendered":"https:\/\/roveyayinevi.com.tr\/index.php\/urun\/isim-ve-ben\/"},"modified":"2026-04-16T02:18:43","modified_gmt":"2026-04-15T23:18:43","slug":"isim-ve-ben","status":"publish","type":"product","link":"https:\/\/roveyayinevi.com.tr\/index.php\/urun\/isim-ve-ben\/","title":{"rendered":"\u0130\u015fim ve Ben"},"content":{"rendered":"<p>Meslek se\u00e7iminden \u00f6nce okunacak kitap&#8230;\u0130\u00e7imize sinen bir mesle\u011fi se\u00e7mek i\u00e7in nelerin fark\u0131nda olmal\u0131y\u0131z? D\u00f6rt y\u0131l \u00f6nce \u00fcniversiteye girerken meslek tercihini sizin istedi\u011finiz \u201ciyi\u201d bir b\u00f6l\u00fcmden yana yapm\u0131\u015f olan \u00e7ocu\u011funuzdan \u015f\u00f6yle bir mektup ald\u0131\u011f\u0131n\u0131z\u0131 hayal edin: \u201cD\u00f6rt y\u0131ld\u0131r ya\u015fad\u0131\u011f\u0131m\u0131 hissetmiyorum. Neyle u\u011fra\u015f\u0131yorum bilmiyorum. Sevmek istiyorum sevemiyorum\u2026 Mezun olduktan sonra e\u011fitimini ald\u0131\u011f\u0131m meslekte \u00e7al\u0131\u015fmak istemiyorum. Hangi i\u015fi yapmak istedi\u011fimi ise bilmiyorum. Hi\u00e7bir duygum net de\u011fil, i\u00e7erisi karmakar\u0131\u015f\u0131k\u2026\u201d B\u00f6yle bir mektup alan her anne-baban\u0131n i\u00e7i ac\u0131r. \u00c7ocuklar\u0131m\u0131z\u0131n \u201ciyi\u201d bir mesle\u011fe sahip olmas\u0131n\u0131 isteriz ama mutlu olmalar\u0131n\u0131 da isteriz.\u2022 Gelecekte \u201cke\u015fke\u201d dememek i\u00e7in, gen\u00e7ler meslek se\u00e7im s\u00fcrecinde nelerin fark\u0131nda olsun?\u2022 Bu se\u00e7imde gen\u00e7leri y\u00f6nlendiren anneler-babalar, rehber \u00f6\u011fretmenler nelerin fark\u0131nda olsun?\u2022 Mesle\u011finden ya da i\u015finden memnun olmay\u0131p, de\u011fi\u015ftirmek isteyenler nelerin fark\u0131nda olsun? <\/p>\n","protected":false},"excerpt":{"rendered":"<p>Meslek se\u00e7iminden \u00f6nce okunacak kitap&#8230;\u0130\u00e7imize sinen bir mesle\u011fi se\u00e7mek i\u00e7in nelerin fark\u0131nda olmal\u0131y\u0131z? D\u00f6rt y\u0131l \u00f6nce \u00fcniversiteye girerken meslek tercihini sizin istedi\u011finiz \u201ciyi\u201d bir b\u00f6l\u00fcmden yana<span class=\"excerpt-hellip\"> [\u2026]<\/span><\/p>\n","protected":false},"featured_media":0,"template":"","meta":{"_monsterinsights_skip_tracking":false,"_monsterinsights_sitenote_active":false,"_monsterinsights_sitenote_note":"","_monsterinsights_sitenote_category":0},"product_brand":[],"product_cat":[13043,19008],"product_tag":[],"class_list":{"0":"post-709763","1":"product","2":"type-product","3":"status-publish","5":"product_cat-ekonomi","6":"product_cat-yonetim","7":"pa_cilt-ciltsiz","8":"pa_tur-kitap","9":"pa_yayinevi-remzi-kitabevi","10":"pa_yazar-yildiz-hacievliyagil","12":"first","13":"instock","14":"sale","15":"shipping-taxable","16":"purchasable","17":"product-type-simple"},"_links":{"self":[{"href":"https:\/\/roveyayinevi.com.tr\/index.php\/wp-json\/wp\/v2\/product\/709763","targetHints":{"allow":["GET"]}}],"collection":[{"href":"https:\/\/roveyayinevi.com.tr\/index.php\/wp-json\/wp\/v2\/product"}],"about":[{"href":"https:\/\/roveyayinevi.com.tr\/index.php\/wp-json\/wp\/v2\/types\/product"}],"wp:attachment":[{"href":"https:\/\/roveyayinevi.com.tr\/index.php\/wp-json\/wp\/v2\/media?parent=709763"}],"wp:term":[{"taxonomy":"product_brand","embeddable":true,"href":"https:\/\/roveyayinevi.com.tr\/index.php\/wp-json\/wp\/v2\/product_brand?post=709763"},{"taxonomy":"product_cat","embeddable":true,"href":"https:\/\/roveyayinevi.com.tr\/index.php\/wp-json\/wp\/v2\/product_cat?post=709763"},{"taxonomy":"product_tag","embeddable":true,"href":"https:\/\/roveyayinevi.com.tr\/index.php\/wp-json\/wp\/v2\/product_tag?post=709763"}],"curies":[{"name":"wp","href":"https:\/\/api.w.org\/{rel}","templated":true}]}}