{"id":709758,"date":"2025-08-27T16:28:55","date_gmt":"2025-08-27T13:28:55","guid":{"rendered":"https:\/\/roveyayinevi.com.tr\/index.php\/urun\/ask-ozgurluk-tek-basinalik\/"},"modified":"2026-04-16T02:18:43","modified_gmt":"2026-04-15T23:18:43","slug":"ask-ozgurluk-tek-basinalik","status":"publish","type":"product","link":"https:\/\/roveyayinevi.com.tr\/index.php\/urun\/ask-ozgurluk-tek-basinalik\/","title":{"rendered":"A\u015fk \u00d6zg\u00fcrl\u00fck Tek Ba\u015f\u0131nal\u0131k"},"content":{"rendered":"<p>A\u015fk ba\u011fl\u0131l\u0131\u011fa d\u00f6n\u00fc\u015ft\u00fc\u011f\u00fc anda ili\u015fki haline gelir. A\u015fk taleplerde bulundu\u011fu anda hapishaneye benzer. \u00d6zg\u00fcrl\u00fc\u011f\u00fcn\u00fc elinden al\u0131r; g\u00f6klerde u\u00e7amazs\u0131n, kafeslenmi\u015fsindir. A\u015fk\u0131n \u00f6zg\u00fcrl\u00fck verici bir kalitede olmas\u0131 laz\u0131m, sana zincir vurmas\u0131 de\u011fil; sana kanat tak\u0131p m\u00fcmk\u00fcn oldu\u011funca y\u00fckseklere u\u00e7man\u0131 sa\u011flamas\u0131 laz\u0131m. Unutma, a\u015fk s\u0131n\u0131r tan\u0131maz. A\u015fk k\u0131skan\u00e7 olamaz, \u00e7\u00fcnk\u00fc a\u015fk sahiplenmez. Sevdi\u011fin i\u00e7in bir insan\u0131 sahiplendi\u011fin fikri \u00e7ok \u00e7irkin. Birisine sahipsin &#8211; bu demektir ki onu \u00f6ld\u00fcrd\u00fcn ve ticari bir mala d\u00f6n\u00fc\u015ft\u00fcrd\u00fcn. Sadece e\u015fyalara sahip olunur. A\u015fk \u00f6zg\u00fcrl\u00fck verir. Ger\u00e7ek a\u015fkta b\u00f6l\u00fcnme olmaz. Sevenler birbirinin i\u00e7ine erir. Sadece egoist\u00e7e a\u015fkta b\u00fcy\u00fck bir b\u00f6l\u00fcnme vard\u0131r, seven ve sevilen ayr\u0131l\u0131r. Ger\u00e7ek a\u015fkta ili\u015fki yoktur. \u00c7\u00fcnk\u00fc ili\u015fki kurulacak iki insan yoktur. Ger\u00e7ek a\u015fkta sadece sevgi olur, bir \u00e7i\u00e7ek a\u00e7ma, g\u00fczel bir koku, bir erime, bir birle\u015fme ya\u015fan\u0131r. Egoist\u00e7e a\u015fkta ise iki ki\u015fi vard\u0131r, seven ve sevilen. Ve ne zaman seven ile sevilen olsa a\u015fk yokolur. A\u015fk oldu\u011fu zaman seven ve sevilen birlikte a\u015fk\u0131n i\u00e7inde kaybolur. E\u011fer \u00f6zg\u00fcrl\u00fck ve a\u015fka sahip olursan ba\u015fka \u015feye ihtiyac\u0131n kalmaz. Elde etmi\u015fsindir -sana ya\u015fam i\u015fte bunun i\u00e7in verildi. Sevgilinin ni\u00e7in seninle olmak istemedi\u011fini anlamaya \u00e7al\u0131\u015f. Seni reddetti\u011finden de\u011fil -seni ne kadar \u00e7ok sevdi\u011fini biliyorsun, ama bazen yaln\u0131z kalmak istiyor. Sen de onu seviyorsan yaln\u0131z b\u0131rak\u0131rs\u0131n; ona i\u015fkence yapmazs\u0131n. Adam yaln\u0131z kalmak istiyorsa kad\u0131n, &#8220;Art\u0131k benimle ilgilenmiyor, belki de ba\u015fka bir kad\u0131na ilgi duyuyor&#8221; diye d\u00fc\u015f\u00fcnmez. Ak\u0131ll\u0131 e\u015f di\u011ferini yaln\u0131z b\u0131rak\u0131r ki tekrar kendini toplayabilsin, yeniden payla\u015facak enerjisi olsun. Ve bu ritim gece ve g\u00fcnd\u00fcz gibidir, yaz ve k\u0131\u015f gibi; de\u011fi\u015fir durur.<\/p>\n","protected":false},"excerpt":{"rendered":"<p>A\u015fk ba\u011fl\u0131l\u0131\u011fa d\u00f6n\u00fc\u015ft\u00fc\u011f\u00fc anda ili\u015fki haline gelir. A\u015fk taleplerde bulundu\u011fu anda hapishaneye benzer. \u00d6zg\u00fcrl\u00fc\u011f\u00fcn\u00fc elinden al\u0131r; g\u00f6klerde u\u00e7amazs\u0131n, kafeslenmi\u015fsindir. A\u015fk\u0131n \u00f6zg\u00fcrl\u00fck verici bir kalitede olmas\u0131 laz\u0131m,<span class=\"excerpt-hellip\"> [\u2026]<\/span><\/p>\n","protected":false},"featured_media":0,"template":"","meta":{"_monsterinsights_skip_tracking":false,"_monsterinsights_sitenote_active":false,"_monsterinsights_sitenote_note":"","_monsterinsights_sitenote_category":0},"product_brand":[],"product_cat":[12364,12376],"product_tag":[],"class_list":{"0":"post-709758","1":"product","2":"type-product","3":"status-publish","5":"product_cat-genel-konular","6":"product_cat-kisisel-gelisim","7":"pa_cilt-ciltsiz","8":"pa_tur-kitap","9":"pa_yayinevi-butik-yayinlari","10":"pa_yazar-osho","12":"first","13":"instock","14":"sale","15":"shipping-taxable","16":"purchasable","17":"product-type-simple"},"_links":{"self":[{"href":"https:\/\/roveyayinevi.com.tr\/index.php\/wp-json\/wp\/v2\/product\/709758","targetHints":{"allow":["GET"]}}],"collection":[{"href":"https:\/\/roveyayinevi.com.tr\/index.php\/wp-json\/wp\/v2\/product"}],"about":[{"href":"https:\/\/roveyayinevi.com.tr\/index.php\/wp-json\/wp\/v2\/types\/product"}],"wp:attachment":[{"href":"https:\/\/roveyayinevi.com.tr\/index.php\/wp-json\/wp\/v2\/media?parent=709758"}],"wp:term":[{"taxonomy":"product_brand","embeddable":true,"href":"https:\/\/roveyayinevi.com.tr\/index.php\/wp-json\/wp\/v2\/product_brand?post=709758"},{"taxonomy":"product_cat","embeddable":true,"href":"https:\/\/roveyayinevi.com.tr\/index.php\/wp-json\/wp\/v2\/product_cat?post=709758"},{"taxonomy":"product_tag","embeddable":true,"href":"https:\/\/roveyayinevi.com.tr\/index.php\/wp-json\/wp\/v2\/product_tag?post=709758"}],"curies":[{"name":"wp","href":"https:\/\/api.w.org\/{rel}","templated":true}]}}