{"id":709747,"date":"2025-08-27T16:28:49","date_gmt":"2025-08-27T13:28:49","guid":{"rendered":"https:\/\/roveyayinevi.com.tr\/index.php\/urun\/suriyeli-sorunu-oz-yurdumuzda-garibiz\/"},"modified":"2026-04-16T02:18:40","modified_gmt":"2026-04-15T23:18:40","slug":"suriyeli-sorunu-oz-yurdumuzda-garibiz","status":"publish","type":"product","link":"https:\/\/roveyayinevi.com.tr\/index.php\/urun\/suriyeli-sorunu-oz-yurdumuzda-garibiz\/","title":{"rendered":"Suriyeli Sorunu &#8211; \u00d6z Yurdumuzda Garibiz"},"content":{"rendered":"<p>Siz hi\u00e7 \u00fclkesi i\u015fgal alt\u0131nda diye ba\u015fka \u00fclkelere s\u0131\u011f\u0131nan bir T\u00fcrk g\u00f6rd\u00fcn\u00fcz m\u00fc? G\u00f6remezsiniz&#8230;              Peki \u00f6z annesini ve bac\u0131s\u0131n\u0131 6 \u00e7ocuklu bir kad\u0131n\u0131n \u00fcst\u00fcne ikinci ve \u00fc\u00e7\u00fcnc\u00fc e\u015f olarak kuma g\u00f6nderdi\u011fini duydunuz mu? Duyamazs\u0131n\u0131z!                   Ama kendi \u00fclkelerinde ki sava\u015ftan ka\u00e7\u0131p bizim \u00fclkemizdeki Fet\u00f6c\u00fc kalk\u0131\u015fmada \u201cgazi\u201d oldu\u011fu i\u00e7in T\u00fcrk Vatanda\u015fl\u0131\u011f\u0131 ile \u00f6d\u00fcllendirilen Suriyeleri duymu\u015f olmal\u0131s\u0131n\u0131z.                                           Kendi yak\u0131nlar\u0131, soyda\u015flar\u0131 hatta belki de anneleri ve bac\u0131lar\u0131n\u0131 ayn\u0131 adama ikinci ve \u00fc\u00e7\u00fcnc\u00fc e\u015f olarak veren Suriyelilerin s\u0131\u011f\u0131nd\u0131klar\u0131 \u00fclkede, ma\u011fazalar\u0131n vitrinlerindeki foto\u011fraflar\u0131 \u201cahlak d\u0131\u015f\u0131\u201d buldu\u011fu i\u00e7in cam \u00e7er\u00e7eve indirdiklerini de&#8230;                                            Bu kitapta Ba\u015fbakan Binali Y\u0131ld\u0131r\u0131m\u2019\u0131n, H\u00fck\u00fcmet S\u00f6zc\u00fcs\u00fc Numan Kurtulmu\u015f\u2019un da yanl\u0131\u015f buldu\u011fu Suriye politikalar\u0131n\u0131n \u00e7arp\u0131k, adaletsiz, sapk\u0131n sonu\u00e7lar\u0131n\u0131 okuyacak, deyim yerindeyse T\u00fcrkiye\u2019de Suriyeli olmad\u0131\u011f\u0131n\u0131z i\u00e7in hay\u0131flanacak, isyan edeceksiniz.                                           Kendi \u00fclkemizde kuru ekme\u011fe muhta\u00e7 milyonlar dururken Suriyelilerin her ay d\u00fczenli olarak maa\u015f ald\u0131\u011f\u0131n\u0131&#8230;                                           Kendi \u00e7ocuklar\u0131m\u0131z 5 dakika ge\u00e7 kald\u0131\u011f\u0131 i\u00e7in s\u0131nava al\u0131nmazken Suriyelilerin s\u0131navs\u0131z kay\u0131t yapt\u0131rd\u0131\u011f\u0131n\u0131&#8230;                                           Kendi esnaf\u0131m\u0131z vergi y\u00fck\u00fc alt\u0131nda ezilirken Suriyelilerin 5 kuru\u015f vergi \u00f6demeden esnafl\u0131k yapt\u0131klar\u0131n\u0131 ve daha neler neler&#8230; <\/p>\n","protected":false},"excerpt":{"rendered":"<p>Siz hi\u00e7 \u00fclkesi i\u015fgal alt\u0131nda diye ba\u015fka \u00fclkelere s\u0131\u011f\u0131nan bir T\u00fcrk g\u00f6rd\u00fcn\u00fcz m\u00fc? G\u00f6remezsiniz&#8230; Peki \u00f6z annesini ve bac\u0131s\u0131n\u0131 6 \u00e7ocuklu bir kad\u0131n\u0131n \u00fcst\u00fcne ikinci ve<span class=\"excerpt-hellip\"> [\u2026]<\/span><\/p>\n","protected":false},"featured_media":0,"template":"","meta":{"_monsterinsights_skip_tracking":false,"_monsterinsights_sitenote_active":false,"_monsterinsights_sitenote_note":"","_monsterinsights_sitenote_category":0},"product_brand":[],"product_cat":[13590,12337],"product_tag":[],"class_list":{"0":"post-709747","1":"product","2":"type-product","3":"status-publish","5":"product_cat-arastirma-inceleme-politika-siyaset","6":"product_cat-politika-siyaset","7":"pa_cilt-ciltsiz","8":"pa_tur-kitap","9":"pa_yayinevi-altayli-yayinlari","10":"pa_yazar-bekir-ozturk","12":"first","13":"instock","14":"sale","15":"shipping-taxable","16":"purchasable","17":"product-type-simple"},"_links":{"self":[{"href":"https:\/\/roveyayinevi.com.tr\/index.php\/wp-json\/wp\/v2\/product\/709747","targetHints":{"allow":["GET"]}}],"collection":[{"href":"https:\/\/roveyayinevi.com.tr\/index.php\/wp-json\/wp\/v2\/product"}],"about":[{"href":"https:\/\/roveyayinevi.com.tr\/index.php\/wp-json\/wp\/v2\/types\/product"}],"wp:attachment":[{"href":"https:\/\/roveyayinevi.com.tr\/index.php\/wp-json\/wp\/v2\/media?parent=709747"}],"wp:term":[{"taxonomy":"product_brand","embeddable":true,"href":"https:\/\/roveyayinevi.com.tr\/index.php\/wp-json\/wp\/v2\/product_brand?post=709747"},{"taxonomy":"product_cat","embeddable":true,"href":"https:\/\/roveyayinevi.com.tr\/index.php\/wp-json\/wp\/v2\/product_cat?post=709747"},{"taxonomy":"product_tag","embeddable":true,"href":"https:\/\/roveyayinevi.com.tr\/index.php\/wp-json\/wp\/v2\/product_tag?post=709747"}],"curies":[{"name":"wp","href":"https:\/\/api.w.org\/{rel}","templated":true}]}}