{"id":709736,"date":"2025-08-27T16:28:44","date_gmt":"2025-08-27T13:28:44","guid":{"rendered":"https:\/\/roveyayinevi.com.tr\/index.php\/urun\/turk-sinemasinda-dijital-donusum\/"},"modified":"2026-04-16T02:18:40","modified_gmt":"2026-04-15T23:18:40","slug":"turk-sinemasinda-dijital-donusum","status":"publish","type":"product","link":"https:\/\/roveyayinevi.com.tr\/index.php\/urun\/turk-sinemasinda-dijital-donusum\/","title":{"rendered":"T\u00fcrk Sinemas\u0131nda Dijital D\u00f6n\u00fc\u015f\u00fcm"},"content":{"rendered":"<p>Ferhat Zengin\u2019in haz\u0131rlad\u0131\u011f\u0131 bu kitap, T\u00fcrkiye sinema end\u00fcstrisinin dijital teknolojiyle eklemlenmesinin tarihsel bir g\u00f6r\u00fcn\u00fcm\u00fcn\u00fc sergilemekte, dijitalle\u015fmenin potansiyellerini tart\u0131\u015fmaktad\u0131r. T\u00fcrk Sinemas\u0131nda 2000 y\u0131llar\u0131nda ya\u015fanan durgunlu\u011fun ard\u0131ndan teknolojik yenilenme ve sinemaya verilen deste\u011finin sonucunda T\u00fcrk sinemas\u0131nda \u00fcretilen filmlerin neredeyse tamam\u0131 dijital kameralarla \u00e7ekilmi\u015f, film g\u00f6sterim salonlar\u0131 da h\u0131zla dijitale d\u00f6n\u00fc\u015fm\u00fc\u015ft\u00fcr. Yap\u0131mc\u0131-y\u00f6netmen say\u0131s\u0131nda art\u0131\u015flar olmu\u015f, yerli film yap\u0131m say\u0131s\u0131 ve sinema izleyicisi say\u0131s\u0131 ve dolay\u0131s\u0131yla film has\u0131latlar\u0131 artm\u0131\u015ft\u0131r. Film \u00fcretim maliyetlerinin dijital teknolojiyle birlikte azalmas\u0131, fiziksel altyap\u0131n\u0131n eri\u015filebilir olmas\u0131yla birlikte yeni ve gen\u00e7 y\u00f6netmenler ilk filmlerini dijital ortamda \u00e7ekmi\u015flerdir. Da\u011f\u0131t\u0131m a\u00e7\u0131s\u0131ndan k\u00fc\u00e7\u00fck b\u00fct\u00e7eli, yerli da\u011f\u0131t\u0131m \u015firketlerinin say\u0131s\u0131n\u0131n artt\u0131\u011f\u0131n\u0131, g\u00f6sterim olanaklar\u0131n\u0131n da \u00e7e\u015fitlendi\u011fini ortaya koyan ara\u015ft\u0131rma, klasik sinema salonlar\u0131n\u0131n yerine yeni g\u00f6sterim merkezlerinin ortaya \u00e7\u0131kt\u0131\u011f\u0131n\u0131, g\u00f6sterimin kolayla\u015ft\u0131\u011f\u0131n\u0131, bir bilgisayar ve perde ile her mekan\u0131n g\u00f6sterim alan\u0131na d\u00f6n\u00fc\u015ft\u00fc\u011f\u00fcn\u00fc belirtmektedir. Sinemada dijital teknolojinin a\u00e7t\u0131\u011f\u0131 olanaklar\u0131 bir radikal d\u00f6n\u00fc\u015f\u00fcm de\u011fil, bir s\u00fcreklilik olarak ele almak gerekmektedir. Bu ba\u011flamda yazar T\u00fcrk Sinemas\u0131nda dijitalle\u015fmenin olanaklar\u0131n\u0131 ve dezavantajlar\u0131n\u0131 teknolojik belirleyicilik yan\u0131lg\u0131s\u0131na d\u00fc\u015fmeden disiplinleraras\u0131 bir perpsepktifle ele almaktad\u0131r. Kitap T\u00fcrk Sinemas\u0131n\u0131n 2011-2015 tarihleri aras\u0131ndaki durumuna ili\u015fkin olgusal verileri ortaya \u00e7\u0131karan ve bu alanda yap\u0131lan ilk ara\u015ft\u0131rmalardan biri olmas\u0131 nedeniyle bundan sonra yap\u0131lacak ara\u015ft\u0131rmalar i\u00e7in ba\u015fvuru kayna\u011f\u0131 niteli\u011fini ta\u015f\u0131maktad\u0131r. <\/p>\n","protected":false},"excerpt":{"rendered":"<p>Ferhat Zengin\u2019in haz\u0131rlad\u0131\u011f\u0131 bu kitap, T\u00fcrkiye sinema end\u00fcstrisinin dijital teknolojiyle eklemlenmesinin tarihsel bir g\u00f6r\u00fcn\u00fcm\u00fcn\u00fc sergilemekte, dijitalle\u015fmenin potansiyellerini tart\u0131\u015fmaktad\u0131r. T\u00fcrk Sinemas\u0131nda 2000 y\u0131llar\u0131nda ya\u015fanan durgunlu\u011fun ard\u0131ndan teknolojik<span class=\"excerpt-hellip\"> [\u2026]<\/span><\/p>\n","protected":false},"featured_media":0,"template":"","meta":{"_monsterinsights_skip_tracking":false,"_monsterinsights_sitenote_active":false,"_monsterinsights_sitenote_note":"","_monsterinsights_sitenote_category":0},"product_brand":[],"product_cat":[12409,12408],"product_tag":[],"class_list":{"0":"post-709736","1":"product","2":"type-product","3":"status-publish","5":"product_cat-fotograf-sinema-tiyatro","6":"product_cat-sanat","7":"pa_cilt-ciltsiz","8":"pa_tur-kitap","9":"pa_yayinevi-kalkedon-yayincilik","10":"pa_yazar-ferhat-zengin","12":"first","13":"instock","14":"sale","15":"shipping-taxable","16":"purchasable","17":"product-type-simple"},"_links":{"self":[{"href":"https:\/\/roveyayinevi.com.tr\/index.php\/wp-json\/wp\/v2\/product\/709736","targetHints":{"allow":["GET"]}}],"collection":[{"href":"https:\/\/roveyayinevi.com.tr\/index.php\/wp-json\/wp\/v2\/product"}],"about":[{"href":"https:\/\/roveyayinevi.com.tr\/index.php\/wp-json\/wp\/v2\/types\/product"}],"wp:attachment":[{"href":"https:\/\/roveyayinevi.com.tr\/index.php\/wp-json\/wp\/v2\/media?parent=709736"}],"wp:term":[{"taxonomy":"product_brand","embeddable":true,"href":"https:\/\/roveyayinevi.com.tr\/index.php\/wp-json\/wp\/v2\/product_brand?post=709736"},{"taxonomy":"product_cat","embeddable":true,"href":"https:\/\/roveyayinevi.com.tr\/index.php\/wp-json\/wp\/v2\/product_cat?post=709736"},{"taxonomy":"product_tag","embeddable":true,"href":"https:\/\/roveyayinevi.com.tr\/index.php\/wp-json\/wp\/v2\/product_tag?post=709736"}],"curies":[{"name":"wp","href":"https:\/\/api.w.org\/{rel}","templated":true}]}}