{"id":709726,"date":"2025-08-27T16:28:39","date_gmt":"2025-08-27T13:28:39","guid":{"rendered":"https:\/\/roveyayinevi.com.tr\/index.php\/urun\/2001-eski-turkiyenin-son-hali\/"},"modified":"2026-04-16T02:18:40","modified_gmt":"2026-04-15T23:18:40","slug":"2001-eski-turkiyenin-son-hali","status":"publish","type":"product","link":"https:\/\/roveyayinevi.com.tr\/index.php\/urun\/2001-eski-turkiyenin-son-hali\/","title":{"rendered":"2001 Eski T\u00fcrkiye&#8217;nin Son Hali"},"content":{"rendered":"<p>\u201cT\u00fcrkiye nas\u0131l de\u011fi\u015fti? Baz\u0131 \u015feyler nas\u0131l da hi\u00e7 de\u011fi\u015fmemi\u015f? Her \u015fey ba\u015fka t\u00fcrl\u00fc olabilir miydi? Ve tabii as\u0131l soru: Biz buraya nereden geldik?\u201d Mirg\u00fcn Cabas, 2001\u2019in, Eski T\u00fcrkiye\u2019nin son y\u0131l\u0131n\u0131n hik\u00e2yesini anlat\u0131yor. \u00d6nce iktidar\u0131n, sonra d\u00fczenin, nihayetinde rejimin de\u011fi\u015fti\u011fi bir s\u00fcrecin s\u0131f\u0131r noktas\u0131nda ne vard\u0131? Masadan havalan\u0131p krize konan anayasa kitap\u00e7\u0131\u011f\u0131\u2026 Ba\u015fbakanl\u0131k \u00f6n\u00fcnde s\u0131raya giren protestocular\u2026 Banka enkazlar\u0131 vard\u0131. First class ka\u00e7\u0131p ekonomi s\u0131n\u0131f\u0131nda polislerin aras\u0131nda geri getirilen i\u015fadamlar\u0131\u2026 \u0130simlerinden fal tutulan yolsuzluk operasyonlar\u0131\u2026 Piyasalar\u0131n g\u00f6revden ald\u0131\u011f\u0131 bakanlar\u2026 \u201cBa\u015fbakan sa\u011fl\u0131ks\u0131z m\u0131 yoksa sadece bak\u0131ms\u0131z m\u0131?\u201d tart\u0131\u015fmalar\u0131 vard\u0131. T\u00dcS\u0130AD\u2019\u0131n her konuda fikrinin oldu\u011fu ve bunlar\u0131 a\u00e7\u0131klayabildi\u011fi g\u00fcnler\u2026 \u201cTek ki\u015fi partisi olmayaca\u011f\u0131z,\u201d diyen AKP\u2019nin Anayasa Mahkemesi sayesinde \u201cnormal do\u011fum\u201dla d\u00fcnyaya geli\u015fi\u2026 Askerlerin siyaset\u00e7ilere bitmeyen kini&#8230;   T\u00fcm bunlar\u0131n aras\u0131ndan uzayl\u0131ya ta\u015f atan k\u00f6yl\u00fc, \u0130talya\u2019ya Fiorentina biletiyle gidip Milan \u00fczerinden d\u00f6nen Fatih Terim, \u201cprofes\u00f6r\u201d lakapl\u0131 kapka\u00e7\u00e7\u0131lar, konuklar\u0131na, \u201cEfendim siz \u015farlatan m\u0131s\u0131n\u0131z?\u201d diye soran anchorman\u2019ler, mallar\u0131n\u0131 kar\u0131lar\u0131yla payla\u015fmak istemeyen ama dondurulmu\u015f embriyoya miras b\u0131rakma pe\u015findeki milletvekilleri, \u00d6*calan\u2019\u0131 \u0130mral\u0131\u2019dan ka\u00e7\u0131rma teklifini reddeden P,K,K,\u2019l\u0131lar,  cezaevinde kafa kesen \u00e7eteciler bize bak\u0131yor. Akt\u00f6rlerinin ve tan\u0131klar\u0131n\u0131n da katk\u0131lar\u0131yla 31 k\u0131s\u0131m tekmili birden, Eski T\u00fcrkiye\u2019nin yo\u011fun bak\u0131mdaki g\u00fcnlerinin hik\u00e2yesi\u2026 <\/p>\n","protected":false},"excerpt":{"rendered":"<p>\u201cT\u00fcrkiye nas\u0131l de\u011fi\u015fti? Baz\u0131 \u015feyler nas\u0131l da hi\u00e7 de\u011fi\u015fmemi\u015f? Her \u015fey ba\u015fka t\u00fcrl\u00fc olabilir miydi? Ve tabii as\u0131l soru: Biz buraya nereden geldik?\u201d Mirg\u00fcn Cabas, 2001\u2019in,<span class=\"excerpt-hellip\"> [\u2026]<\/span><\/p>\n","protected":false},"featured_media":0,"template":"","meta":{"_monsterinsights_skip_tracking":false,"_monsterinsights_sitenote_active":false,"_monsterinsights_sitenote_note":"","_monsterinsights_sitenote_category":0},"product_brand":[],"product_cat":[13590,12337],"product_tag":[],"class_list":{"0":"post-709726","1":"product","2":"type-product","3":"status-publish","5":"product_cat-arastirma-inceleme-politika-siyaset","6":"product_cat-politika-siyaset","7":"pa_cilt-ciltsiz","8":"pa_tur-kitap","9":"pa_yayinevi-can-yayinlari","10":"pa_yazar-mirgun-cabas","12":"first","13":"instock","14":"sale","15":"shipping-taxable","16":"purchasable","17":"product-type-simple"},"_links":{"self":[{"href":"https:\/\/roveyayinevi.com.tr\/index.php\/wp-json\/wp\/v2\/product\/709726","targetHints":{"allow":["GET"]}}],"collection":[{"href":"https:\/\/roveyayinevi.com.tr\/index.php\/wp-json\/wp\/v2\/product"}],"about":[{"href":"https:\/\/roveyayinevi.com.tr\/index.php\/wp-json\/wp\/v2\/types\/product"}],"wp:attachment":[{"href":"https:\/\/roveyayinevi.com.tr\/index.php\/wp-json\/wp\/v2\/media?parent=709726"}],"wp:term":[{"taxonomy":"product_brand","embeddable":true,"href":"https:\/\/roveyayinevi.com.tr\/index.php\/wp-json\/wp\/v2\/product_brand?post=709726"},{"taxonomy":"product_cat","embeddable":true,"href":"https:\/\/roveyayinevi.com.tr\/index.php\/wp-json\/wp\/v2\/product_cat?post=709726"},{"taxonomy":"product_tag","embeddable":true,"href":"https:\/\/roveyayinevi.com.tr\/index.php\/wp-json\/wp\/v2\/product_tag?post=709726"}],"curies":[{"name":"wp","href":"https:\/\/api.w.org\/{rel}","templated":true}]}}