{"id":709724,"date":"2025-08-27T16:28:38","date_gmt":"2025-08-27T13:28:38","guid":{"rendered":"https:\/\/roveyayinevi.com.tr\/index.php\/urun\/insan-nasil-kurtulur\/"},"modified":"2026-04-16T02:18:40","modified_gmt":"2026-04-15T23:18:40","slug":"insan-nasil-kurtulur","status":"publish","type":"product","link":"https:\/\/roveyayinevi.com.tr\/index.php\/urun\/insan-nasil-kurtulur\/","title":{"rendered":"\u0130nsan Nas\u0131l Kurtulur?"},"content":{"rendered":"<p>Molla Sadr\u00e2 olarak tan\u0131nan Sadreddin \u015e\u00eer\u00e2z\u00ee\u2019ye g\u00f6re, Allah yery\u00fcz\u00fcn\u00fc insan-\u0131 k\u00e2milin mek\u00e2n\u0131 k\u0131lm\u0131\u015ft\u0131r. Peki insan kendini, \u00e2lemi ve Yaradan&#8217;\u0131 nas\u0131l bilmeli, anlamal\u0131d\u0131r? Bu temel soru ekseninde d\u00f6rt b\u00f6l\u00fcmden olu\u015fan kitab\u0131n ilk b\u00f6l\u00fcm\u00fc bilimlerin nicelikleri ve tasnifi hakk\u0131ndad\u0131r. \u0130kincisi bilgi ve hikmetin mah\u00e2lli olan \u015fey, yani insan\u0131n h\u00fcviyeti hakk\u0131ndad\u0131r. \u00dc\u00e7\u00fcnc\u00fcs\u00fc bu h\u00fcviyetin ba\u015flang\u0131\u00e7lar\u0131n\u0131n bilinmesi hakk\u0131ndad\u0131r. D\u00f6rd\u00fcnc\u00fc b\u00f6l\u00fcm ise bu h\u00fcviyetin as\u0131l gayesinin bilinmesi hakk\u0131ndad\u0131r. Bu gaye en y\u00fcce ama\u00e7t\u0131r. \u0130nsan\u0131n kurtulu\u015fu da tam buradad\u0131r! 1571-1636 y\u0131llar\u0131 aras\u0131nda ya\u015fam\u0131\u015f \u0130ranl\u0131 \u0130slam filozofu Sadreddin \u015e\u00eer\u00e2z\u00ee\u2019nin (Molla Sadr\u00e2) \u0130nsan Nas\u0131l Kurtulur? ba\u015fl\u0131kl\u0131 kitab\u0131, Hayykitap TASAVVUF\/Sufi Klasikler kategorisinden yay\u0131mland\u0131. Sadreddin \u015e\u00eer\u00e2z\u00ee, ak\u0131lc\u0131l\u0131kla sezgicili\u011fi bir araya getirerek Hikmet&#8217;ul Mutealiye (A\u015fk\u0131n Hikmet) ekol\u00fcn\u00fc kurmu\u015ftur. \u015e\u00eer\u00e2z\u00ee\u2019nin felsefesi \u0130bn-i Sina Me\u015f\u015faili\u011fi, S\u00fchreverdi&#8217;nin \u0130\u015fraki felsefesi, Muhyiddin Arabi&#8217;nin Nazari \u0130rfan ekol\u00fc ve Oniki \u0130mam \u015eiili\u011fi&#8217;nden etkilenmi\u015ftir. Eserlerinde \u0130slam d\u00fc\u015f\u00fcnce d\u00fcnyas\u0131ndaki ak\u0131lc\u0131, sezgici, nas ekollerini farkl\u0131 bir sentezde bir araya getirmeye \u00e7al\u0131\u015fm\u0131\u015ft\u0131r. Bu kitapta Sadreddin \u015e\u00eer\u00e2z\u00ee, nur ve zulmetten yarat\u0131lm\u0131\u015f insan\u0131n zat\u0131n\u0131, d\u00fcnyevi ve ruhani varl\u0131\u011f\u0131n\u0131n k\u0131s\u0131mlar\u0131n\u0131, nitelikleri ve ilkeleriyle s\u0131n\u0131fland\u0131r\u0131lmas\u0131n\u0131, k\u0131yaslanmas\u0131n\u0131, maddi ve ruhani \u00f6zelliklerini, kemalini ve nihayet kalb\u00ee hayat\u0131 konusundaki hakikatini ara\u015ft\u0131r\u0131yor. \u015e\u00eer\u00e2z\u00ee, bu kitab\u0131nda felsefenin temel sorular\u0131yla insan\u0131n yery\u00fcz\u00fcndeki varl\u0131\u011f\u0131n\u0131, bu varl\u0131\u011f\u0131n niteli\u011fini, Allah kar\u015f\u0131s\u0131ndaki konumunu ve nihai amac\u0131n\u0131 ele al\u0131yor. Tasavvufun ana konular\u0131ndan biri olan nefsi derinlemesine ve b\u00fct\u00fcn katlar\u0131yla ele alan \u015e\u00eer\u00e2z\u00ee\u2019nin inceledi\u011fi konular aras\u0131nda, zaman ve mek\u00e2n kavram\u0131, insan\u0131n varl\u0131\u011f\u0131n\u0131n ba\u015flang\u0131c\u0131, iblis ve \u015feytan\u0131n mahiyeti, \u015feytan\u0131n yarat\u0131lmas\u0131ndaki hikmet, ger\u00e7ek mutlulu\u011fun asl\u0131 ve ger\u00e7ek bedbahtl\u0131\u011f\u0131n asl\u0131, \u00f6l\u00fcm\u00fcn mahiyeti, ma\u011ffiretin anlam\u0131 ve kullar\u0131na vaad etti\u011fi ve m\u00fcjdeledi\u011fi \u00fczere Allah\u2019\u0131n fazl\u0131ndan bu ma\u011ffiretin tahakkuku, insan nefsinin varl\u0131kta kendi z\u00e2t\u0131yla k\u0131y\u00e2m\u0131 gibi ba\u015fl\u0131klar yer al\u0131yor. <\/p>\n","protected":false},"excerpt":{"rendered":"<p>Molla Sadr\u00e2 olarak tan\u0131nan Sadreddin \u015e\u00eer\u00e2z\u00ee\u2019ye g\u00f6re, Allah yery\u00fcz\u00fcn\u00fc insan-\u0131 k\u00e2milin mek\u00e2n\u0131 k\u0131lm\u0131\u015ft\u0131r. Peki insan kendini, \u00e2lemi ve Yaradan&#8217;\u0131 nas\u0131l bilmeli, anlamal\u0131d\u0131r? Bu temel soru ekseninde<span class=\"excerpt-hellip\"> [\u2026]<\/span><\/p>\n","protected":false},"featured_media":0,"template":"","meta":{"_monsterinsights_skip_tracking":false,"_monsterinsights_sitenote_active":false,"_monsterinsights_sitenote_note":"","_monsterinsights_sitenote_category":0},"product_brand":[],"product_cat":[12718,12719,15238],"product_tag":[],"class_list":{"0":"post-709724","1":"product","2":"type-product","3":"status-publish","5":"product_cat-din","6":"product_cat-islam","7":"product_cat-tasavvuf","8":"pa_cilt-ciltsiz","9":"pa_tur-kitap","10":"pa_yayinevi-hayykitap","11":"pa_yazar-sadreddin-sirazi","13":"first","14":"instock","15":"sale","16":"shipping-taxable","17":"purchasable","18":"product-type-simple"},"_links":{"self":[{"href":"https:\/\/roveyayinevi.com.tr\/index.php\/wp-json\/wp\/v2\/product\/709724","targetHints":{"allow":["GET"]}}],"collection":[{"href":"https:\/\/roveyayinevi.com.tr\/index.php\/wp-json\/wp\/v2\/product"}],"about":[{"href":"https:\/\/roveyayinevi.com.tr\/index.php\/wp-json\/wp\/v2\/types\/product"}],"wp:attachment":[{"href":"https:\/\/roveyayinevi.com.tr\/index.php\/wp-json\/wp\/v2\/media?parent=709724"}],"wp:term":[{"taxonomy":"product_brand","embeddable":true,"href":"https:\/\/roveyayinevi.com.tr\/index.php\/wp-json\/wp\/v2\/product_brand?post=709724"},{"taxonomy":"product_cat","embeddable":true,"href":"https:\/\/roveyayinevi.com.tr\/index.php\/wp-json\/wp\/v2\/product_cat?post=709724"},{"taxonomy":"product_tag","embeddable":true,"href":"https:\/\/roveyayinevi.com.tr\/index.php\/wp-json\/wp\/v2\/product_tag?post=709724"}],"curies":[{"name":"wp","href":"https:\/\/api.w.org\/{rel}","templated":true}]}}