{"id":709722,"date":"2025-08-27T16:28:37","date_gmt":"2025-08-27T13:28:37","guid":{"rendered":"https:\/\/roveyayinevi.com.tr\/index.php\/urun\/av-donencesi-kirmizi-baslikli-kiz\/"},"modified":"2026-04-16T02:18:39","modified_gmt":"2026-04-15T23:18:39","slug":"av-donencesi-kirmizi-baslikli-kiz","status":"publish","type":"product","link":"https:\/\/roveyayinevi.com.tr\/index.php\/urun\/av-donencesi-kirmizi-baslikli-kiz\/","title":{"rendered":"Av D\u00f6nencesi &#8211; K\u0131rm\u0131z\u0131 Ba\u015fl\u0131kl\u0131 K\u0131z"},"content":{"rendered":"<p>Kavurucu r\u00fczg\u00e2rlar estiren bir k\u0131\u015f masal\u0131\u2026Ailesi ve ni\u015fanl\u0131s\u0131yla gitti\u011fi kampta kurtlar\u0131n sald\u0131r\u0131s\u0131na u\u011frayan Ada\u2019n\u0131n hayat\u0131 yanl\u0131\u015f bir patikaya sapm\u0131\u015ft\u0131. T\u00fcm sevdikleri \u00f6ld\u00fcr\u00fcl\u00fcrken kendisinin kurtulmas\u0131n\u0131 bir \u015fans olarak g\u00f6renlerin aksine Ada as\u0131l cezan\u0131n hayatta kalmak oldu\u011funu d\u00fc\u015f\u00fcn\u00fcyordu.Kanada\u2019ya yapt\u0131\u011f\u0131 yolculukta ge\u00e7mi\u015fini arkada b\u0131rakmak isterken asl\u0131nda ona do\u011fru s\u00fcr\u00fcklendi\u011finden habersizdi. Kurtlar\u0131n hayat\u0131na girmi\u015f, onlar\u0131 tan\u0131m\u0131\u015f ve fark\u0131na varmaks\u0131z\u0131n bir par\u00e7alar\u0131 haline d\u00f6n\u00fc\u015fmeye ba\u015flam\u0131\u015ft\u0131. Sadece kurtlar\u0131 de\u011fil, kendisini de ke\u015ffederken bir daha asla ya\u015fayamayaca\u011f\u0131n\u0131 d\u00fc\u015f\u00fcnd\u00fc\u011f\u00fc tutkular\u0131 da pe\u015finden s\u00fcr\u00fcklenmi\u015fti.Kamp sald\u0131r\u0131s\u0131ndan kurt adamlar\u0131n sorumlu oldu\u011funu \u00f6\u011frendi\u011findeyse en az a\u015fk kadar b\u00fcy\u00fck bir intikam duygusuna kap\u0131lm\u0131\u015ft\u0131.Kalbini ve ruhunu onlardan birine vermekse akl\u0131na gelebilecek son ihtimaldi.ONU SEVD\u0130,ONU KORUDU,ONU \u00d6LD\u00dcRD\u00dc. <\/p>\n","protected":false},"excerpt":{"rendered":"<p>Kavurucu r\u00fczg\u00e2rlar estiren bir k\u0131\u015f masal\u0131\u2026Ailesi ve ni\u015fanl\u0131s\u0131yla gitti\u011fi kampta kurtlar\u0131n sald\u0131r\u0131s\u0131na u\u011frayan Ada\u2019n\u0131n hayat\u0131 yanl\u0131\u015f bir patikaya sapm\u0131\u015ft\u0131. T\u00fcm sevdikleri \u00f6ld\u00fcr\u00fcl\u00fcrken kendisinin kurtulmas\u0131n\u0131 bir \u015fans<span class=\"excerpt-hellip\"> [\u2026]<\/span><\/p>\n","protected":false},"featured_media":0,"template":"","meta":{"_monsterinsights_skip_tracking":false,"_monsterinsights_sitenote_active":false,"_monsterinsights_sitenote_note":"","_monsterinsights_sitenote_category":0},"product_brand":[],"product_cat":[12291,12711],"product_tag":[],"class_list":{"0":"post-709722","1":"product","2":"type-product","3":"status-publish","5":"product_cat-edebiyat","6":"product_cat-roman-oyku","7":"pa_cilt-ciltli","8":"pa_tur-kitap","9":"pa_yayinevi-ephesus-yayinlari","10":"pa_yazar-busra-toraman","12":"first","13":"instock","14":"sale","15":"shipping-taxable","16":"purchasable","17":"product-type-simple"},"_links":{"self":[{"href":"https:\/\/roveyayinevi.com.tr\/index.php\/wp-json\/wp\/v2\/product\/709722","targetHints":{"allow":["GET"]}}],"collection":[{"href":"https:\/\/roveyayinevi.com.tr\/index.php\/wp-json\/wp\/v2\/product"}],"about":[{"href":"https:\/\/roveyayinevi.com.tr\/index.php\/wp-json\/wp\/v2\/types\/product"}],"wp:attachment":[{"href":"https:\/\/roveyayinevi.com.tr\/index.php\/wp-json\/wp\/v2\/media?parent=709722"}],"wp:term":[{"taxonomy":"product_brand","embeddable":true,"href":"https:\/\/roveyayinevi.com.tr\/index.php\/wp-json\/wp\/v2\/product_brand?post=709722"},{"taxonomy":"product_cat","embeddable":true,"href":"https:\/\/roveyayinevi.com.tr\/index.php\/wp-json\/wp\/v2\/product_cat?post=709722"},{"taxonomy":"product_tag","embeddable":true,"href":"https:\/\/roveyayinevi.com.tr\/index.php\/wp-json\/wp\/v2\/product_tag?post=709722"}],"curies":[{"name":"wp","href":"https:\/\/api.w.org\/{rel}","templated":true}]}}