{"id":709702,"date":"2025-08-27T16:28:27","date_gmt":"2025-08-27T13:28:27","guid":{"rendered":"https:\/\/roveyayinevi.com.tr\/index.php\/urun\/kiskanc-abim\/"},"modified":"2026-04-16T02:18:39","modified_gmt":"2026-04-15T23:18:39","slug":"kiskanc-abim","status":"publish","type":"product","link":"https:\/\/roveyayinevi.com.tr\/index.php\/urun\/kiskanc-abim\/","title":{"rendered":"K\u0131skan\u00e7 Abim"},"content":{"rendered":"<p>Yank\u0131\u2019y\u0131 d\u00fc\u015f\u00fcn\u00fcyordum. O benim \u00e7oban y\u0131ld\u0131z\u0131md\u0131. En parlak y\u0131ld\u0131z\u0131md\u0131. \u00c7oban y\u0131ld\u0131z\u0131na \u00e2\u015f\u0131k olan bir kar tanesiydim. Onun parlakl\u0131\u011f\u0131na \u00e2\u015f\u0131k bir kar tanesi. R\u00fcya; kalbinin o kahverengi g\u00f6zler i\u00e7in att\u0131\u011f\u0131n\u0131 fark etti\u011finden beri hem bedenen hem de ruhen iyile\u015fmeye ba\u015flad\u0131.  Peki R\u00fcya, kendisinin fark\u0131nda bile olmayan bu \u00e7ocu\u011fun ilgisini \u00e7ekmek i\u00e7in ne yapmal\u0131? \u00d6zellikle de bu \u00e7ocuk en iyi arkada\u015f\u0131n\u0131n abisiyken ve kendi k\u0131z karde\u015fine sergiledi\u011fi k\u0131skan\u00e7l\u0131\u011f\u0131n \u00e7ok daha fazlas\u0131n\u0131 R\u00fcya\u2019ya g\u00f6sterirken&#8230; <\/p>\n","protected":false},"excerpt":{"rendered":"<p>Yank\u0131\u2019y\u0131 d\u00fc\u015f\u00fcn\u00fcyordum. O benim \u00e7oban y\u0131ld\u0131z\u0131md\u0131. En parlak y\u0131ld\u0131z\u0131md\u0131. \u00c7oban y\u0131ld\u0131z\u0131na \u00e2\u015f\u0131k olan bir kar tanesiydim. Onun parlakl\u0131\u011f\u0131na \u00e2\u015f\u0131k bir kar tanesi. R\u00fcya; kalbinin o kahverengi<span class=\"excerpt-hellip\"> [\u2026]<\/span><\/p>\n","protected":false},"featured_media":0,"template":"","meta":{"_monsterinsights_skip_tracking":false,"_monsterinsights_sitenote_active":false,"_monsterinsights_sitenote_note":"","_monsterinsights_sitenote_category":0},"product_brand":[],"product_cat":[12291,12711],"product_tag":[],"class_list":{"0":"post-709702","1":"product","2":"type-product","3":"status-publish","5":"product_cat-edebiyat","6":"product_cat-roman-oyku","7":"pa_cilt-ciltsiz","8":"pa_tur-kitap","9":"pa_yayinevi-epsilon-yayinlari","10":"pa_yazar-sila-sever","12":"first","13":"instock","14":"sale","15":"shipping-taxable","16":"purchasable","17":"product-type-simple"},"_links":{"self":[{"href":"https:\/\/roveyayinevi.com.tr\/index.php\/wp-json\/wp\/v2\/product\/709702","targetHints":{"allow":["GET"]}}],"collection":[{"href":"https:\/\/roveyayinevi.com.tr\/index.php\/wp-json\/wp\/v2\/product"}],"about":[{"href":"https:\/\/roveyayinevi.com.tr\/index.php\/wp-json\/wp\/v2\/types\/product"}],"wp:attachment":[{"href":"https:\/\/roveyayinevi.com.tr\/index.php\/wp-json\/wp\/v2\/media?parent=709702"}],"wp:term":[{"taxonomy":"product_brand","embeddable":true,"href":"https:\/\/roveyayinevi.com.tr\/index.php\/wp-json\/wp\/v2\/product_brand?post=709702"},{"taxonomy":"product_cat","embeddable":true,"href":"https:\/\/roveyayinevi.com.tr\/index.php\/wp-json\/wp\/v2\/product_cat?post=709702"},{"taxonomy":"product_tag","embeddable":true,"href":"https:\/\/roveyayinevi.com.tr\/index.php\/wp-json\/wp\/v2\/product_tag?post=709702"}],"curies":[{"name":"wp","href":"https:\/\/api.w.org\/{rel}","templated":true}]}}