{"id":709689,"date":"2025-08-27T16:28:20","date_gmt":"2025-08-27T13:28:20","guid":{"rendered":"https:\/\/roveyayinevi.com.tr\/index.php\/urun\/adim-adim-hamur-isleri\/"},"modified":"2026-04-06T02:30:14","modified_gmt":"2026-04-05T23:30:14","slug":"adim-adim-hamur-isleri","status":"publish","type":"product","link":"https:\/\/roveyayinevi.com.tr\/index.php\/urun\/adim-adim-hamur-isleri\/","title":{"rendered":"Ad\u0131m Ad\u0131m Hamur \u0130\u015fleri"},"content":{"rendered":"<p>Hakan Do\u011fan \u00fc\u00e7 ku\u015fakt\u0131r ekmek\u00e7ilik mesle\u011fini aral\u0131ks\u0131z s\u00fcrd\u00fcren bir ailenin son temsilcisi.Ek\u015fi Mayal\u0131 Ekmekler kitab\u0131yla T\u00fcrkiye\u2019de bu konuda b\u00fcy\u00fck bir ilgi uyand\u0131rmakla kalmad\u0131; Gourmand Cookbooks Awards yar\u0131\u015fmas\u0131nda ekmek kategorisinde \u00f6d\u00fcl kazand\u0131.Hamur i\u015fi konusunda dersler veren, \u00e7al\u0131\u015fma at\u00f6lyeleri d\u00fczenleyen Do\u011fan, Ad\u0131m Ad\u0131m Hamur \u0130\u015fleri\u2019yle de bu konuda kaynak kitap eksikli\u011fini gidermeyi ama\u00e7l\u0131yor.Hamur i\u015fini bir giri\u015f dersi tad\u0131nda bol g\u00f6rselli olarak i\u015fleyen Ad\u0131m Ad\u0131m Hamur \u0130\u015fleri hem \u00f6\u011frencileri hem merakl\u0131 okurlar\u0131 b\u00fcy\u00fcl\u00fc bir d\u00fcnyaya davet ediyor. \u0130\u00c7\u0130NDEK\u0130LER:Hamur i\u015flerinde kullan\u0131lan hammadde tan\u0131mlar\u0131Hamur i\u015flerinde kullan\u0131lan ekipman tan\u0131mlar\u0131\u0130leri pi\u015firme teknikleriHamur ve \u00fcr\u00fcn re\u00e7eteleriKatlamal\u0131 hamurlarA\u00e7\u0131larak yap\u0131lan hamurlarPide ve lahmacunlar\u0131 <\/p>\n","protected":false},"excerpt":{"rendered":"<p>Hakan Do\u011fan \u00fc\u00e7 ku\u015fakt\u0131r ekmek\u00e7ilik mesle\u011fini aral\u0131ks\u0131z s\u00fcrd\u00fcren bir ailenin son temsilcisi.Ek\u015fi Mayal\u0131 Ekmekler kitab\u0131yla T\u00fcrkiye\u2019de bu konuda b\u00fcy\u00fck bir ilgi uyand\u0131rmakla kalmad\u0131; Gourmand Cookbooks Awards<span class=\"excerpt-hellip\"> [\u2026]<\/span><\/p>\n","protected":false},"featured_media":0,"template":"","meta":{"_monsterinsights_skip_tracking":false,"_monsterinsights_sitenote_active":false,"_monsterinsights_sitenote_note":"","_monsterinsights_sitenote_category":0},"product_brand":[],"product_cat":[12458,12457],"product_tag":[],"class_list":{"0":"post-709689","1":"product","2":"type-product","3":"status-publish","5":"product_cat-turk-mutfagi","6":"product_cat-yemek-kitaplari","7":"pa_cilt-ciltsiz","8":"pa_tur-kitap","9":"pa_yayinevi-alfa-yayinlari","10":"pa_yazar-hakan-dogan","12":"first","13":"instock","14":"sale","15":"shipping-taxable","16":"purchasable","17":"product-type-simple"},"_links":{"self":[{"href":"https:\/\/roveyayinevi.com.tr\/index.php\/wp-json\/wp\/v2\/product\/709689","targetHints":{"allow":["GET"]}}],"collection":[{"href":"https:\/\/roveyayinevi.com.tr\/index.php\/wp-json\/wp\/v2\/product"}],"about":[{"href":"https:\/\/roveyayinevi.com.tr\/index.php\/wp-json\/wp\/v2\/types\/product"}],"wp:attachment":[{"href":"https:\/\/roveyayinevi.com.tr\/index.php\/wp-json\/wp\/v2\/media?parent=709689"}],"wp:term":[{"taxonomy":"product_brand","embeddable":true,"href":"https:\/\/roveyayinevi.com.tr\/index.php\/wp-json\/wp\/v2\/product_brand?post=709689"},{"taxonomy":"product_cat","embeddable":true,"href":"https:\/\/roveyayinevi.com.tr\/index.php\/wp-json\/wp\/v2\/product_cat?post=709689"},{"taxonomy":"product_tag","embeddable":true,"href":"https:\/\/roveyayinevi.com.tr\/index.php\/wp-json\/wp\/v2\/product_tag?post=709689"}],"curies":[{"name":"wp","href":"https:\/\/api.w.org\/{rel}","templated":true}]}}