{"id":709682,"date":"2025-08-27T16:28:16","date_gmt":"2025-08-27T13:28:16","guid":{"rendered":"https:\/\/roveyayinevi.com.tr\/index.php\/urun\/duvarda-3-hafta\/"},"modified":"2026-04-16T02:18:39","modified_gmt":"2026-04-15T23:18:39","slug":"duvarda-3-hafta","status":"publish","type":"product","link":"https:\/\/roveyayinevi.com.tr\/index.php\/urun\/duvarda-3-hafta\/","title":{"rendered":"Duvarda 3 Hafta"},"content":{"rendered":"<p>Akl\u0131m\u0131zda yollar, yollarda gen\u00e7lik var.\u00d6yk\u00fcleriyle ve yaz\u0131 at\u00f6lyeleriyle tan\u0131nan F\u00fcsun \u00c7etinel, son roman\u0131n\u0131 gen\u00e7ler i\u00e7in yazd\u0131. Okurunu, T\u00fcrkiye&#8217;den ba\u015flay\u0131p Almanya&#8217;ya uzanan bir yolculu\u011fa davet eden yazar, ilk kalp \u00e7arp\u0131nt\u0131lar\u0131 ve t\u00fcrl\u00fc aksilikler e\u015fli\u011finde g\u00fcl\u00fcmseten bir b\u00fcy\u00fcme hik\u00e2yesi anlat\u0131yor. Ortak ama\u00e7 u\u011fruna bir araya gelen gen\u00e7lerin farkl\u0131 k\u00fclt\u00fcrleriyle zenginle\u015fen roman, \u00f6zg\u00fcrl\u00fck, sorumluluk ve dayan\u0131\u015fma \u00fczerine d\u00fc\u015f\u00fcnd\u00fcr\u00fcyor; ak\u0131c\u0131 kurgusuyla her ya\u015fa keyifli bir okuma vaat ediyor. Ayasofya Konu\u015ftu veS\u0131rlar Yolu adl\u0131 \u00e7ocuk romanlar\u0131 \u00e7ok sevilen F\u00fcsun \u00c7etinel, okur kitlesini geni\u015fletiyor. Melisa, annesi i\u015ften \u00e7\u0131kar\u0131ld\u0131\u011f\u0131 i\u00e7in en yak\u0131n arkada\u015flar\u0131yla Los Angeles&#8217;a gidememi\u015ftir. Akl\u0131 Amerika&#8217;da kalsa da, yaz tatilinin \u00fc\u00e7 haftas\u0131n\u0131 Almanya&#8217;daki \u00e7al\u0131\u015fma kamp\u0131nda ge\u00e7irmek zorundad\u0131r. S\u00f6ylenmeler ve aksiliklerle ba\u015flayan yolculu\u011fun ard\u0131ndan, Stuttgart&#8217;\u0131n ufak bir kasabas\u0131na ula\u015fan Melisa&#8217;y\u0131 Ukrayna, \u0130spanya ve G\u00fcney Kore gibi de\u011fi\u015fik \u00fclkelerden gen\u00e7ler beklemektedir. Eski bir duvar\u0131n yenilenmesi i\u015finde, do\u011fayla i\u00e7 i\u00e7e \u00e7al\u0131\u015farak ge\u00e7en g\u00fcnler hepsine unutulmaz deneyimler kazand\u0131racakt\u0131r&#8230; F\u00fcsun \u00c7etinel: \u0130stanbul&#8217;da do\u011fdu. Avusturya Lisesi&#8217;ndeki e\u011fitiminin ard\u0131ndan, Bo\u011fazi\u00e7i \u00dcniversitesi \u0130ngilizce \u00d6\u011fretmenli\u011fi B\u00f6l\u00fcm\u00fc&#8217;n\u00fc bitirdi. \u00d6\u011fretmenli\u011fin yan\u0131 s\u0131ra \u0130ngiltere&#8217;de dil okullar\u0131nda g\u00f6rev yapt\u0131. Ye\u015fim Cimcoz Yaz\u0131 Evi&#8217;nde e\u011fitmen, dan\u0131\u015fman ve hayalet yazar olarak \u00e7al\u0131\u015fmakta olan \u00c7etinel, Burgazada Sait Faik M\u00fczesi&#8217;nde, \u00e7ocuk ve gen\u00e7lere hik\u00e2ye at\u00f6lyeleri d\u00fczenliyor; yurtd\u0131\u015f\u0131nda da \u00e7e\u015fitli gen\u00e7lik \u00e7al\u0131\u015fma kamplar\u0131nda sosyal sorumluluk projelerinde \u00e7al\u0131\u015f\u0131yor. Ayasofya&#8217;n\u0131n gizemlerine dalan bir \u00e7ocu\u011fun \u00f6yk\u00fcs\u00fcn\u00fc anlatt\u0131\u011f\u0131 Ayasofya Konu\u015ftu (2015) adl\u0131 ilk \u00e7ocuk roman\u0131n\u0131n ard\u0131ndan, Almanya&#8217;dan G\u00fcney Ege k\u0131y\u0131lar\u0131na, Antik \u00c7a\u011f&#8217;\u0131n kaya mezarlar\u0131yla \u00fcnl\u00fc Ka\u015f&#8217;a uzanan S\u0131rlar Yolu&#8217;nu (2016) yazd\u0131. \u0130lk gen\u00e7lik roman\u0131, s\u0131n\u0131rlar\u0131 a\u015fan bir b\u00fcy\u00fcme hik\u00e2yesi: Duvarda 3 Hafta (2017). \u00c7etinel, e\u015fi ve k\u0131z\u0131yla birlikte \u0130stanbul&#8217;da ya\u015f\u0131yor. <\/p>\n","protected":false},"excerpt":{"rendered":"<p>Akl\u0131m\u0131zda yollar, yollarda gen\u00e7lik var.\u00d6yk\u00fcleriyle ve yaz\u0131 at\u00f6lyeleriyle tan\u0131nan F\u00fcsun \u00c7etinel, son roman\u0131n\u0131 gen\u00e7ler i\u00e7in yazd\u0131. Okurunu, T\u00fcrkiye&#8217;den ba\u015flay\u0131p Almanya&#8217;ya uzanan bir yolculu\u011fa davet eden yazar,<span class=\"excerpt-hellip\"> [\u2026]<\/span><\/p>\n","protected":false},"featured_media":0,"template":"","meta":{"_monsterinsights_skip_tracking":false,"_monsterinsights_sitenote_active":false,"_monsterinsights_sitenote_note":"","_monsterinsights_sitenote_category":0},"product_brand":[],"product_cat":[12274,12284],"product_tag":[],"class_list":{"0":"post-709682","1":"product","2":"type-product","3":"status-publish","5":"product_cat-cocuk-ve-genclik-kitaplari","6":"product_cat-hikayeler","7":"pa_cilt-ciltsiz","8":"pa_tur-kitap","9":"pa_yayinevi-gunisigi-kitapligi","10":"pa_yazar-fusun-cetinel","12":"first","13":"instock","14":"sale","15":"shipping-taxable","16":"purchasable","17":"product-type-simple"},"_links":{"self":[{"href":"https:\/\/roveyayinevi.com.tr\/index.php\/wp-json\/wp\/v2\/product\/709682","targetHints":{"allow":["GET"]}}],"collection":[{"href":"https:\/\/roveyayinevi.com.tr\/index.php\/wp-json\/wp\/v2\/product"}],"about":[{"href":"https:\/\/roveyayinevi.com.tr\/index.php\/wp-json\/wp\/v2\/types\/product"}],"wp:attachment":[{"href":"https:\/\/roveyayinevi.com.tr\/index.php\/wp-json\/wp\/v2\/media?parent=709682"}],"wp:term":[{"taxonomy":"product_brand","embeddable":true,"href":"https:\/\/roveyayinevi.com.tr\/index.php\/wp-json\/wp\/v2\/product_brand?post=709682"},{"taxonomy":"product_cat","embeddable":true,"href":"https:\/\/roveyayinevi.com.tr\/index.php\/wp-json\/wp\/v2\/product_cat?post=709682"},{"taxonomy":"product_tag","embeddable":true,"href":"https:\/\/roveyayinevi.com.tr\/index.php\/wp-json\/wp\/v2\/product_tag?post=709682"}],"curies":[{"name":"wp","href":"https:\/\/api.w.org\/{rel}","templated":true}]}}