{"id":709675,"date":"2025-08-27T16:28:13","date_gmt":"2025-08-27T13:28:13","guid":{"rendered":"https:\/\/roveyayinevi.com.tr\/index.php\/urun\/elveda-ve-butun-o-baliklar-icin-tesekkurler-otostopcunun-galaksi-rehberi-serisi-4\/"},"modified":"2026-04-16T02:18:10","modified_gmt":"2026-04-15T23:18:10","slug":"elveda-ve-butun-o-baliklar-icin-tesekkurler-otostopcunun-galaksi-rehberi-serisi-4","status":"publish","type":"product","link":"https:\/\/roveyayinevi.com.tr\/index.php\/urun\/elveda-ve-butun-o-baliklar-icin-tesekkurler-otostopcunun-galaksi-rehberi-serisi-4\/","title":{"rendered":"Elveda ve B\u00fct\u00fcn O Bal\u0131klar \u0130\u00e7in Te\u015fekk\u00fcrler &#8211; Otostop\u00e7unun Galaksi Rehberi Serisi 4"},"content":{"rendered":"<p>Okumaya doyamad\u0131\u011f\u0131m\u0131z maceram\u0131z yepyeni a\u015famalara giriyor. Kahraman\u0131m\u0131z Arthur Dent kendisinden beklenilmeyen bir kriket vuru\u015fuyla galaksiyi kurtarmay\u0131 ba\u015farm\u0131\u015ft\u0131. Ard\u0131ndan da her iyi kahraman\u0131n yapt\u0131\u011f\u0131n\u0131 se\u00e7ip bir par\u00e7a kendisiyle ba\u015f ba\u015fa kalmay\u0131 dilemi\u015fti. Asl\u0131nda unuttu\u011fu \u00e7ok \u00f6nemli bir ger\u00e7ek vard\u0131: Maceralar kar\u015f\u0131lar\u0131nda ger\u00e7ek bir maceraperest bulduklar\u0131nda asla onun pe\u015fini b\u0131rakmazlar\u2026O y\u00fczden ya\u011fmurlu bir gecede kar\u015f\u0131s\u0131na 231 adet farkl\u0131 ya\u011fmur tipini bilen ve bunlar\u0131n hi\u00e7birinden bir par\u00e7ac\u0131k bile olsa ho\u015flanmayan bir t\u00fcr ya\u011fmur tanr\u0131s\u0131yla kar\u015f\u0131la\u015fmakta, maceraperest bir otostop\u00e7u i\u00e7in \u00e7ok da \u015fa\u015f\u0131r\u0131lacak bir \u015fey yoktu. \u015ea\u015f\u0131raca\u011f\u0131 \u015feyse o berbat ve ya\u011fmurlu geceyi atlatt\u0131ktan sonra kar\u015f\u0131s\u0131na inan\u0131lmaz g\u00fczellikte, gizemli bir k\u0131z\u0131n \u00e7\u0131kmas\u0131yd\u0131. B\u00fct\u00fcn bunlar\u0131n hi\u00e7bir anlam\u0131 yoktu. Uzayda savrularak ge\u00e7irdi\u011fi sekiz y\u0131l\u0131n ard\u0131ndan, plastik bir al\u0131\u015fveri\u015f po\u015feti ve emektar havlusuyla birlikte evine d\u00f6nm\u00fc\u015ft\u00fc ya, bu her \u015feye bedeldi. \u0130yi ama gezegendeki b\u00fct\u00fcn yunuslar\u0131n ayn\u0131 anda ortadan kaybolmas\u0131n\u0131n ard\u0131nda yatan s\u0131r neydi? Galaksi boyunca otostop yapanlar\u0131n hayat\u0131nda s\u0131radan birka\u00e7 g\u00fcnd\u00fc sadece. Yeni olan ne miydi? Kitab\u0131 okuyun g\u00f6receksiniz? <\/p>\n","protected":false},"excerpt":{"rendered":"<p>Okumaya doyamad\u0131\u011f\u0131m\u0131z maceram\u0131z yepyeni a\u015famalara giriyor. Kahraman\u0131m\u0131z Arthur Dent kendisinden beklenilmeyen bir kriket vuru\u015fuyla galaksiyi kurtarmay\u0131 ba\u015farm\u0131\u015ft\u0131. Ard\u0131ndan da her iyi kahraman\u0131n yapt\u0131\u011f\u0131n\u0131 se\u00e7ip bir par\u00e7a<span class=\"excerpt-hellip\"> [\u2026]<\/span><\/p>\n","protected":false},"featured_media":0,"template":"","meta":{"_monsterinsights_skip_tracking":false,"_monsterinsights_sitenote_active":false,"_monsterinsights_sitenote_note":"","_monsterinsights_sitenote_category":0},"product_brand":[],"product_cat":[12540,12291],"product_tag":[],"class_list":{"0":"post-709675","1":"product","2":"type-product","3":"status-publish","5":"product_cat-bilim-kurgu","6":"product_cat-edebiyat","7":"pa_cilt-ciltsiz","8":"pa_tur-kitap","9":"pa_yayinevi-alfa-yayinlari","10":"pa_yazar-douglas-adams","12":"first","13":"instock","14":"sale","15":"shipping-taxable","16":"purchasable","17":"product-type-simple"},"_links":{"self":[{"href":"https:\/\/roveyayinevi.com.tr\/index.php\/wp-json\/wp\/v2\/product\/709675","targetHints":{"allow":["GET"]}}],"collection":[{"href":"https:\/\/roveyayinevi.com.tr\/index.php\/wp-json\/wp\/v2\/product"}],"about":[{"href":"https:\/\/roveyayinevi.com.tr\/index.php\/wp-json\/wp\/v2\/types\/product"}],"wp:attachment":[{"href":"https:\/\/roveyayinevi.com.tr\/index.php\/wp-json\/wp\/v2\/media?parent=709675"}],"wp:term":[{"taxonomy":"product_brand","embeddable":true,"href":"https:\/\/roveyayinevi.com.tr\/index.php\/wp-json\/wp\/v2\/product_brand?post=709675"},{"taxonomy":"product_cat","embeddable":true,"href":"https:\/\/roveyayinevi.com.tr\/index.php\/wp-json\/wp\/v2\/product_cat?post=709675"},{"taxonomy":"product_tag","embeddable":true,"href":"https:\/\/roveyayinevi.com.tr\/index.php\/wp-json\/wp\/v2\/product_tag?post=709675"}],"curies":[{"name":"wp","href":"https:\/\/api.w.org\/{rel}","templated":true}]}}