{"id":709671,"date":"2025-08-27T16:28:11","date_gmt":"2025-08-27T13:28:11","guid":{"rendered":"https:\/\/roveyayinevi.com.tr\/index.php\/urun\/atasozleri-ve-hikayeleri\/"},"modified":"2026-04-16T02:18:10","modified_gmt":"2026-04-15T23:18:10","slug":"atasozleri-ve-hikayeleri","status":"publish","type":"product","link":"https:\/\/roveyayinevi.com.tr\/index.php\/urun\/atasozleri-ve-hikayeleri\/","title":{"rendered":"Atas\u00f6zleri ve Hikayeleri"},"content":{"rendered":"<p>Atas\u00f6zleri dilimizin zenginli\u011fi, bize atalar\u0131m\u0131z\u0131n miras\u0131d\u0131r. Hangisini istersek, babam\u0131z\u0131n mal\u0131 gibi rahat\u00e7a kullan\u0131r\u0131z. Hepsi de anam\u0131z\u0131n ak s\u00fct\u00fc gibi helaldir. \u0130\u015fte bu kitapta birbirinden g\u00fczel, birbirinden de\u011fi\u015fik, birbirinden \u015fenlikli atas\u00f6zlerinin hik\u00e2yeleri var. A\u00e7 ay\u0131n\u0131n neden \u015fakk\u0131d\u0131 \u015fakk\u0131d\u0131 oynamad\u0131\u011f\u0131n\u0131, damdan d\u00fc\u015fenin halinden en iyi kimin anlad\u0131\u011f\u0131n\u0131, k\u0131lavuzu karga olan adam\u0131n ak\u0131betini, pilav seven ki\u015finin cebinde ne ta\u015f\u0131d\u0131\u011f\u0131n\u0131, z\u00fc\u011f\u00fcrtleyen bezirg\u00e2n\u0131n eski defterleri neden kar\u0131\u015ft\u0131rd\u0131\u011f\u0131n\u0131 ve horozlar\u0131n nas\u0131l yumurtlad\u0131\u011f\u0131n\u0131 merak ediyorsan\u0131z bu kitab\u0131 okumaya doyamayacaks\u0131n\u0131z&#8230; <\/p>\n","protected":false},"excerpt":{"rendered":"<p>Atas\u00f6zleri dilimizin zenginli\u011fi, bize atalar\u0131m\u0131z\u0131n miras\u0131d\u0131r. Hangisini istersek, babam\u0131z\u0131n mal\u0131 gibi rahat\u00e7a kullan\u0131r\u0131z. Hepsi de anam\u0131z\u0131n ak s\u00fct\u00fc gibi helaldir. \u0130\u015fte bu kitapta birbirinden g\u00fczel, birbirinden<span class=\"excerpt-hellip\"> [\u2026]<\/span><\/p>\n","protected":false},"featured_media":0,"template":"","meta":{"_monsterinsights_skip_tracking":false,"_monsterinsights_sitenote_active":false,"_monsterinsights_sitenote_note":"","_monsterinsights_sitenote_category":0},"product_brand":[],"product_cat":[12274,15842],"product_tag":[],"class_list":{"0":"post-709671","1":"product","2":"type-product","3":"status-publish","5":"product_cat-cocuk-ve-genclik-kitaplari","6":"product_cat-egitici-kitaplar","7":"pa_cilt-ciltsiz","8":"pa_tur-kitap","9":"pa_yayinevi-carpe-diem-kitaplari","10":"pa_yazar-selcen-yuksel-arvas","12":"first","13":"instock","14":"sale","15":"shipping-taxable","16":"purchasable","17":"product-type-simple"},"_links":{"self":[{"href":"https:\/\/roveyayinevi.com.tr\/index.php\/wp-json\/wp\/v2\/product\/709671","targetHints":{"allow":["GET"]}}],"collection":[{"href":"https:\/\/roveyayinevi.com.tr\/index.php\/wp-json\/wp\/v2\/product"}],"about":[{"href":"https:\/\/roveyayinevi.com.tr\/index.php\/wp-json\/wp\/v2\/types\/product"}],"wp:attachment":[{"href":"https:\/\/roveyayinevi.com.tr\/index.php\/wp-json\/wp\/v2\/media?parent=709671"}],"wp:term":[{"taxonomy":"product_brand","embeddable":true,"href":"https:\/\/roveyayinevi.com.tr\/index.php\/wp-json\/wp\/v2\/product_brand?post=709671"},{"taxonomy":"product_cat","embeddable":true,"href":"https:\/\/roveyayinevi.com.tr\/index.php\/wp-json\/wp\/v2\/product_cat?post=709671"},{"taxonomy":"product_tag","embeddable":true,"href":"https:\/\/roveyayinevi.com.tr\/index.php\/wp-json\/wp\/v2\/product_tag?post=709671"}],"curies":[{"name":"wp","href":"https:\/\/api.w.org\/{rel}","templated":true}]}}