{"id":709664,"date":"2025-08-27T16:28:07","date_gmt":"2025-08-27T13:28:07","guid":{"rendered":"https:\/\/roveyayinevi.com.tr\/index.php\/urun\/kalbimin-ses-telleri\/"},"modified":"2026-04-16T02:18:10","modified_gmt":"2026-04-15T23:18:10","slug":"kalbimin-ses-telleri","status":"publish","type":"product","link":"https:\/\/roveyayinevi.com.tr\/index.php\/urun\/kalbimin-ses-telleri\/","title":{"rendered":"Kalbimin Ses Telleri"},"content":{"rendered":"<p>\u201cBen kalbimin ses tellerini ald\u0131ramam, ald\u0131ram\u0131yorum, ald\u0131rmak da istemiyorum\u2026 Ki o kalbin sesi \u00e7o\u011funlukla k\u0131s\u0131lsa da, k\u0131r\u0131lsa da ve hatta \u00e7atlasa da&#8230; O sesler \u00e7o\u011fu zaman ac\u0131 bir t\u00fcrk\u00fc olup ak\u0131yor kalbimden. Olsun! \u00c7\u00fcnk\u00fc o ac\u0131 t\u00fcrk\u00fcn\u00fcn pe\u015fi s\u0131ra kahkahalar atan, halaya duran seslerim de var benim. Ne\u015feye bulanm\u0131\u015f, ha bazen g\u00f6zya\u015f\u0131 ile y\u0131kanm\u0131\u015f ama g\u00fclerek s\u00f6ylenen \u015fark\u0131lar\u0131m var benim. Bizi daha da g\u00fczelle\u015ftiren \u015fark\u0131lar\u0131m\u0131z. Peki ya siz? Kalbinizin ses tellerinden \u00e7\u0131kan melodileri duyabiliyor musunuz?\u201d \u00d6zge Uzun yeni kitab\u0131 Kalbimin Ses Telleri ile size bir kad\u0131n\u0131 anlatacak. Bu kad\u0131n evli de olsa, a\u015fkl\u0131 ya da a\u015fks\u0131z, \u00e7ocuklu veya \u00e7ocuksuz, mutlu veya mutsuz da olsa herkesin i\u00e7inde ta\u015f\u0131d\u0131\u011f\u0131 o hem \u00e7oklu hem sakl\u0131 kimli\u011fiyle, t\u00fcm duygular\u0131yla bir b\u00fct\u00fcn olarak var hayatta\u2026 Yapmaz, yapamaz, olmaz, olamazlar de\u011fil \u00d6zge\u2019nin kalbinin ses tellerinden akanlar; olanlar ve ya\u015fananlar sadece\u2026 Saklamadan, \u00f6nyarg\u0131 cehennemine ta\u015f atmaktan korkmadan\u2026 Kalbinizin ses telleri titrese de okumaktan korkmay\u0131n\u2026 \u201c\u00d6zge Uzun, biz erkekler taraf\u0131ndan pek sevilmeyecek bir kitap yazm\u0131\u015f. Sakin, duru, \u00f6zenli ve e\u011flenceli bir dili var ama c\u00fcmlelerinin g\u00fcc\u00fc surat\u0131n\u0131za att\u0131\u011f\u0131 sa\u011fl\u0131 sollu tokatlar\u0131n izini y\u0131llarca orada tutacak kadar etkili. Erkek olarak \u00fczerinizde bir acizlik hissi b\u0131rak\u0131yor ve \u00fcz\u00fcyor da elbette, hakikaten ne gerek var bu haltlar\u0131 yemeye diyorsun i\u00e7ten i\u00e7e&#8230; Kalbinin ses telleri ile bize duyurmaya \u00e7al\u0131\u015ft\u0131klar\u0131na kulak vermemek elde de\u011fil. Seven kad\u0131nlar\u0131n sesi ile biraz keyif ka\u00e7\u0131ran ama sonuna kadar hakl\u0131 bir soruyu biz erkeklere h\u0131nz\u0131rca ve usulca f\u0131s\u0131ld\u0131yor: \u2018\u0130nsan olun yahu, \u00e7ok mu zor?\u2019 Bir kitap hayat\u0131m\u0131z\u0131 de\u011fi\u015ftirmeye yetmeyebilir, ama bir yerden ba\u015flamak i\u00e7in harika bir \u00f6nerim var, bu kitab\u0131 erkeklere okutun\u2026\u201d \u2013 Can Y\u0131lmaz <\/p>\n","protected":false},"excerpt":{"rendered":"<p>\u201cBen kalbimin ses tellerini ald\u0131ramam, ald\u0131ram\u0131yorum, ald\u0131rmak da istemiyorum\u2026 Ki o kalbin sesi \u00e7o\u011funlukla k\u0131s\u0131lsa da, k\u0131r\u0131lsa da ve hatta \u00e7atlasa da&#8230; O sesler \u00e7o\u011fu zaman<span class=\"excerpt-hellip\"> [\u2026]<\/span><\/p>\n","protected":false},"featured_media":0,"template":"","meta":{"_monsterinsights_skip_tracking":false,"_monsterinsights_sitenote_active":false,"_monsterinsights_sitenote_note":"","_monsterinsights_sitenote_category":0},"product_brand":[],"product_cat":[12777,12291],"product_tag":[],"class_list":{"0":"post-709664","1":"product","2":"type-product","3":"status-publish","5":"product_cat-deneme","6":"product_cat-edebiyat","7":"pa_cilt-ciltsiz","8":"pa_tur-kitap","9":"pa_yayinevi-inkilap-kitabevi","10":"pa_yazar-ozge-uzun","12":"first","13":"instock","14":"sale","15":"shipping-taxable","16":"purchasable","17":"product-type-simple"},"_links":{"self":[{"href":"https:\/\/roveyayinevi.com.tr\/index.php\/wp-json\/wp\/v2\/product\/709664","targetHints":{"allow":["GET"]}}],"collection":[{"href":"https:\/\/roveyayinevi.com.tr\/index.php\/wp-json\/wp\/v2\/product"}],"about":[{"href":"https:\/\/roveyayinevi.com.tr\/index.php\/wp-json\/wp\/v2\/types\/product"}],"wp:attachment":[{"href":"https:\/\/roveyayinevi.com.tr\/index.php\/wp-json\/wp\/v2\/media?parent=709664"}],"wp:term":[{"taxonomy":"product_brand","embeddable":true,"href":"https:\/\/roveyayinevi.com.tr\/index.php\/wp-json\/wp\/v2\/product_brand?post=709664"},{"taxonomy":"product_cat","embeddable":true,"href":"https:\/\/roveyayinevi.com.tr\/index.php\/wp-json\/wp\/v2\/product_cat?post=709664"},{"taxonomy":"product_tag","embeddable":true,"href":"https:\/\/roveyayinevi.com.tr\/index.php\/wp-json\/wp\/v2\/product_tag?post=709664"}],"curies":[{"name":"wp","href":"https:\/\/api.w.org\/{rel}","templated":true}]}}