{"id":709661,"date":"2025-08-27T16:28:05","date_gmt":"2025-08-27T13:28:05","guid":{"rendered":"https:\/\/roveyayinevi.com.tr\/index.php\/urun\/hz-mevlanadan-gorup-isittiklerim\/"},"modified":"2026-04-16T02:18:10","modified_gmt":"2026-04-15T23:18:10","slug":"hz-mevlanadan-gorup-isittiklerim","status":"publish","type":"product","link":"https:\/\/roveyayinevi.com.tr\/index.php\/urun\/hz-mevlanadan-gorup-isittiklerim\/","title":{"rendered":"Hz. Mevlana&#8217;dan G\u00f6r\u00fcp \u0130\u015fittiklerim"},"content":{"rendered":"<p>Hz. Mevl\u00e2n\u00e2 hakk\u0131ndaki kanaatlerimizin b\u00fcy\u00fck bir k\u0131sm\u0131 Hazret\u2019in vefat\u0131ndan yakla\u015f\u0131k seksen y\u0131l sonra yaz\u0131lm\u0131\u015f olan Efl\u00e2ki Dede\u2019nin Menakib\u2019l-\u00c2rifin eserine dayan\u0131r. Ancak elinizdeki eser Hz. Mevl\u00e2n\u00e2\u2019ya k\u0131rk y\u0131l hizmet eden, onun en yak\u0131n m\u00fcridlerinden Sipehs\u00e2l\u00e2r Feridun bin Ahmed Hazretleri\u2019nin, Hz. P\u00eer\u2019le ilgili hat\u0131ra ve d\u00fc\u015f\u00fcncelerini bar\u0131nd\u0131rmaktad\u0131r.Sipehs\u00e2l\u00e2r\u2019\u0131n bu m\u00fctevaz\u0131 eseri, tasavvufun en y\u00fcksek mertebelerini a\u00e7\u0131klamakta, Hz. Mevl\u00e2n\u00e2\u2019n\u0131n t\u00fcrbesini, c\u00fcbbesini de\u011fil, hakikatini tan\u0131tmaya \u00e7al\u0131\u015fmaktad\u0131r.Asl\u0131 Fars\u00e7a olan bu edeb\u00ee eser, son d\u00f6nem \u00f6nemli Mevlev\u00ee simalar\u0131ndan Ahmed Avni (Konuk) taraf\u0131ndan terc\u00fcme edilmi\u015f olup sadele\u015ftirilerek sunulmu\u015ftur. <\/p>\n","protected":false},"excerpt":{"rendered":"<p>Hz. Mevl\u00e2n\u00e2 hakk\u0131ndaki kanaatlerimizin b\u00fcy\u00fck bir k\u0131sm\u0131 Hazret\u2019in vefat\u0131ndan yakla\u015f\u0131k seksen y\u0131l sonra yaz\u0131lm\u0131\u015f olan Efl\u00e2ki Dede\u2019nin Menakib\u2019l-\u00c2rifin eserine dayan\u0131r. Ancak elinizdeki eser Hz. Mevl\u00e2n\u00e2\u2019ya k\u0131rk<span class=\"excerpt-hellip\"> [\u2026]<\/span><\/p>\n","protected":false},"featured_media":0,"template":"","meta":{"_monsterinsights_skip_tracking":false,"_monsterinsights_sitenote_active":false,"_monsterinsights_sitenote_note":"","_monsterinsights_sitenote_category":0},"product_brand":[],"product_cat":[12718,12719,15238],"product_tag":[],"class_list":{"0":"post-709661","1":"product","2":"type-product","3":"status-publish","5":"product_cat-din","6":"product_cat-islam","7":"product_cat-tasavvuf","8":"pa_cilt-ciltsiz","9":"pa_tur-kitap","10":"pa_yayinevi-sufi-kitap","11":"pa_yazar-feridun-b-ahmed-sipahsalar","13":"first","14":"instock","15":"sale","16":"shipping-taxable","17":"purchasable","18":"product-type-simple"},"_links":{"self":[{"href":"https:\/\/roveyayinevi.com.tr\/index.php\/wp-json\/wp\/v2\/product\/709661","targetHints":{"allow":["GET"]}}],"collection":[{"href":"https:\/\/roveyayinevi.com.tr\/index.php\/wp-json\/wp\/v2\/product"}],"about":[{"href":"https:\/\/roveyayinevi.com.tr\/index.php\/wp-json\/wp\/v2\/types\/product"}],"wp:attachment":[{"href":"https:\/\/roveyayinevi.com.tr\/index.php\/wp-json\/wp\/v2\/media?parent=709661"}],"wp:term":[{"taxonomy":"product_brand","embeddable":true,"href":"https:\/\/roveyayinevi.com.tr\/index.php\/wp-json\/wp\/v2\/product_brand?post=709661"},{"taxonomy":"product_cat","embeddable":true,"href":"https:\/\/roveyayinevi.com.tr\/index.php\/wp-json\/wp\/v2\/product_cat?post=709661"},{"taxonomy":"product_tag","embeddable":true,"href":"https:\/\/roveyayinevi.com.tr\/index.php\/wp-json\/wp\/v2\/product_tag?post=709661"}],"curies":[{"name":"wp","href":"https:\/\/api.w.org\/{rel}","templated":true}]}}