{"id":709640,"date":"2025-08-27T16:27:55","date_gmt":"2025-08-27T13:27:55","guid":{"rendered":"https:\/\/roveyayinevi.com.tr\/index.php\/urun\/kurt-islam-ayaklanmasi-1919-1925\/"},"modified":"2026-04-16T02:18:10","modified_gmt":"2026-04-15T23:18:10","slug":"kurt-islam-ayaklanmasi-1919-1925","status":"publish","type":"product","link":"https:\/\/roveyayinevi.com.tr\/index.php\/urun\/kurt-islam-ayaklanmasi-1919-1925\/","title":{"rendered":"K\u00fcrt \u0130slam Ayaklanmas\u0131 1919-1925"},"content":{"rendered":"<p>U\u011fur Mumcu bu kitab\u0131nda cumhuriyet tarihinin ilk b\u00fcy\u00fck isyan\u0131 olan \u015eeyh Sait ayaklanmas\u0131 ele al\u0131yor. Ortaya Koydu\u011fu belgelerle bu ayaklanman\u0131n ulusal ve uluslararas\u0131 b\u00fct\u00fcn boyutlar\u0131n\u0131 g\u00f6zler \u00f6n\u00fcne seriyor. &#8221; Ayaklanma \u0130slamc\u0131-\u015feriat\u00e7\u0131 m\u0131 yoksa K\u00fcrt\u00e7\u00fc-ba\u011f\u0131ms\u0131zl\u0131k\u00e7\u0131 m\u0131yd\u0131, \u0130ngliz k\u0131\u015fk\u0131rtmas\u0131, deste\u011fi var m\u0131yd\u0131&#8221; tart\u0131\u015fmas\u0131na da giren Mumcu, \u015eeyh Sait isyan\u0131n\u0131, K\u00fcrt \u00f6rg\u00fctlenmeleri, Ko\u00e7giri isyan\u0131, Musul Sorunu gibi konuyu \u00e7evreleyen olaylar;devrim, hukuk,\u015feriat\u00e7\u0131l\u0131k,i insan haklar\u0131, laiklik, b\u00f6l\u00fcc\u00fcl\u00fck, emperyalizm gibi bir \u00fcst yap\u0131 kavram ve kurumlar\u0131yla birlikte geni\u015f a\u00e7\u0131dan ele al\u0131yor ve okura sade bir dille sunuyor.<\/p>\n","protected":false},"excerpt":{"rendered":"<p>U\u011fur Mumcu bu kitab\u0131nda cumhuriyet tarihinin ilk b\u00fcy\u00fck isyan\u0131 olan \u015eeyh Sait ayaklanmas\u0131 ele al\u0131yor. Ortaya Koydu\u011fu belgelerle bu ayaklanman\u0131n ulusal ve uluslararas\u0131 b\u00fct\u00fcn boyutlar\u0131n\u0131 g\u00f6zler<span class=\"excerpt-hellip\"> [\u2026]<\/span><\/p>\n","protected":false},"featured_media":0,"template":"","meta":{"_monsterinsights_skip_tracking":false,"_monsterinsights_sitenote_active":false,"_monsterinsights_sitenote_note":"","_monsterinsights_sitenote_category":0},"product_brand":[],"product_cat":[12337,14543],"product_tag":[],"class_list":{"0":"post-709640","1":"product","2":"type-product","3":"status-publish","5":"product_cat-politika-siyaset","6":"product_cat-turkiye-siyaseti-ve-politikasi","7":"pa_cilt-ciltsiz","8":"pa_tur-kitap","9":"pa_yayinevi-umag-yayinevi","10":"pa_yazar-ugur-mumcu","12":"first","13":"instock","14":"sale","15":"shipping-taxable","16":"purchasable","17":"product-type-simple"},"_links":{"self":[{"href":"https:\/\/roveyayinevi.com.tr\/index.php\/wp-json\/wp\/v2\/product\/709640","targetHints":{"allow":["GET"]}}],"collection":[{"href":"https:\/\/roveyayinevi.com.tr\/index.php\/wp-json\/wp\/v2\/product"}],"about":[{"href":"https:\/\/roveyayinevi.com.tr\/index.php\/wp-json\/wp\/v2\/types\/product"}],"wp:attachment":[{"href":"https:\/\/roveyayinevi.com.tr\/index.php\/wp-json\/wp\/v2\/media?parent=709640"}],"wp:term":[{"taxonomy":"product_brand","embeddable":true,"href":"https:\/\/roveyayinevi.com.tr\/index.php\/wp-json\/wp\/v2\/product_brand?post=709640"},{"taxonomy":"product_cat","embeddable":true,"href":"https:\/\/roveyayinevi.com.tr\/index.php\/wp-json\/wp\/v2\/product_cat?post=709640"},{"taxonomy":"product_tag","embeddable":true,"href":"https:\/\/roveyayinevi.com.tr\/index.php\/wp-json\/wp\/v2\/product_tag?post=709640"}],"curies":[{"name":"wp","href":"https:\/\/api.w.org\/{rel}","templated":true}]}}