{"id":709616,"date":"2025-08-27T16:26:56","date_gmt":"2025-08-27T13:26:56","guid":{"rendered":"https:\/\/roveyayinevi.com.tr\/index.php\/urun\/acik-kalp-edebiyati\/"},"modified":"2026-04-16T02:18:09","modified_gmt":"2026-04-15T23:18:09","slug":"acik-kalp-edebiyati","status":"publish","type":"product","link":"https:\/\/roveyayinevi.com.tr\/index.php\/urun\/acik-kalp-edebiyati\/","title":{"rendered":"A\u00e7\u0131k Kalp Edebiyat\u0131"},"content":{"rendered":"<p>Sonra atari salonlar\u0131n\u0131 kapatt\u0131lar. Ankes\u00f6rl\u00fc telefonlar da kartl\u0131 olmaya ba\u015flad\u0131. Tele ba\u011flay\u0131p tak\u0131l\u0131 tuttu\u011fumuz jetonlar da elimizde patlad\u0131. Bilye oynarken a\u00e7t\u0131\u011f\u0131m\u0131z delikleri kum ile doldurdu belediye. Mahalle ma\u00e7\u0131 yapt\u0131\u011f\u0131m\u0131z araziye de park yapt\u0131lar. Kar\u015f\u0131 tak\u0131m\u0131n kalesinin oldu\u011fu yerde oturup sigara i\u00e7iyor babam. Annem topu doksana takt\u0131\u011f\u0131m yerden bana o\u011flum diye bak\u0131yor. Topa\u00e7 falan da kalmad\u0131. K\u0131z karde\u015fimin Barbie bebe\u011finin dip boyas\u0131 gelmi\u015fti. \u00c7ak\u0131 fiyatlar\u0131 d\u00fc\u015fm\u00fc\u015ft\u00fc ya da bizim cebimize para girmi\u015fti bilmiyorum. Hi\u00e7bir operat\u00f6r on bin sms vermiyordu art\u0131k. Art\u0131k asans\u00f6re tek ba\u015f\u0131ma binebilecek kadar b\u00fcy\u00fcm\u00fc\u015ft\u00fcm. De\u011fi\u015fmeye ba\u015flad\u0131 her \u015fey. Elbette ki sabit kalan \u015feyler oldu. Mesela Maltepe ve Monte Carlo sigaras\u0131n\u0131 hala ihtiyar insanlar i\u00e7iyor. Art\u0131k Samsun216&#8217;n\u0131n sadece Samsun\u2019da sat\u0131lmad\u0131\u011f\u0131n\u0131 ben de biliyorum. Veresiye defteri h\u00e2l\u00e2 var. Berberler h\u00e2l\u00e2 ba\u015f\u0131m\u0131z\u0131 maydanoz y\u0131kar gibi y\u0131k\u0131yor. Kantinde h\u00e2l\u00e2 tosta az sucuk \u00e7ok sal\u00e7a koyuyorlar. Hem \u00e7ok \u015fey \u00f6\u011frendim ben senden sonra. Mesela Street Fighter&#8217;da \u00fc\u00e7l\u00fc kombo yapmay\u0131 \u00f6\u011frendim ama sen h\u00e2l\u00e2 sevmeyi \u00f6\u011frenemedin. <\/p>\n","protected":false},"excerpt":{"rendered":"<p>Sonra atari salonlar\u0131n\u0131 kapatt\u0131lar. Ankes\u00f6rl\u00fc telefonlar da kartl\u0131 olmaya ba\u015flad\u0131. Tele ba\u011flay\u0131p tak\u0131l\u0131 tuttu\u011fumuz jetonlar da elimizde patlad\u0131. Bilye oynarken a\u00e7t\u0131\u011f\u0131m\u0131z delikleri kum ile doldurdu belediye.<span class=\"excerpt-hellip\"> [\u2026]<\/span><\/p>\n","protected":false},"featured_media":0,"template":"","meta":{"_monsterinsights_skip_tracking":false,"_monsterinsights_sitenote_active":false,"_monsterinsights_sitenote_note":"","_monsterinsights_sitenote_category":0},"product_brand":[],"product_cat":[12777,12291],"product_tag":[],"class_list":{"0":"post-709616","1":"product","2":"type-product","3":"status-publish","5":"product_cat-deneme","6":"product_cat-edebiyat","7":"pa_cilt-ciltsiz","8":"pa_tur-kitap","9":"pa_yayinevi-herdem-kitap","10":"pa_yazar-yusuf-aras","12":"first","13":"instock","14":"sale","15":"shipping-taxable","16":"purchasable","17":"product-type-simple"},"_links":{"self":[{"href":"https:\/\/roveyayinevi.com.tr\/index.php\/wp-json\/wp\/v2\/product\/709616","targetHints":{"allow":["GET"]}}],"collection":[{"href":"https:\/\/roveyayinevi.com.tr\/index.php\/wp-json\/wp\/v2\/product"}],"about":[{"href":"https:\/\/roveyayinevi.com.tr\/index.php\/wp-json\/wp\/v2\/types\/product"}],"wp:attachment":[{"href":"https:\/\/roveyayinevi.com.tr\/index.php\/wp-json\/wp\/v2\/media?parent=709616"}],"wp:term":[{"taxonomy":"product_brand","embeddable":true,"href":"https:\/\/roveyayinevi.com.tr\/index.php\/wp-json\/wp\/v2\/product_brand?post=709616"},{"taxonomy":"product_cat","embeddable":true,"href":"https:\/\/roveyayinevi.com.tr\/index.php\/wp-json\/wp\/v2\/product_cat?post=709616"},{"taxonomy":"product_tag","embeddable":true,"href":"https:\/\/roveyayinevi.com.tr\/index.php\/wp-json\/wp\/v2\/product_tag?post=709616"}],"curies":[{"name":"wp","href":"https:\/\/api.w.org\/{rel}","templated":true}]}}