{"id":709591,"date":"2025-08-27T16:26:43","date_gmt":"2025-08-27T13:26:43","guid":{"rendered":"https:\/\/roveyayinevi.com.tr\/index.php\/urun\/gorunmez-adam-2\/"},"modified":"2026-04-16T02:18:08","modified_gmt":"2026-04-15T23:18:08","slug":"gorunmez-adam-2","status":"publish","type":"product","link":"https:\/\/roveyayinevi.com.tr\/index.php\/urun\/gorunmez-adam-2\/","title":{"rendered":"G\u00f6r\u00fcnmez Adam"},"content":{"rendered":"<p>G\u00f6r\u00fcnmez Adam, yay\u0131mlan\u0131\u015f\u0131n\u0131n 110. y\u0131l\u0131nda, \u0130thaki Yay\u0131nlar\u0131\u2019n\u0131n Bilimkurgu Klasikleri\u2019ne kat\u0131l\u0131yor!\u201cH. G. Wells,  \u00e7ocukken okumay\u0131 en sevdi\u011fim yazard\u0131.\u201dVladimir Nabokov \u201cWells\u2019in kurgular\u0131 okudu\u011fum ilk kitaplard\u0131; belki de okudu\u011fum son kitaplar da onlar olacak.\u201dJorge Luis Borges \u201c\u015e\u00fcphesiz G\u00f6r\u00fcnmezlik, \u0130stediklerimi Elde Etmemi Sa\u011fl\u0131yordu Ama Onlar\u0131n Tad\u0131n\u0131 \u00c7\u0131karmam\u0131 da \u0130mk\u00e2ns\u0131z K\u0131l\u0131yordu.\u201d H. G. Wells, bilimkurgunun atas\u0131, t\u00fcre ad\u0131n\u0131 alt\u0131n harflerle yazd\u0131rm\u0131\u015f en b\u00fcy\u00fck yazarlardan. Yazd\u0131\u011f\u0131 bilim fantazileri nesiller boyu yazarlar\u0131 etkilemi\u015f, onlara yol g\u00f6stermi\u015f; ilk bas\u0131ld\u0131klar\u0131 d\u00f6nemden itibaren etkilerini yitirmeden okurlar\u0131n g\u00f6nl\u00fcnde taht kurmaya devam etmi\u015ftir. G\u00f6r\u00fcnmez Adam da Wells\u2019in eserleri i\u00e7inde en ak\u0131lda kal\u0131c\u0131 olanlardan biri. Tuhaf g\u00f6r\u00fcn\u00fc\u015fl\u00fc yabanc\u0131, bir tipi s\u0131ras\u0131nda Iping K\u00f6y\u00fc\u2019ne gelir. Garip hareketleri, giyini\u015fi, surat\u0131n\u0131n tamam\u0131n\u0131n bandajlar i\u00e7inde olmas\u0131 ve g\u00f6zl\u00fcklerini bir an olsun g\u00f6z\u00fcnden \u00e7\u0131karmamas\u0131 k\u00f6y sakinleri taraf\u0131ndan kimi zaman \u015f\u00fcpheyle, kimi zaman d\u00fc\u015fmanca kar\u015f\u0131lan\u0131r. K\u0131sa s\u00fcre i\u00e7erisinde hakk\u0131ndaki dedikodular giderek yoldan \u00e7\u0131kan bir dizi olaya neden olacakt\u0131r. <\/p>\n","protected":false},"excerpt":{"rendered":"<p>G\u00f6r\u00fcnmez Adam, yay\u0131mlan\u0131\u015f\u0131n\u0131n 110. y\u0131l\u0131nda, \u0130thaki Yay\u0131nlar\u0131\u2019n\u0131n Bilimkurgu Klasikleri\u2019ne kat\u0131l\u0131yor!\u201cH. G. Wells, \u00e7ocukken okumay\u0131 en sevdi\u011fim yazard\u0131.\u201dVladimir Nabokov \u201cWells\u2019in kurgular\u0131 okudu\u011fum ilk kitaplard\u0131; belki de okudu\u011fum<span class=\"excerpt-hellip\"> [\u2026]<\/span><\/p>\n","protected":false},"featured_media":0,"template":"","meta":{"_monsterinsights_skip_tracking":false,"_monsterinsights_sitenote_active":false,"_monsterinsights_sitenote_note":"","_monsterinsights_sitenote_category":0},"product_brand":[],"product_cat":[12291,12711],"product_tag":[],"class_list":{"0":"post-709591","1":"product","2":"type-product","3":"status-publish","5":"product_cat-edebiyat","6":"product_cat-roman-oyku","7":"pa_cilt-ciltsiz","8":"pa_tur-kitap","9":"pa_yayinevi-ithaki-yayinlari","10":"pa_yazar-h-g-wells","12":"first","13":"instock","14":"sale","15":"shipping-taxable","16":"purchasable","17":"product-type-simple"},"_links":{"self":[{"href":"https:\/\/roveyayinevi.com.tr\/index.php\/wp-json\/wp\/v2\/product\/709591","targetHints":{"allow":["GET"]}}],"collection":[{"href":"https:\/\/roveyayinevi.com.tr\/index.php\/wp-json\/wp\/v2\/product"}],"about":[{"href":"https:\/\/roveyayinevi.com.tr\/index.php\/wp-json\/wp\/v2\/types\/product"}],"wp:attachment":[{"href":"https:\/\/roveyayinevi.com.tr\/index.php\/wp-json\/wp\/v2\/media?parent=709591"}],"wp:term":[{"taxonomy":"product_brand","embeddable":true,"href":"https:\/\/roveyayinevi.com.tr\/index.php\/wp-json\/wp\/v2\/product_brand?post=709591"},{"taxonomy":"product_cat","embeddable":true,"href":"https:\/\/roveyayinevi.com.tr\/index.php\/wp-json\/wp\/v2\/product_cat?post=709591"},{"taxonomy":"product_tag","embeddable":true,"href":"https:\/\/roveyayinevi.com.tr\/index.php\/wp-json\/wp\/v2\/product_tag?post=709591"}],"curies":[{"name":"wp","href":"https:\/\/api.w.org\/{rel}","templated":true}]}}