{"id":709583,"date":"2025-08-27T16:26:39","date_gmt":"2025-08-27T13:26:39","guid":{"rendered":"https:\/\/roveyayinevi.com.tr\/index.php\/urun\/ebul-fida-cografyasi\/"},"modified":"2026-04-16T02:18:08","modified_gmt":"2026-04-15T23:18:08","slug":"ebul-fida-cografyasi","status":"publish","type":"product","link":"https:\/\/roveyayinevi.com.tr\/index.php\/urun\/ebul-fida-cografyasi\/","title":{"rendered":"Eb\u00fcl Fida Co\u011frafyas\u0131"},"content":{"rendered":"<p>Bu kitap 14.yy\u2019da ya\u015fam\u0131\u015f ve \u0130slam Co\u011frafyac\u0131lar\u0131 i\u00e7erisinde \u00f6nemli bir yere sahip olan Eb\u00fc\u2019l Fid\u00e2\u2019n\u0131n Takvim\u00fc\u2019l-B\u00fcldan adl\u0131 eserinin terc\u00fcmesidir.M\u00fcellif eserini kaleme almadan \u00f6nce bir\u00e7ok Co\u011frafya kitab\u0131 incelenmi\u015f, bu co\u011frafya kitaplar\u0131n\u0131n eksik y\u00f6nlerini tek tek ortaya \u00e7\u0131kar\u0131larak bu eksikli\u011fi gidermeye \u00e7al\u0131\u015fm\u0131\u015f ve bu eseri kaleme alm\u0131\u015ft\u0131r. Takvim\u00fc\u2019l-B\u00fcldan tam olarak bir seyahat kitab\u0131 niteli\u011finde olmamakla beraber, teknik bir Co\u011frafya kitab\u0131 \u00e7izgisinde de bulunmamaktad\u0131r. Eb\u00fc\u2019l Fid\u00e2 bu eserini kaleme al\u0131rken \u0130bn Havkal\u2019\u0131n eserden b\u00fcy\u00fck oranda yararland\u0131\u011f\u0131n\u0131 s\u00f6yleyerek, \u0130bn Havkal\u2019\u0131n teknik bilgiler vermemesini bir eksiklik olarak g\u00f6rd\u00fc\u011f\u00fcn\u00fc addeder. Kitab\u0131 yazarken \u0130bn Cezle\u2019nin metodunu takip etti\u011fini belirtir ve b\u00f6lgeleri anlatmaya ba\u015flamadan \u00f6nce denizleri, nehirleri, g\u00f6lleri ve da\u011flar\u0131 anlatm\u0131\u015f ve bunlar hakk\u0131nda bilgiler vermi\u015ftir. Bunlar\u0131 anlatt\u0131ktan sonra b\u00f6lgeleri iklim iklim ele alm\u0131\u015f ve b\u00f6lgeler hakk\u0131nda enlem ve boylam gibi, b\u00f6lge isimlerinin okunu\u015flar\u0131 gibi teknik bilgileri, bir\u00e7ok eser kullanarak ayr\u0131nt\u0131s\u0131yla vermi\u015ftir. Bu bilgiler yan\u0131nda \u015fehirlerin me\u015fhur olan \u00fcr\u00fcnlerinden, gelenek ve g\u00f6reneklerinden, birbirleri ile olan mesafelerinden, halk\u0131n\u0131n dini inan\u0131\u015flar\u0131ndan, mimari ve \u00f6nemli yap\u0131lar\u0131ndan bahseder. <\/p>\n","protected":false},"excerpt":{"rendered":"<p>Bu kitap 14.yy\u2019da ya\u015fam\u0131\u015f ve \u0130slam Co\u011frafyac\u0131lar\u0131 i\u00e7erisinde \u00f6nemli bir yere sahip olan Eb\u00fc\u2019l Fid\u00e2\u2019n\u0131n Takvim\u00fc\u2019l-B\u00fcldan adl\u0131 eserinin terc\u00fcmesidir.M\u00fcellif eserini kaleme almadan \u00f6nce bir\u00e7ok Co\u011frafya kitab\u0131<span class=\"excerpt-hellip\"> [\u2026]<\/span><\/p>\n","protected":false},"featured_media":0,"template":"","meta":{"_monsterinsights_skip_tracking":false,"_monsterinsights_sitenote_active":false,"_monsterinsights_sitenote_note":"","_monsterinsights_sitenote_category":0},"product_brand":[],"product_cat":[12718,12719,15238],"product_tag":[],"class_list":{"0":"post-709583","1":"product","2":"type-product","3":"status-publish","5":"product_cat-din","6":"product_cat-islam","7":"product_cat-tasavvuf","8":"pa_cilt-ciltsiz","9":"pa_tur-kitap","10":"pa_yayinevi-yeditepe-yayinevi","11":"pa_yazar-ramazan-sesen","13":"first","14":"instock","15":"sale","16":"shipping-taxable","17":"purchasable","18":"product-type-simple"},"_links":{"self":[{"href":"https:\/\/roveyayinevi.com.tr\/index.php\/wp-json\/wp\/v2\/product\/709583","targetHints":{"allow":["GET"]}}],"collection":[{"href":"https:\/\/roveyayinevi.com.tr\/index.php\/wp-json\/wp\/v2\/product"}],"about":[{"href":"https:\/\/roveyayinevi.com.tr\/index.php\/wp-json\/wp\/v2\/types\/product"}],"wp:attachment":[{"href":"https:\/\/roveyayinevi.com.tr\/index.php\/wp-json\/wp\/v2\/media?parent=709583"}],"wp:term":[{"taxonomy":"product_brand","embeddable":true,"href":"https:\/\/roveyayinevi.com.tr\/index.php\/wp-json\/wp\/v2\/product_brand?post=709583"},{"taxonomy":"product_cat","embeddable":true,"href":"https:\/\/roveyayinevi.com.tr\/index.php\/wp-json\/wp\/v2\/product_cat?post=709583"},{"taxonomy":"product_tag","embeddable":true,"href":"https:\/\/roveyayinevi.com.tr\/index.php\/wp-json\/wp\/v2\/product_tag?post=709583"}],"curies":[{"name":"wp","href":"https:\/\/api.w.org\/{rel}","templated":true}]}}