{"id":709574,"date":"2025-08-27T16:26:34","date_gmt":"2025-08-27T13:26:34","guid":{"rendered":"https:\/\/roveyayinevi.com.tr\/index.php\/urun\/gercek-ask\/"},"modified":"2026-04-16T02:18:08","modified_gmt":"2026-04-15T23:18:08","slug":"gercek-ask","status":"publish","type":"product","link":"https:\/\/roveyayinevi.com.tr\/index.php\/urun\/gercek-ask\/","title":{"rendered":"Ger\u00e7ek A\u015fk"},"content":{"rendered":"<p>Tinder, Facebook, Happen, Instagram, Scorp&#8230; Ger\u00e7ek a\u015fk\u0131n\u0131 bulmak i\u00e7in onlarca internet arac\u0131&#8230; Pek \u00e7ok hayal k\u0131r\u0131kl\u0131\u011f\u0131, uyumsuz e\u015fle\u015fmeler&#8230; Vazge\u00e7ecek noktaya geldiniz de\u011fil mi? Peki ya basit bir t\u00fck\u00fcr\u00fck testi b\u00fct\u00fcn probleminizi \u00e7\u00f6zecek olsayd\u0131? Sizi bu d\u00fcnyadaki \u00f6teki yar\u0131n\u0131z ile bulu\u015fturmay\u0131 garanti etseydi? Hem de bu bir DNA testi sonu\u00e7ta; tamam\u0131 ile g\u00fcvenilir. Sevgili bulmak i\u00e7in u\u011fra\u015fmaya, do\u011fru muydu de\u011fil miydi diye d\u00fc\u015f\u00fcnmeye gerek yok.Sorun \u015fu: DNA e\u015finiz d\u00fcnyan\u0131n \u00f6teki ucunda ya\u015f\u0131yor olabilir, sizden \u00e7ok daha ya\u015fl\u0131, evli, sizinle ayn\u0131 cinsten ve hatta bir psikopat olabilir.Mandy DNA e\u015fini bulan kocas\u0131 taraf\u0131ndan terk edilmi\u015f, orta ya\u015fl\u0131 bir kad\u0131n. Ve \u015fimdi o da a\u015fk\u0131n pe\u015finde.Jade\u2019in ruh ikizi Avustralya\u2019da ya\u015f\u0131yor. Bir g\u00fcn ger\u00e7ekten tan\u0131\u015facaklar m\u0131?Nick\u2019in ni\u015fanl\u0131s\u0131 tam evlilik \u00f6ncesi testi yapt\u0131rmalar\u0131 gerekti\u011finde \u0131srarc\u0131. Sonu\u00e7 olumsuz \u00e7\u0131kacak olursa ili\u015fkileri buna dayanabilecek mi?Ellie yaln\u0131z ama \u00e7ok ba\u015far\u0131l\u0131 bir CEO. Kariyeri ad\u0131na pek \u00e7ok \u015feyden vazge\u00e7mi\u015f. Bu test ona mutlulu\u011fu getirecek mi?Christopher ise k\u00f6\u015fede bekleyen bir psikopat. Peki bekledi\u011fi kim?Her bir hik\u00e2ye inan\u0131lmaz d\u00f6neme\u00e7lere giriyor ve okuru son sayfaya kadar diken \u00fcst\u00fcnde tutuyor.\u201cGer\u00e7ek A\u015fk\u201d nefes nefese okunan bir psikolojik gerilim roman\u0131. <\/p>\n","protected":false},"excerpt":{"rendered":"<p>Tinder, Facebook, Happen, Instagram, Scorp&#8230; Ger\u00e7ek a\u015fk\u0131n\u0131 bulmak i\u00e7in onlarca internet arac\u0131&#8230; Pek \u00e7ok hayal k\u0131r\u0131kl\u0131\u011f\u0131, uyumsuz e\u015fle\u015fmeler&#8230; Vazge\u00e7ecek noktaya geldiniz de\u011fil mi? Peki ya basit<span class=\"excerpt-hellip\"> [\u2026]<\/span><\/p>\n","protected":false},"featured_media":0,"template":"","meta":{"_monsterinsights_skip_tracking":false,"_monsterinsights_sitenote_active":false,"_monsterinsights_sitenote_note":"","_monsterinsights_sitenote_category":0},"product_brand":[],"product_cat":[12291,12711],"product_tag":[],"class_list":{"0":"post-709574","1":"product","2":"type-product","3":"status-publish","5":"product_cat-edebiyat","6":"product_cat-roman-oyku","7":"pa_cilt-ciltsiz","8":"pa_tur-kitap","9":"pa_yayinevi-beyaz-baykus-yayinlari","10":"pa_yazar-john-marrs","12":"first","13":"instock","14":"sale","15":"shipping-taxable","16":"purchasable","17":"product-type-simple"},"_links":{"self":[{"href":"https:\/\/roveyayinevi.com.tr\/index.php\/wp-json\/wp\/v2\/product\/709574","targetHints":{"allow":["GET"]}}],"collection":[{"href":"https:\/\/roveyayinevi.com.tr\/index.php\/wp-json\/wp\/v2\/product"}],"about":[{"href":"https:\/\/roveyayinevi.com.tr\/index.php\/wp-json\/wp\/v2\/types\/product"}],"wp:attachment":[{"href":"https:\/\/roveyayinevi.com.tr\/index.php\/wp-json\/wp\/v2\/media?parent=709574"}],"wp:term":[{"taxonomy":"product_brand","embeddable":true,"href":"https:\/\/roveyayinevi.com.tr\/index.php\/wp-json\/wp\/v2\/product_brand?post=709574"},{"taxonomy":"product_cat","embeddable":true,"href":"https:\/\/roveyayinevi.com.tr\/index.php\/wp-json\/wp\/v2\/product_cat?post=709574"},{"taxonomy":"product_tag","embeddable":true,"href":"https:\/\/roveyayinevi.com.tr\/index.php\/wp-json\/wp\/v2\/product_tag?post=709574"}],"curies":[{"name":"wp","href":"https:\/\/api.w.org\/{rel}","templated":true}]}}