{"id":709573,"date":"2025-08-27T16:26:34","date_gmt":"2025-08-27T13:26:34","guid":{"rendered":"https:\/\/roveyayinevi.com.tr\/index.php\/urun\/yuruyen-oluler-valinin-dususu\/"},"modified":"2026-04-16T02:18:08","modified_gmt":"2026-04-15T23:18:08","slug":"yuruyen-oluler-valinin-dususu","status":"publish","type":"product","link":"https:\/\/roveyayinevi.com.tr\/index.php\/urun\/yuruyen-oluler-valinin-dususu\/","title":{"rendered":"Y\u00fcr\u00fcyen \u00d6l\u00fcler : Valinin D\u00fc\u015f\u00fc\u015f\u00fc"},"content":{"rendered":"<p>Kalbi zay\u0131f olanlara tavsiye etmeyece\u011fim bu kitap, bask\u0131 alt\u0131nda, kan d\u00f6k\u00fclmelerinin canl\u0131 olarak resmedildi\u011fi ve vah\u015fili\u011fin karanl\u0131k y\u00fcz\u00fcn\u00fc temsil ediyor. Bu merak uyand\u0131ran karakter incelemesi, halihaz\u0131rda var olan karakter ve hikaye hatt\u0131na farkl\u0131 boyutlar kat\u0131yor.- School Library JournalZombi severlerin severek okuyabilece\u011fi bir kitap. Ancak Kirkman\u2019\u0131n zombi cehenneminin tad\u0131n\u0131 ald\u0131\u011f\u0131n\u0131zda, eski serileri de okumaktan kendinizi alamayacaks\u0131n\u0131z.- The OssuaryRomanda gizemli kalan karakterlerin ge\u00e7mi\u015flerini ele alarak onlar\u0131 birbirine ba\u011fl\u0131yor. Walking Dead severleri i\u00e7in okunmas\u0131 gereken bir kitap. <\/p>\n","protected":false},"excerpt":{"rendered":"<p>Kalbi zay\u0131f olanlara tavsiye etmeyece\u011fim bu kitap, bask\u0131 alt\u0131nda, kan d\u00f6k\u00fclmelerinin canl\u0131 olarak resmedildi\u011fi ve vah\u015fili\u011fin karanl\u0131k y\u00fcz\u00fcn\u00fc temsil ediyor. Bu merak uyand\u0131ran karakter incelemesi, halihaz\u0131rda<span class=\"excerpt-hellip\"> [\u2026]<\/span><\/p>\n","protected":false},"featured_media":0,"template":"","meta":{"_monsterinsights_skip_tracking":false,"_monsterinsights_sitenote_active":false,"_monsterinsights_sitenote_note":"","_monsterinsights_sitenote_category":0},"product_brand":[],"product_cat":[12291,14777],"product_tag":[],"class_list":{"0":"post-709573","1":"product","2":"type-product","3":"status-publish","5":"product_cat-edebiyat","6":"product_cat-fantastik","7":"pa_cilt-ciltsiz","8":"pa_tur-kitap","9":"pa_yayinevi-ren-kitap","10":"pa_yazar-jay-bonansigna","12":"first","13":"instock","14":"sale","15":"shipping-taxable","16":"purchasable","17":"product-type-simple"},"_links":{"self":[{"href":"https:\/\/roveyayinevi.com.tr\/index.php\/wp-json\/wp\/v2\/product\/709573","targetHints":{"allow":["GET"]}}],"collection":[{"href":"https:\/\/roveyayinevi.com.tr\/index.php\/wp-json\/wp\/v2\/product"}],"about":[{"href":"https:\/\/roveyayinevi.com.tr\/index.php\/wp-json\/wp\/v2\/types\/product"}],"wp:attachment":[{"href":"https:\/\/roveyayinevi.com.tr\/index.php\/wp-json\/wp\/v2\/media?parent=709573"}],"wp:term":[{"taxonomy":"product_brand","embeddable":true,"href":"https:\/\/roveyayinevi.com.tr\/index.php\/wp-json\/wp\/v2\/product_brand?post=709573"},{"taxonomy":"product_cat","embeddable":true,"href":"https:\/\/roveyayinevi.com.tr\/index.php\/wp-json\/wp\/v2\/product_cat?post=709573"},{"taxonomy":"product_tag","embeddable":true,"href":"https:\/\/roveyayinevi.com.tr\/index.php\/wp-json\/wp\/v2\/product_tag?post=709573"}],"curies":[{"name":"wp","href":"https:\/\/api.w.org\/{rel}","templated":true}]}}