{"id":709565,"date":"2025-08-27T16:26:30","date_gmt":"2025-08-27T13:26:30","guid":{"rendered":"https:\/\/roveyayinevi.com.tr\/index.php\/urun\/buzdagi\/"},"modified":"2026-04-16T02:18:08","modified_gmt":"2026-04-15T23:18:08","slug":"buzdagi","status":"publish","type":"product","link":"https:\/\/roveyayinevi.com.tr\/index.php\/urun\/buzdagi\/","title":{"rendered":"Buzda\u011f\u0131"},"content":{"rendered":"<p>Nazilerden \u201cFE*T\u00d6\u201dye Siyasal \u0130slamc\u0131lar\u0131n TarihiGazeteci-yazar Serdar Akinan, 15 Temmuz darbe giri\u015fimi sonras\u0131nda kartlar\u0131n yeniden kar\u0131\u015ft\u0131r\u0131ld\u0131\u011f\u0131 \u0130slamc\u0131 cenahta olan biteni anlamak i\u00e7in yak\u0131n tarihe bak\u0131yor.FE*T\u00d6\u2019n\u00fcn bu topraklarda emperyalistlerle i\u015fbirli\u011fine giren ilk milliyet\u00e7i-mukaddesat\u00e7\u0131 yap\u0131 olmad\u0131\u011f\u0131n\u0131 vurgulayan Akinan, So\u011fuk Sava\u015f y\u0131llar\u0131ndan itibaren tam ba\u011f\u0131ms\u0131zl\u0131k rotas\u0131ndan \u00e7\u0131kt\u0131\u011f\u0131m\u0131z\u0131 ve belli akt\u00f6rlerin derhal pozisyon almaya ba\u015flad\u0131\u011f\u0131na dikkat \u00e7ekiyor.Nazilerin kurdu\u011fu T\u00fcrk-\u0130slam Tugaylar\u0131\u2019ndan Kom\u00fcnizmle M\u00fccadele Dernekleri\u2019ne, 12 Eyl\u00fcl sonras\u0131 \u0130slami hareketin siciline, petro-dolarlarla kurulan faizsiz bankac\u0131l\u0131\u011fa, AKP ve FE*T\u00d6\u2019n\u00fcn anti-Kemalist ittifak\u0131na de\u011finen Serdar Akinan, tarihsel, ekonomik, sosyolojik, k\u00fclt\u00fcrel ve siyasi dinamikleri sorgulayarak g\u00fcn\u00fcm\u00fcze \u0131\u015f\u0131k tutuyor.\u201cBu kitab\u0131, sadece AKP\u2019nin de\u011fil, T\u00fcrkiye\u2019de milliyet\u00e7i-mukaddesat\u00e7\u0131 siyaset yapan, T\u00fcrk ve M\u00fcsl\u00fcman diyebilece\u011fimiz \u00e7ok ciddi bir kesimin, sermaye, medya ve devlet ayg\u0131t\u0131ndaki payda\u015flar\u0131yla nas\u0131l CIA emrinde oldu\u011funu g\u00f6stermek i\u00e7in yazd\u0131m.\u201d <\/p>\n","protected":false},"excerpt":{"rendered":"<p>Nazilerden \u201cFE*T\u00d6\u201dye Siyasal \u0130slamc\u0131lar\u0131n TarihiGazeteci-yazar Serdar Akinan, 15 Temmuz darbe giri\u015fimi sonras\u0131nda kartlar\u0131n yeniden kar\u0131\u015ft\u0131r\u0131ld\u0131\u011f\u0131 \u0130slamc\u0131 cenahta olan biteni anlamak i\u00e7in yak\u0131n tarihe bak\u0131yor.FE*T\u00d6\u2019n\u00fcn bu topraklarda<span class=\"excerpt-hellip\"> [\u2026]<\/span><\/p>\n","protected":false},"featured_media":0,"template":"","meta":{"_monsterinsights_skip_tracking":false,"_monsterinsights_sitenote_active":false,"_monsterinsights_sitenote_note":"","_monsterinsights_sitenote_category":0},"product_brand":[],"product_cat":[13590,12337],"product_tag":[],"class_list":{"0":"post-709565","1":"product","2":"type-product","3":"status-publish","5":"product_cat-arastirma-inceleme-politika-siyaset","6":"product_cat-politika-siyaset","7":"pa_cilt-ciltsiz","8":"pa_tur-kitap","9":"pa_yayinevi-kirmizi-kedi-yayinevi","10":"pa_yazar-serdar-akinan","12":"first","13":"instock","14":"sale","15":"shipping-taxable","16":"purchasable","17":"product-type-simple"},"_links":{"self":[{"href":"https:\/\/roveyayinevi.com.tr\/index.php\/wp-json\/wp\/v2\/product\/709565","targetHints":{"allow":["GET"]}}],"collection":[{"href":"https:\/\/roveyayinevi.com.tr\/index.php\/wp-json\/wp\/v2\/product"}],"about":[{"href":"https:\/\/roveyayinevi.com.tr\/index.php\/wp-json\/wp\/v2\/types\/product"}],"wp:attachment":[{"href":"https:\/\/roveyayinevi.com.tr\/index.php\/wp-json\/wp\/v2\/media?parent=709565"}],"wp:term":[{"taxonomy":"product_brand","embeddable":true,"href":"https:\/\/roveyayinevi.com.tr\/index.php\/wp-json\/wp\/v2\/product_brand?post=709565"},{"taxonomy":"product_cat","embeddable":true,"href":"https:\/\/roveyayinevi.com.tr\/index.php\/wp-json\/wp\/v2\/product_cat?post=709565"},{"taxonomy":"product_tag","embeddable":true,"href":"https:\/\/roveyayinevi.com.tr\/index.php\/wp-json\/wp\/v2\/product_tag?post=709565"}],"curies":[{"name":"wp","href":"https:\/\/api.w.org\/{rel}","templated":true}]}}