{"id":709557,"date":"2025-08-27T16:26:26","date_gmt":"2025-08-27T13:26:26","guid":{"rendered":"https:\/\/roveyayinevi.com.tr\/index.php\/urun\/kupa-terapi\/"},"modified":"2026-04-16T02:18:08","modified_gmt":"2026-04-15T23:18:08","slug":"kupa-terapi","status":"publish","type":"product","link":"https:\/\/roveyayinevi.com.tr\/index.php\/urun\/kupa-terapi\/","title":{"rendered":"Kupa Terapi"},"content":{"rendered":"<p>Modern t\u0131p sadece hasta organ ile ilgilenirken, geleneksel t\u0131p v\u00fccudu bir b\u00fct\u00fcn olarak ele al\u0131r. \u00d6rne\u011fin g\u00f6z hastal\u0131klar\u0131nda g\u00f6z\u00fc incelerken enerji ald\u0131\u011f\u0131 b\u00f6brekleri de analiz eder. V\u00fccut bir b\u00fct\u00fcnd\u00fcr ve bu b\u00fct\u00fcnl\u00fc\u011f\u00fcn i\u00e7inde organlar asla tek ba\u015f\u0131na \u00e7al\u0131\u015fmaz; birbiri ile muazzam sistem i\u00e7erisinde \u00e7al\u0131\u015f\u0131r. Uzun zaman alan bu ara\u015ft\u0131rmalar, yirmi y\u0131la yak\u0131n mesleki birikim ile birle\u015ferek bu kitap olu\u015ftu.Ne dediler?-Av. Kezban Hatemi-Sa\u011fl\u0131\u011f\u0131m\u0131z\u0131 etkileyen bir\u00e7ok rahats\u0131zl\u0131klar, kronikle\u015fmi\u015f bir\u00e7ok hastal\u0131klarda g\u00fcn\u00fcm\u00fczde t\u0131p d\u00fcnyas\u0131nda bilim adamlar\u0131 \u2018Hacamat\u2019\u0131n bir\u00e7ok konuda yararl\u0131 ve tedavi edici tesirinin bulundu\u011fu konusunda ittifak halindedir. Kadim bir t\u0131bbi y\u00f6ntem olan \u2018hacamat\u2019\u0131n bu g\u00fcn bir\u00e7ok hastal\u0131klar\u0131n tedavisinde fayda sa\u011flad\u0131\u011f\u0131 g\u00f6r\u00fclmektedir.-Demet Sabanc\u0131 \u00c7etindo\u011fan-Hacamat, yani kupa terapisi uygulamas\u0131 inand\u0131\u011f\u0131m bir detoks y\u00f6ntemidir. \u0130lk olarak Almanya\u2019da yapt\u0131rm\u0131\u015ft\u0131m, sonras\u0131nda ise Nuray Han\u0131m uygulam\u0131\u015ft\u0131. \u00c7ok memnun kald\u0131m. As\u0131rlard\u0131r uygulanan bir tedavi y\u00f6ntemi. Hacamat; v\u00fccudumuzda hastal\u0131k yapan sebeplerden ar\u0131nd\u0131rmakta, temizlemekte ve blokajlar a\u00e7\u0131larak yenilenmekte sanki.-Onkolog Dr. Yavuz Dizdar \u2013 \u0130. \u00dc. \u00c7apa T\u0131p Fak\u00fcltesi Radyasyon Onkolojisi \u00d6\u011fretim \u00dcyesi-\u0130nsan\u0131 biyolojik bir makine olarak alg\u0131lamaz; hastal\u0131klar\u0131n \u015fifas\u0131n\u0131 v\u00fccut al\u0131\u015fkanl\u0131klar\u0131n\u0131n irdelenip de\u011fi\u015ftirilmesinde ve do\u011fan\u0131n sundu\u011fu olanaklardan lay\u0131k\u0131yla do\u011fru faydalan\u0131lmas\u0131nda arar. Oru\u00e7, kupa tedavisi, ya da s\u00fcl\u00fck tedavisi\u2026 Bunlar, modern t\u0131bb\u0131n yeni yeni anlamaya ba\u015flad\u0131\u011f\u0131 b\u00fct\u00fcnc\u00fcl bilgi ve deneyimden dam\u0131t\u0131lm\u0131\u015f deneyimlerdir.-Kardiolog Dr. L\u00fcba Maiseeva Alkan-Kan hi\u00e7 yalan s\u00f6ylemez, i\u00e7inde \u2018var\u2019 olan her neyse anlat\u0131r. Bir \u015fey sizin v\u00fccudunuzda d\u00fcr\u00fcst ise, i\u015fte o kand\u0131r. Do\u011fumdan sonraki s\u00fcre\u00e7lerde kalitesi de\u011fi\u015fiyor. Her zaman kan bak\u0131m ister, yenilenmek ister. Kan sevin\u00e7tir. <\/p>\n","protected":false},"excerpt":{"rendered":"<p>Modern t\u0131p sadece hasta organ ile ilgilenirken, geleneksel t\u0131p v\u00fccudu bir b\u00fct\u00fcn olarak ele al\u0131r. \u00d6rne\u011fin g\u00f6z hastal\u0131klar\u0131nda g\u00f6z\u00fc incelerken enerji ald\u0131\u011f\u0131 b\u00f6brekleri de analiz eder.<span class=\"excerpt-hellip\"> [\u2026]<\/span><\/p>\n","protected":false},"featured_media":0,"template":"","meta":{"_monsterinsights_skip_tracking":false,"_monsterinsights_sitenote_active":false,"_monsterinsights_sitenote_note":"","_monsterinsights_sitenote_category":0},"product_brand":[],"product_cat":[13397,13365],"product_tag":[],"class_list":{"0":"post-709557","1":"product","2":"type-product","3":"status-publish","5":"product_cat-alternatif-tip-sifali-bitkiler","6":"product_cat-saglik","7":"pa_cilt-ciltsiz","8":"pa_tur-kitap","9":"pa_yayinevi-hayat-yayinlari","10":"pa_yazar-nuray-karpuzcu","12":"first","13":"instock","14":"sale","15":"shipping-taxable","16":"purchasable","17":"product-type-simple"},"_links":{"self":[{"href":"https:\/\/roveyayinevi.com.tr\/index.php\/wp-json\/wp\/v2\/product\/709557","targetHints":{"allow":["GET"]}}],"collection":[{"href":"https:\/\/roveyayinevi.com.tr\/index.php\/wp-json\/wp\/v2\/product"}],"about":[{"href":"https:\/\/roveyayinevi.com.tr\/index.php\/wp-json\/wp\/v2\/types\/product"}],"wp:attachment":[{"href":"https:\/\/roveyayinevi.com.tr\/index.php\/wp-json\/wp\/v2\/media?parent=709557"}],"wp:term":[{"taxonomy":"product_brand","embeddable":true,"href":"https:\/\/roveyayinevi.com.tr\/index.php\/wp-json\/wp\/v2\/product_brand?post=709557"},{"taxonomy":"product_cat","embeddable":true,"href":"https:\/\/roveyayinevi.com.tr\/index.php\/wp-json\/wp\/v2\/product_cat?post=709557"},{"taxonomy":"product_tag","embeddable":true,"href":"https:\/\/roveyayinevi.com.tr\/index.php\/wp-json\/wp\/v2\/product_tag?post=709557"}],"curies":[{"name":"wp","href":"https:\/\/api.w.org\/{rel}","templated":true}]}}