{"id":709549,"date":"2025-08-27T16:26:22","date_gmt":"2025-08-27T13:26:22","guid":{"rendered":"https:\/\/roveyayinevi.com.tr\/index.php\/urun\/kisisel-edebiyat-atlasi\/"},"modified":"2026-04-16T02:18:08","modified_gmt":"2026-04-15T23:18:08","slug":"kisisel-edebiyat-atlasi","status":"publish","type":"product","link":"https:\/\/roveyayinevi.com.tr\/index.php\/urun\/kisisel-edebiyat-atlasi\/","title":{"rendered":"Ki\u015fisel Edebiyat Atlas\u0131"},"content":{"rendered":"<p>Stefan Zweig\u2019dan O\u011fuz Atay\u2019a, Franz Kafka\u2019dan Yukio Mi\u015fima\u2019ya yirmi yazar. K\u0131ta Avrupas\u0131\u2019ndan Uzakdo\u011fu\u2019ya, Anadolu\u2019dan Latin Amerika\u2019ya uzanan yirmi edip. Edebiyata y\u00f6n veren yirmi ulu \u00e7\u0131nar.\u015eiir, \u00f6yk\u00fc ve anlat\u0131lar\u0131ndan tan\u0131d\u0131\u011f\u0131n\u0131z Ali Lidar\u2019dan ki\u015fisel bir edebiyat kanonu; \u00e7evirdi\u011finiz her sayfada yazar\u0131n patikas\u0131n\u0131 takip ederek ayak izlerinin ard\u0131nda kaybolaca\u011f\u0131n\u0131z bir yazar atlas\u0131\u2026\u201cBug\u00fcne kadar yay\u0131mlanan kitaplar\u0131mdan \u00e7ok daha farkl\u0131 oldu Atlas. Temel amac\u0131m da \u015fuydu: \u00d6zellikle \u00f6\u011frencilerimden ve gen\u00e7 arkada\u015flardan s\u0131k s\u0131k kimleri okuyal\u0131m, hangi kitab\u0131 tavsiye edersiniz gibi sorular ald\u0131m ve almaktay\u0131m. \u0130\u015fte bu kitap t\u00fcm bu sorulara toplu bir cevap mahiyetinde de\u011ferlendirilebilir. Hangi yazarlar\u0131 sevdi\u011fimi, hatta o yazarlar\u0131n \u00f6zellikle hangi kitaplar\u0131n\u0131 sevdi\u011fimi ve bunun nedenlerini akl\u0131m\u0131n ve dilimin yetti\u011fince anlatmaya \u00e7al\u0131\u015ft\u0131m.\u201d <\/p>\n","protected":false},"excerpt":{"rendered":"<p>Stefan Zweig\u2019dan O\u011fuz Atay\u2019a, Franz Kafka\u2019dan Yukio Mi\u015fima\u2019ya yirmi yazar. K\u0131ta Avrupas\u0131\u2019ndan Uzakdo\u011fu\u2019ya, Anadolu\u2019dan Latin Amerika\u2019ya uzanan yirmi edip. Edebiyata y\u00f6n veren yirmi ulu \u00e7\u0131nar.\u015eiir, \u00f6yk\u00fc<span class=\"excerpt-hellip\"> [\u2026]<\/span><\/p>\n","protected":false},"featured_media":0,"template":"","meta":{"_monsterinsights_skip_tracking":false,"_monsterinsights_sitenote_active":false,"_monsterinsights_sitenote_note":"","_monsterinsights_sitenote_category":0},"product_brand":[],"product_cat":[14009,12291],"product_tag":[],"class_list":{"0":"post-709549","1":"product","2":"type-product","3":"status-publish","5":"product_cat-biyografi-otobiyografi-edebiyat","6":"product_cat-edebiyat","7":"pa_cilt-ciltsiz","8":"pa_tur-kitap","9":"pa_yayinevi-ithaki-yayinlari","10":"pa_yazar-ali-lidar","12":"first","13":"instock","14":"sale","15":"shipping-taxable","16":"purchasable","17":"product-type-simple"},"_links":{"self":[{"href":"https:\/\/roveyayinevi.com.tr\/index.php\/wp-json\/wp\/v2\/product\/709549","targetHints":{"allow":["GET"]}}],"collection":[{"href":"https:\/\/roveyayinevi.com.tr\/index.php\/wp-json\/wp\/v2\/product"}],"about":[{"href":"https:\/\/roveyayinevi.com.tr\/index.php\/wp-json\/wp\/v2\/types\/product"}],"wp:attachment":[{"href":"https:\/\/roveyayinevi.com.tr\/index.php\/wp-json\/wp\/v2\/media?parent=709549"}],"wp:term":[{"taxonomy":"product_brand","embeddable":true,"href":"https:\/\/roveyayinevi.com.tr\/index.php\/wp-json\/wp\/v2\/product_brand?post=709549"},{"taxonomy":"product_cat","embeddable":true,"href":"https:\/\/roveyayinevi.com.tr\/index.php\/wp-json\/wp\/v2\/product_cat?post=709549"},{"taxonomy":"product_tag","embeddable":true,"href":"https:\/\/roveyayinevi.com.tr\/index.php\/wp-json\/wp\/v2\/product_tag?post=709549"}],"curies":[{"name":"wp","href":"https:\/\/api.w.org\/{rel}","templated":true}]}}