{"id":709547,"date":"2025-08-27T16:26:21","date_gmt":"2025-08-27T13:26:21","guid":{"rendered":"https:\/\/roveyayinevi.com.tr\/index.php\/urun\/mulksuzlesme-siyasaldaki-performatif\/"},"modified":"2026-04-16T02:18:07","modified_gmt":"2026-04-15T23:18:07","slug":"mulksuzlesme-siyasaldaki-performatif","status":"publish","type":"product","link":"https:\/\/roveyayinevi.com.tr\/index.php\/urun\/mulksuzlesme-siyasaldaki-performatif\/","title":{"rendered":"M\u00fclks\u00fczle\u015fme (Siyasaldaki Performatif)"},"content":{"rendered":"<p>&#8220;Ki\u015fi g\u00f6rd\u00fc\u011f\u00fc, hissetti\u011fi ve \u00f6\u011frendi\u011fi \u015feyin uyand\u0131rd\u0131\u011f\u0131 duygularla hareket etti\u011finde kendini hep ba\u015fka bir yere, ba\u015fka bir sahneye ya da merkezinde olmad\u0131\u011f\u0131 bir toplumsal d\u00fcnyaya savrulmu\u015f halde bulur. M\u00fclks\u00fczle\u015fmenin bu t\u00fcr\u00fcn\u00fc eyleme ve direni\u015fe, \u00f6tekilerle birlikte g\u00f6r\u00fcn\u00fcr hale gelerek adaletsizli\u011fe son verilmesini talep etmeye yol a\u00e7an bir duyarl\u0131l\u0131k bi\u00e7imi olarak de\u011ferlendiriyoruz. Adaletsizli\u011fin ald\u0131\u011f\u0131 bir bi\u00e7im de halklar\u0131n, \u00f6rne\u011fin zorunlu g\u00f6\u00e7, i\u015fsizlik, evsizlik, i\u015fgal ve fetih vas\u0131tas\u0131yla sistematik olarak m\u00fclks\u00fczle\u015ftirilmeleridir. \u0130\u015fte biz de, egemen benli\u011fin malikiyetinden feragat anlam\u0131nda m\u00fclks\u00fczle\u015ferek dahil olunan kolektivitelerin, kimi n\u00fcfuslar\u0131 kolektif aidiyet ve adaletten sistematik olarak men eden m\u00fclks\u00fczle\u015ftirme bi\u00e7imlerine nas\u0131l muhalefet edebilece\u011fini ele al\u0131yoruz.&#8221; Bu kitaptaki yaz\u0131lar, M\u0131s\u0131r devriminin en yo\u011fun g\u00fcnlerinin ya\u015fand\u0131\u011f\u0131 d\u00f6nem ile Yunanistan\u2019da Sol&#8217;un neoliberal kemer s\u0131kma politikalar\u0131na kar\u015f\u0131 ciddi muhalefet g\u00f6sterdi\u011fi d\u00f6nem aras\u0131ndaki aylarda, iki yazar\u0131n y\u00fcr\u00fctt\u00fc\u011f\u00fc diyalog sonucunda ortaya \u00e7\u0131kt\u0131. \u00d6zellikle Irigaray\u2019\u0131n \u00e7al\u0131\u015fmalar\u0131ndan, Heidegger\u2019in teknoloji ele\u015ftirisinden, Foucault\u2019nun biyopolitika kavram\u0131ndan ve Lacan sonras\u0131 psikanalizden beslenen Athena Athanasiou ile, Foucault\u2019dan ve s\u00f6z edimleri kuram\u0131ndan, toplumsal cinsiyet kuram\u0131ndan, kuir aktivizmden ve heterodoks psikanalizden yola \u00e7\u0131kan Judith Butler, k\u00e2h fikir birli\u011fine var\u0131p k\u00e2h ayr\u0131l\u0131\u011fa d\u00fc\u015ferek \u201cSiyasal duyarl\u0131l\u0131\u011f\u0131 m\u00fcmk\u00fcn k\u0131lan nedir?\u201d sorusunun pe\u015fine d\u00fc\u015f\u00fcyorlar. <\/p>\n","protected":false},"excerpt":{"rendered":"<p>&#8220;Ki\u015fi g\u00f6rd\u00fc\u011f\u00fc, hissetti\u011fi ve \u00f6\u011frendi\u011fi \u015feyin uyand\u0131rd\u0131\u011f\u0131 duygularla hareket etti\u011finde kendini hep ba\u015fka bir yere, ba\u015fka bir sahneye ya da merkezinde olmad\u0131\u011f\u0131 bir toplumsal d\u00fcnyaya savrulmu\u015f<span class=\"excerpt-hellip\"> [\u2026]<\/span><\/p>\n","protected":false},"featured_media":0,"template":"","meta":{"_monsterinsights_skip_tracking":false,"_monsterinsights_sitenote_active":false,"_monsterinsights_sitenote_note":"","_monsterinsights_sitenote_category":0},"product_brand":[],"product_cat":[12312,12304],"product_tag":[],"class_list":{"0":"post-709547","1":"product","2":"type-product","3":"status-publish","5":"product_cat-diger","6":"product_cat-tarih","7":"pa_cilt-ciltsiz","8":"pa_tur-kitap","9":"pa_yayinevi-metis-yayinlari","10":"pa_yazar-athena-athanasiou","11":"pa_yazar-judith-butler","13":"first","14":"instock","15":"sale","16":"shipping-taxable","17":"purchasable","18":"product-type-simple"},"_links":{"self":[{"href":"https:\/\/roveyayinevi.com.tr\/index.php\/wp-json\/wp\/v2\/product\/709547","targetHints":{"allow":["GET"]}}],"collection":[{"href":"https:\/\/roveyayinevi.com.tr\/index.php\/wp-json\/wp\/v2\/product"}],"about":[{"href":"https:\/\/roveyayinevi.com.tr\/index.php\/wp-json\/wp\/v2\/types\/product"}],"wp:attachment":[{"href":"https:\/\/roveyayinevi.com.tr\/index.php\/wp-json\/wp\/v2\/media?parent=709547"}],"wp:term":[{"taxonomy":"product_brand","embeddable":true,"href":"https:\/\/roveyayinevi.com.tr\/index.php\/wp-json\/wp\/v2\/product_brand?post=709547"},{"taxonomy":"product_cat","embeddable":true,"href":"https:\/\/roveyayinevi.com.tr\/index.php\/wp-json\/wp\/v2\/product_cat?post=709547"},{"taxonomy":"product_tag","embeddable":true,"href":"https:\/\/roveyayinevi.com.tr\/index.php\/wp-json\/wp\/v2\/product_tag?post=709547"}],"curies":[{"name":"wp","href":"https:\/\/api.w.org\/{rel}","templated":true}]}}