{"id":709534,"date":"2025-08-27T16:26:14","date_gmt":"2025-08-27T13:26:14","guid":{"rendered":"https:\/\/roveyayinevi.com.tr\/index.php\/urun\/felsefe-din-ve-kulturde-zaman\/"},"modified":"2026-04-16T02:18:07","modified_gmt":"2026-04-15T23:18:07","slug":"felsefe-din-ve-kulturde-zaman","status":"publish","type":"product","link":"https:\/\/roveyayinevi.com.tr\/index.php\/urun\/felsefe-din-ve-kulturde-zaman\/","title":{"rendered":"Felsefe, Din ve K\u00fclt\u00fcrde Zaman"},"content":{"rendered":"<p>Zaman\u0131n mahiyeti ve onun ne oldu\u011fu, insanl\u0131k tarihinin en eski sorular\u0131ndan biridir. \u0130nsan \u201cvarl\u0131\u011f\u0131n ne oldu\u011funa\u201d dair ilka\u00e7\u0131klamalardan olu\u015fan mitolojide bile bu sorunun cevab\u0131 aram\u0131\u015ft\u0131r. \u0130nsan kendi varl\u0131\u011f\u0131n\u0131 ve di\u011fer varl\u0131klar\u0131n anlamlar\u0131n\u0131 ancakzaman\u0131n ne oldu\u011funu bilmesi durumunda tam anlayabilmektedir. Uzun bir olgunla\u015fma s\u00fcrecine ra\u011fmen bu probleme kal\u0131c\u0131bir \u00e7\u00f6z\u00fcm\u00fcn bulundu\u011funu s\u00f6ylemek olduk\u00e7a zordur.Felsefe, Din ve K\u00fclt\u00fcrde Zaman, g\u00fcnl\u00fck ya\u015fant\u0131m\u0131z\u0131n temelini olu\u015fturan fakat bir o kadar da insana gizli kalan \u201czaman\u201dkavram\u0131n\u0131 ele al\u0131yor. Do\u011fumdan \u00f6l\u00fcme kadar bize e\u015flik eden zaman kavram\u0131n\u0131n i\u00e7selle\u015ftirilmesi ve anla\u015f\u0131lmas\u0131 ya\u015fant\u0131lar\u0131m\u0131zda\u00f6nemli pencereler a\u00e7acak, varolu\u015fumuzun fark\u0131na vard\u0131racakt\u0131r. Zamansal olmak, ayn\u0131 zamanda sonsuzu aramak anlam\u0131nageldi\u011finden sonluluk ve fani olmak bir kusur de\u011fil, aksine avantajd\u0131r; \u00e7\u00fcnk\u00fc sadece insan sonlu ve \u00f6l\u00fcml\u00fcd\u00fcr. <\/p>\n","protected":false},"excerpt":{"rendered":"<p>Zaman\u0131n mahiyeti ve onun ne oldu\u011fu, insanl\u0131k tarihinin en eski sorular\u0131ndan biridir. \u0130nsan \u201cvarl\u0131\u011f\u0131n ne oldu\u011funa\u201d dair ilka\u00e7\u0131klamalardan olu\u015fan mitolojide bile bu sorunun cevab\u0131 aram\u0131\u015ft\u0131r. \u0130nsan<span class=\"excerpt-hellip\"> [\u2026]<\/span><\/p>\n","protected":false},"featured_media":0,"template":"","meta":{"_monsterinsights_skip_tracking":false,"_monsterinsights_sitenote_active":false,"_monsterinsights_sitenote_note":"","_monsterinsights_sitenote_category":0},"product_brand":[],"product_cat":[19998,12388],"product_tag":[],"class_list":{"0":"post-709534","1":"product","2":"type-product","3":"status-publish","5":"product_cat-din-felsefesi","6":"product_cat-felsefe","7":"pa_cilt-ciltsiz","8":"pa_tur-kitap","9":"pa_yayinevi-say-yayinlari","10":"pa_yazar-arslan-topakkaya","12":"first","13":"instock","14":"sale","15":"shipping-taxable","16":"purchasable","17":"product-type-simple"},"_links":{"self":[{"href":"https:\/\/roveyayinevi.com.tr\/index.php\/wp-json\/wp\/v2\/product\/709534","targetHints":{"allow":["GET"]}}],"collection":[{"href":"https:\/\/roveyayinevi.com.tr\/index.php\/wp-json\/wp\/v2\/product"}],"about":[{"href":"https:\/\/roveyayinevi.com.tr\/index.php\/wp-json\/wp\/v2\/types\/product"}],"wp:attachment":[{"href":"https:\/\/roveyayinevi.com.tr\/index.php\/wp-json\/wp\/v2\/media?parent=709534"}],"wp:term":[{"taxonomy":"product_brand","embeddable":true,"href":"https:\/\/roveyayinevi.com.tr\/index.php\/wp-json\/wp\/v2\/product_brand?post=709534"},{"taxonomy":"product_cat","embeddable":true,"href":"https:\/\/roveyayinevi.com.tr\/index.php\/wp-json\/wp\/v2\/product_cat?post=709534"},{"taxonomy":"product_tag","embeddable":true,"href":"https:\/\/roveyayinevi.com.tr\/index.php\/wp-json\/wp\/v2\/product_tag?post=709534"}],"curies":[{"name":"wp","href":"https:\/\/api.w.org\/{rel}","templated":true}]}}

Felsefe, Din ve Kültürde Zaman

<p>Zamanın mahiyeti ve onun ne olduğu, insanlık tarihinin en eski sorularından biridir. İnsan “varlığın ne olduğuna” dair ilkaçıklamalardan oluşan mitolojide bile bu sorunun cevabı aramıştır. İnsan kendi varlığını ve diğer varlıkların anlamlarını ancakzamanın ne olduğunu bilmesi durumunda tam anlayabilmektedir. Uzun bir olgunlaşma sürecine rağmen bu probleme kalıcıbir çözümün bulunduğunu söylemek oldukça zordur.Felsefe, Din ve Kültürde Zaman, günlük yaşantımızın temelini oluşturan fakat bir o kadar da insana gizli kalan “zaman”kavramını ele alıyor. Doğumdan ölüme kadar bize eşlik eden zaman kavramının içselleştirilmesi ve anlaşılması yaşantılarımızdaönemli pencereler açacak, varoluşumuzun farkına vardıracaktır. Zamansal olmak, aynı zamanda sonsuzu aramak anlamınageldiğinden sonluluk ve fani olmak bir kusur değil, aksine avantajdır; çünkü sadece insan sonlu ve ölümlüdür. </p>

<p>Zamanın mahiyeti ve onun ne olduğu, insanlık tarihinin en eski sorularından biridir. İnsan “varlığın ne olduğuna” dair ilkaçıklamalardan oluşan mitolojide bile bu sorunun cevabı aramıştır. İnsan<span class="excerpt-hellip"> […]</span></p>
