{"id":709508,"date":"2025-08-27T16:26:00","date_gmt":"2025-08-27T13:26:00","guid":{"rendered":"https:\/\/roveyayinevi.com.tr\/index.php\/urun\/kadinlarin-kolelestirilmesi\/"},"modified":"2026-04-16T02:18:07","modified_gmt":"2026-04-15T23:18:07","slug":"kadinlarin-kolelestirilmesi","status":"publish","type":"product","link":"https:\/\/roveyayinevi.com.tr\/index.php\/urun\/kadinlarin-kolelestirilmesi\/","title":{"rendered":"Kad\u0131nlar\u0131n K\u00f6lele\u015ftirilmesi"},"content":{"rendered":"<p>John Stuart Mill\u2019in, \u201cbir cinsiyetin di\u011ferine olan ba\u011f\u0131ml\u0131l\u0131\u011f\u0131\u201d \u00fczerine, e\u015fi Harriet Taylor Mill ile birlikte geli\u015ftirdi\u011fi d\u00fc\u015f\u00fcncelerin bir \u00fcr\u00fcn\u00fc olan ve e\u015finin \u00f6l\u00fcm\u00fcnden sonra k\u0131z\u0131 Helen Taylor\u2019\u0131n deste\u011fiyle tamamlad\u0131\u011f\u0131 Kad\u0131nlar\u0131n K\u00f6lele\u015ftirilmesi (The Subjection of Women) (1869), yay\u0131mland\u0131\u011f\u0131 tarihsel ba\u011flam i\u00e7inde, Avrupa\u2019n\u0131n geleneksel siyasi, hukuki, ekonomik ve ahlaki sistemi i\u00e7in hakaret dolu bir sald\u0131r\u0131 olarak g\u00f6r\u00fclmesine yol a\u00e7acak kadar radikal savlara sahipti. Yine de, XXI. y\u00fczy\u0131l\u0131n d\u00fcnyas\u0131 a\u00e7\u0131s\u0131ndan yazar\u0131n \u00fczerinde durdu\u011fu meselelerde kad\u0131nlar\u0131n yasal haklar\u0131n\u0131n IXX. y\u00fczy\u0131la k\u0131yasla genel olarak iyile\u015ftirilmi\u015f olmas\u0131, elimizdeki metni eskimi\u015f (archaic) k\u0131lmaz. Tam tersine, kad\u0131nlar\u0131n erkeklere olan ba\u011f\u0131ml\u0131l\u0131\u011f\u0131n\u0131n, do\u011frudan \u201czor yasas\u0131\u201dndan (law of force) kaynaklan\u0131yor olmas\u0131ndan hareketle modern d\u00fcnyan\u0131n temel nitelikleri i\u00e7in s\u00f6z konusu ilkeyi tarihsel bir \u00e7eli\u015fki olarak tahlil eden bu metin, yaln\u0131zca siyasal felsefenin i\u00e7 tart\u0131\u015fmalar\u0131 i\u00e7in bir kaynak olmakla kalmaz; ayn\u0131 zamanda, \u201ckad\u0131n meselesi\u201d hakk\u0131nda kaleme al\u0131nm\u0131\u015f ilk metinlerden biri olma niteli\u011finin yan\u0131nda, g\u00fcn\u00fcm\u00fcz\u00fcn temel bir\u00e7ok meselesi hakk\u0131nda hassas bir Ayd\u0131nlanmac\u0131 felsefe sunar; fakat elimizdeki metin, yazar\u0131n siyasal felsefesinin sahip oldu\u011fu t\u00fcm duyarl\u0131\u011f\u0131na ra\u011fmen, sonuna kadar ele\u015ftiriye a\u00e7\u0131kt\u0131r. Zira yazar, ait oldu\u011fu d\u00f6nemin ve toplumsal s\u0131n\u0131f\u0131n \u00f6nyarg\u0131 ve \u00e7\u0131karlar\u0131ndan azade de\u011fildir. Mill\u2019in, Hristiyan ahlak\u0131n\u0131n ele\u015ftirisi konusundaki sessizli\u011fi, a\u00e7\u0131ktan benimsenen oryantalist bir bak\u0131\u015f a\u00e7\u0131s\u0131yla ge\u00e7i\u015ftirilir. Benzer bir \u015fekilde, \u201cfaydac\u0131l\u0131k\u201d ilkesi ile beraber Ayd\u0131nlanmac\u0131 siyasal felsefenin \u201cilerlemeci\u201d tarihsel bak\u0131\u015f a\u00e7\u0131s\u0131, metnin t\u00fcm kuramsal yap\u0131s\u0131n\u0131 olu\u015fturur. Di\u011fer taraftan, Mill\u2019in \u201ckad\u0131nlar\u0131n \u00f6zg\u00fcrle\u015ftirilmesi\u201d projesi, aslen \u201cm\u00fclkiyet sahibi s\u0131n\u0131flar\u0131\u201d kaps\u0131yor g\u00f6z\u00fckmektedir. Her ne olursa olsun, Mill\u2019in Kad\u0131nlar\u0131n K\u00f6lele\u015ftirilmesi adl\u0131 eserinin ge\u00e7 de olsa T\u00fcrk\u00e7eye kazand\u0131r\u0131lmas\u0131, hem genel olarak siyasal d\u00fc\u015f\u00fcnce disiplini hem de \u00f6zel olarak kad\u0131n meselesi konusundaki mevcut yaz\u0131na yap\u0131lm\u0131\u015f esasl\u0131 bir katk\u0131d\u0131r.al_original.jpg&#8221; alt=&#8221;Tan\u0131t\u0131m Metni&#8221; height=&#8221;15&#8243; width=&#8221;15&#8243; &gt;<span>Tan\u0131t\u0131m Metni<\/span><\/img><\/p>\n","protected":false},"excerpt":{"rendered":"<p>John Stuart Mill\u2019in, \u201cbir cinsiyetin di\u011ferine olan ba\u011f\u0131ml\u0131l\u0131\u011f\u0131\u201d \u00fczerine, e\u015fi Harriet Taylor Mill ile birlikte geli\u015ftirdi\u011fi d\u00fc\u015f\u00fcncelerin bir \u00fcr\u00fcn\u00fc olan ve e\u015finin \u00f6l\u00fcm\u00fcnden sonra k\u0131z\u0131 Helen<span class=\"excerpt-hellip\"> [\u2026]<\/span><\/p>\n","protected":false},"featured_media":0,"template":"","meta":{"_monsterinsights_skip_tracking":false,"_monsterinsights_sitenote_active":false,"_monsterinsights_sitenote_note":"","_monsterinsights_sitenote_category":0},"product_brand":[],"product_cat":[14787,13488],"product_tag":[],"class_list":{"0":"post-709508","1":"product","2":"type-product","3":"status-publish","5":"product_cat-diger-toplum-ve-insan","6":"product_cat-toplum-ve-insan","7":"pa_cilt-ciltsiz","8":"pa_tur-kitap","9":"pa_yayinevi-bilge-kultur-sanat","10":"pa_yazar-john-stuart-mill","12":"first","13":"instock","14":"sale","15":"shipping-taxable","16":"purchasable","17":"product-type-simple"},"_links":{"self":[{"href":"https:\/\/roveyayinevi.com.tr\/index.php\/wp-json\/wp\/v2\/product\/709508","targetHints":{"allow":["GET"]}}],"collection":[{"href":"https:\/\/roveyayinevi.com.tr\/index.php\/wp-json\/wp\/v2\/product"}],"about":[{"href":"https:\/\/roveyayinevi.com.tr\/index.php\/wp-json\/wp\/v2\/types\/product"}],"wp:attachment":[{"href":"https:\/\/roveyayinevi.com.tr\/index.php\/wp-json\/wp\/v2\/media?parent=709508"}],"wp:term":[{"taxonomy":"product_brand","embeddable":true,"href":"https:\/\/roveyayinevi.com.tr\/index.php\/wp-json\/wp\/v2\/product_brand?post=709508"},{"taxonomy":"product_cat","embeddable":true,"href":"https:\/\/roveyayinevi.com.tr\/index.php\/wp-json\/wp\/v2\/product_cat?post=709508"},{"taxonomy":"product_tag","embeddable":true,"href":"https:\/\/roveyayinevi.com.tr\/index.php\/wp-json\/wp\/v2\/product_tag?post=709508"}],"curies":[{"name":"wp","href":"https:\/\/api.w.org\/{rel}","templated":true}]}}