{"id":709503,"date":"2025-08-27T16:25:58","date_gmt":"2025-08-27T13:25:58","guid":{"rendered":"https:\/\/roveyayinevi.com.tr\/index.php\/urun\/hayal-sozlesmesi\/"},"modified":"2026-04-16T02:18:07","modified_gmt":"2026-04-15T23:18:07","slug":"hayal-sozlesmesi","status":"publish","type":"product","link":"https:\/\/roveyayinevi.com.tr\/index.php\/urun\/hayal-sozlesmesi\/","title":{"rendered":"Hayal S\u00f6zle\u015fmesi"},"content":{"rendered":"<p>Hayat\u0131n farkl\u0131 y\u00f6nlerini g\u00f6rebiliyor musun? Ya\u015fad\u0131\u011f\u0131n her \u00e2n\u0131 anlaml\u0131 k\u0131labiliyor musun? Hayallerini ger\u00e7ekle\u015ftirebilmek i\u00e7in \u00e7aba sarf ediyor musun? Peki, hayallerine sahip \u00e7\u0131kabilmen ad\u0131na senden bir Hayal S\u00f6zle\u015fmesi\u2019ne imza atman\u0131 istesek?..8-A s\u0131n\u0131f\u0131 \u00f6\u011frencileri i\u00e7in her \u015fey, \u00f6\u011fretmenlerinin \u201cGer\u00e7ekle\u015fmesini istedi\u011finiz yak\u0131n ve uzak gelecekteki hayallerinizi anlatan birer mektup yaz\u0131n.\u201d \u00f6devini vermesiyle ba\u015flar. Meslek hayat\u0131n\u0131n belki de en \u00f6nemli projesini kendileriyle payla\u015ft\u0131\u011f\u0131 i\u00e7in heyecanlanan gen\u00e7ler, k\u0131sa vadeli hedeflerine ula\u015fma arzusuyla kollar\u0131 s\u0131var. Yak\u0131n gelecekte ger\u00e7e\u011fe d\u00f6n\u00fc\u015fmesini \u00fcmit ettikleri hayalleri i\u00e7in s\u0131n\u0131f i\u00e7erisinde bir \u00e7ekili\u015f d\u00fczenleyen \u00f6\u011frenciler, talihlilerin belirlenmesinin ard\u0131ndan, be\u015f arkada\u015flar\u0131n\u0131n hayallerini el birli\u011fiyle ger\u00e7ekle\u015ftirmeye koyulurlar&#8230;   \u201cBeni Ba\u015ftan Yarat\u201d, \u201cAh Be\u015fikta\u015f\u201d, \u201cTe\u015fekk\u00fcr Ne Demek\u201d, \u201cTeknoloji Devi\u201d, \u201cO Buraya Gelecek\u201d\u2026 Her insan ayr\u0131 bir hayali, her hayal ayr\u0131 bir insan\u0131 var eder. Kimileri kalbine kelebekler konsun, kimileri karnesi 100\u2019lerle dolsun ister. Hayal kurmak g\u00fczel, ho\u015f da peki ya hayallerin ger\u00e7e\u011fe d\u00f6n\u00fc\u015fme ihtimali? \u0130\u015fte bu noktada \u2018Hayal et, ger\u00e7ekle\u015ftir!\u2019 operasyonu ile 8-A s\u0131n\u0131f\u0131 d\u00fcmen ba\u015f\u0131na ge\u00e7iyor!Kendini bildi bileli \u201cKOB\u201d (kitap okuma ba\u011f\u0131ml\u0131l\u0131\u011f\u0131) vir\u00fcs\u00fcn\u00fc \u00e7ok sevgili \u00f6\u011frencilerine bula\u015ft\u0131rmak i\u00e7in azami gayret g\u00f6steren \u00e7i\u00e7e\u011fi burnunda yazar Dilek Yard\u0131mc\u0131, Hayal S\u00f6zle\u015fmesi roman\u0131yla, okurlar\u0131n\u0131 hayallerine sahip \u00e7\u0131kmaya \u00e7a\u011f\u0131r\u0131yor.Mizah\u0131 elden b\u0131rakmayan ak\u0131c\u0131 metni, sevimli karakterleri ve e\u011flenceli kurgusuyla keyifli bir okuma vadeden hayalperest yazar, birbirlerinden tamamen farkl\u0131 hayallerle donat\u0131lm\u0131\u015f bir avu\u00e7 gencin d\u00fc\u015fleri pe\u015finden oradan oraya s\u00fcr\u00fckleni\u015fine tan\u0131kl\u0131k ettirirken k\u00e2h g\u00fcld\u00fcr\u00fcyor k\u00e2h h\u00fcz\u00fcnlendiriyor. Unutmay\u0131n; hedefler, hayallerle ger\u00e7ekle\u015fir. Bizden \u00f6nceki insanlar bug\u00fcnk\u00fc uygar topluma eri\u015fmenin temellerini hayallerle att\u0131lar; \u00f6nce hayal kurdular, sonra bunlar\u0131 ger\u00e7e\u011fe d\u00f6n\u00fc\u015ft\u00fcrd\u00fcler. \u015eimdi hayal kurma s\u0131ras\u0131 sizde! <\/p>\n","protected":false},"excerpt":{"rendered":"<p>Hayat\u0131n farkl\u0131 y\u00f6nlerini g\u00f6rebiliyor musun? Ya\u015fad\u0131\u011f\u0131n her \u00e2n\u0131 anlaml\u0131 k\u0131labiliyor musun? Hayallerini ger\u00e7ekle\u015ftirebilmek i\u00e7in \u00e7aba sarf ediyor musun? Peki, hayallerine sahip \u00e7\u0131kabilmen ad\u0131na senden bir Hayal<span class=\"excerpt-hellip\"> [\u2026]<\/span><\/p>\n","protected":false},"featured_media":0,"template":"","meta":{"_monsterinsights_skip_tracking":false,"_monsterinsights_sitenote_active":false,"_monsterinsights_sitenote_note":"","_monsterinsights_sitenote_category":0},"product_brand":[],"product_cat":[12291,15117],"product_tag":[],"class_list":{"0":"post-709503","1":"product","2":"type-product","3":"status-publish","5":"product_cat-edebiyat","6":"product_cat-genclik-edebiyati","7":"pa_cilt-ciltsiz","8":"pa_tur-kitap","9":"pa_yayinevi-tudem-yayinlari","10":"pa_yazar-dilek-yardimci","12":"first","13":"instock","14":"sale","15":"shipping-taxable","16":"purchasable","17":"product-type-simple"},"_links":{"self":[{"href":"https:\/\/roveyayinevi.com.tr\/index.php\/wp-json\/wp\/v2\/product\/709503","targetHints":{"allow":["GET"]}}],"collection":[{"href":"https:\/\/roveyayinevi.com.tr\/index.php\/wp-json\/wp\/v2\/product"}],"about":[{"href":"https:\/\/roveyayinevi.com.tr\/index.php\/wp-json\/wp\/v2\/types\/product"}],"wp:attachment":[{"href":"https:\/\/roveyayinevi.com.tr\/index.php\/wp-json\/wp\/v2\/media?parent=709503"}],"wp:term":[{"taxonomy":"product_brand","embeddable":true,"href":"https:\/\/roveyayinevi.com.tr\/index.php\/wp-json\/wp\/v2\/product_brand?post=709503"},{"taxonomy":"product_cat","embeddable":true,"href":"https:\/\/roveyayinevi.com.tr\/index.php\/wp-json\/wp\/v2\/product_cat?post=709503"},{"taxonomy":"product_tag","embeddable":true,"href":"https:\/\/roveyayinevi.com.tr\/index.php\/wp-json\/wp\/v2\/product_tag?post=709503"}],"curies":[{"name":"wp","href":"https:\/\/api.w.org\/{rel}","templated":true}]}}