{"id":709493,"date":"2025-08-27T16:25:52","date_gmt":"2025-08-27T13:25:52","guid":{"rendered":"https:\/\/roveyayinevi.com.tr\/index.php\/urun\/ortacag-tarihi\/"},"modified":"2026-04-16T02:18:06","modified_gmt":"2026-04-15T23:18:06","slug":"ortacag-tarihi","status":"publish","type":"product","link":"https:\/\/roveyayinevi.com.tr\/index.php\/urun\/ortacag-tarihi\/","title":{"rendered":"Orta\u00e7a\u011f Tarihi"},"content":{"rendered":"<p>Orta\u00e7a\u011f tarihini, feodalizmin kurulu\u015fu, geli\u015fmesi ve sonra kapitalizmin serpilmesi ve ilk burjuva devrimleriyle birlikte \u00e7\u00f6k\u00fc\u015f\u00fc \u00e7er\u00e7evesinde ele alan Orta\u00e7a\u011f Tarihi, 5. y\u00fczy\u0131l ile 17. y\u00fczy\u0131l aras\u0131ndaki s\u0131n\u0131f m\u00fccadelelerinin kapsaml\u0131 bir panoramas\u0131n\u0131 sunuyoor. Tarihsel materyalist y\u00f6ntemi evrenselci bir bak\u0131\u015f a\u00e7\u0131s\u0131yla birle\u015ftiren eser, Orta\u00e7a\u011f tarihini Bat\u0131 Avrupa feodalizmiyle s\u0131n\u0131rlayan al\u0131\u015f\u0131ld\u0131k bak\u0131\u015f a\u00e7\u0131s\u0131n\u0131n \u00f6tesine ge\u00e7erek, Avrupa, Ortado\u011fu, Hint ve \u00c7in tarihlerinin birlikte d\u00fc\u015f\u00fcn\u00fclebilece\u011fi bir \u00e7er\u00e7evve sunuyor. Tarihin ak\u0131\u015f\u0131n\u0131 imparatorluklar\u0131n, krall\u0131klar\u0131n ve aristokratlar\u0131n h\u00e2kimiyet ve iktidar m\u00fccadelelerinden ibaret g\u00f6rmeyen yazarlar, k\u00f6yl\u00fclerin, zanaatk\u00e2rlar\u0131n ve i\u015f\u00e7ilerin m\u00fccadelelerine odaklanarak materyalist tarih-yaz\u0131m\u0131n\u0131n parlak ve incelikli bir \u00f6rne\u011fini sunmakla kalm\u0131yor, ayn\u0131 zamanda bu m\u00fccadelelerin k\u00fclt\u00fcr ve d\u00fc\u015f\u00fcnce ya\u015fam\u0131ndaki yans\u0131malar\u0131n\u0131 da g\u00f6zler \u00f6n\u00fcne seriyor. Kitap, resimlerden, haritalardan, tasvirlerden ve tablolardan olu\u015fan zengin g\u00f6rsel i\u00e7eri\u011fiyle de, okurun Orta\u00e7a\u011f d\u00fcnyas\u0131na daha kolay n\u00fcfuz etmesini sa\u011flayacak bir k\u0131lavuz niteli\u011finde. \ufffcTan\u0131t\u0131m Metni<\/p>\n","protected":false},"excerpt":{"rendered":"<p>Orta\u00e7a\u011f tarihini, feodalizmin kurulu\u015fu, geli\u015fmesi ve sonra kapitalizmin serpilmesi ve ilk burjuva devrimleriyle birlikte \u00e7\u00f6k\u00fc\u015f\u00fc \u00e7er\u00e7evesinde ele alan Orta\u00e7a\u011f Tarihi, 5. y\u00fczy\u0131l ile 17. y\u00fczy\u0131l aras\u0131ndaki<span class=\"excerpt-hellip\"> [\u2026]<\/span><\/p>\n","protected":false},"featured_media":0,"template":"","meta":{"_monsterinsights_skip_tracking":false,"_monsterinsights_sitenote_active":false,"_monsterinsights_sitenote_note":"","_monsterinsights_sitenote_category":0},"product_brand":[],"product_cat":[13590,12337],"product_tag":[],"class_list":{"0":"post-709493","1":"product","2":"type-product","3":"status-publish","5":"product_cat-arastirma-inceleme-politika-siyaset","6":"product_cat-politika-siyaset","7":"pa_cilt-ciltsiz","8":"pa_tur-kitap","9":"pa_yayinevi-yordam-kitap","10":"pa_yazar-ye-agibalova-g-donskoy","12":"first","13":"instock","14":"sale","15":"shipping-taxable","16":"purchasable","17":"product-type-simple"},"_links":{"self":[{"href":"https:\/\/roveyayinevi.com.tr\/index.php\/wp-json\/wp\/v2\/product\/709493","targetHints":{"allow":["GET"]}}],"collection":[{"href":"https:\/\/roveyayinevi.com.tr\/index.php\/wp-json\/wp\/v2\/product"}],"about":[{"href":"https:\/\/roveyayinevi.com.tr\/index.php\/wp-json\/wp\/v2\/types\/product"}],"wp:attachment":[{"href":"https:\/\/roveyayinevi.com.tr\/index.php\/wp-json\/wp\/v2\/media?parent=709493"}],"wp:term":[{"taxonomy":"product_brand","embeddable":true,"href":"https:\/\/roveyayinevi.com.tr\/index.php\/wp-json\/wp\/v2\/product_brand?post=709493"},{"taxonomy":"product_cat","embeddable":true,"href":"https:\/\/roveyayinevi.com.tr\/index.php\/wp-json\/wp\/v2\/product_cat?post=709493"},{"taxonomy":"product_tag","embeddable":true,"href":"https:\/\/roveyayinevi.com.tr\/index.php\/wp-json\/wp\/v2\/product_tag?post=709493"}],"curies":[{"name":"wp","href":"https:\/\/api.w.org\/{rel}","templated":true}]}}