{"id":709488,"date":"2025-08-27T16:25:50","date_gmt":"2025-08-27T13:25:50","guid":{"rendered":"https:\/\/roveyayinevi.com.tr\/index.php\/urun\/cit-yok\/"},"modified":"2026-04-03T02:23:34","modified_gmt":"2026-04-02T23:23:34","slug":"cit-yok","status":"publish","type":"product","link":"https:\/\/roveyayinevi.com.tr\/index.php\/urun\/cit-yok\/","title":{"rendered":"\u00c7\u0131t Yok"},"content":{"rendered":"<p>\u0130nsan En B\u00fcy\u00fck S\u0131rlar\u0131n\u0131 Kendisinden Saklar&#8230; Benimle g\u00f6z g\u00f6ze gelmemeliydin. G\u00f6zlerimin haf\u0131zas\u0131na bakmamal\u0131yd\u0131n. Orada yaral\u0131 hayatlar\u0131n kah\u0131rl\u0131 masal\u0131n\u0131 g\u00f6rmemeliydin. Ne sorarsam soray\u0131m ayn\u0131 cevab\u0131 veriyorsun: Katil kim? Bu k\u0131y\u0131m \u00e7a\u011f\u0131nda, \u201cKatil kim?\u201d demek, \u201cKatil ben de\u011filim\u201d diye kendine yalanc\u0131 tan\u0131kl\u0131k etmekten ba\u015fka ne ki? Bir katil yaratal\u0131m ve onu yenelim istiyorsun.Zehirli s\u00f6zlerden kurtul. Benimle bak kendine. G\u00f6zlerime tan\u0131k ol. Mademki bir kez bakt\u0131n, g\u00f6r o zaman. \u0130kinci sava\u015f zaman\u0131\u2026 \u0130stanbul\u2019u deh\u015fete s\u00fcr\u00fckleyen cinayetler\u2026 Cinayetlerini mutlak sessizlikle i\u015fleyen bir katil\u2026 \u201c\u00d6l\u00fc olmaktan ne zaman s\u0131k\u0131l\u0131r insan?\u201d diye soran bir \u00e7ocuk\u2026 \u201cBaz\u0131 oyunlar\u0131 kaybetmek i\u00e7in oynar\u0131z\u201d diyen bir horoz d\u00f6v\u00fc\u015f\u00e7\u00fcs\u00fc&#8230; \u0130smail G\u00fczelsoy\u2019un roman\u0131 \u00c7\u0131t Yok gizemli bir hafiye roman\u0131 gibi s\u00fcr\u00fckleyici, varolu\u015fun en temel sorular\u0131n\u0131 cesurca dile getiren bir metin kadar derin. <\/p>\n","protected":false},"excerpt":{"rendered":"<p>\u0130nsan En B\u00fcy\u00fck S\u0131rlar\u0131n\u0131 Kendisinden Saklar&#8230; Benimle g\u00f6z g\u00f6ze gelmemeliydin. G\u00f6zlerimin haf\u0131zas\u0131na bakmamal\u0131yd\u0131n. Orada yaral\u0131 hayatlar\u0131n kah\u0131rl\u0131 masal\u0131n\u0131 g\u00f6rmemeliydin. Ne sorarsam soray\u0131m ayn\u0131 cevab\u0131 veriyorsun: Katil<span class=\"excerpt-hellip\"> [\u2026]<\/span><\/p>\n","protected":false},"featured_media":0,"template":"","meta":{"_monsterinsights_skip_tracking":false,"_monsterinsights_sitenote_active":false,"_monsterinsights_sitenote_note":"","_monsterinsights_sitenote_category":0},"product_brand":[],"product_cat":[12291,12711],"product_tag":[],"class_list":{"0":"post-709488","1":"product","2":"type-product","3":"status-publish","5":"product_cat-edebiyat","6":"product_cat-roman-oyku","7":"pa_cilt-ciltsiz","8":"pa_tur-kitap","9":"pa_yayinevi-dogan-kitap","10":"pa_yazar-ismail-guzelsoy","12":"first","13":"instock","14":"sale","15":"shipping-taxable","16":"purchasable","17":"product-type-simple"},"_links":{"self":[{"href":"https:\/\/roveyayinevi.com.tr\/index.php\/wp-json\/wp\/v2\/product\/709488","targetHints":{"allow":["GET"]}}],"collection":[{"href":"https:\/\/roveyayinevi.com.tr\/index.php\/wp-json\/wp\/v2\/product"}],"about":[{"href":"https:\/\/roveyayinevi.com.tr\/index.php\/wp-json\/wp\/v2\/types\/product"}],"wp:attachment":[{"href":"https:\/\/roveyayinevi.com.tr\/index.php\/wp-json\/wp\/v2\/media?parent=709488"}],"wp:term":[{"taxonomy":"product_brand","embeddable":true,"href":"https:\/\/roveyayinevi.com.tr\/index.php\/wp-json\/wp\/v2\/product_brand?post=709488"},{"taxonomy":"product_cat","embeddable":true,"href":"https:\/\/roveyayinevi.com.tr\/index.php\/wp-json\/wp\/v2\/product_cat?post=709488"},{"taxonomy":"product_tag","embeddable":true,"href":"https:\/\/roveyayinevi.com.tr\/index.php\/wp-json\/wp\/v2\/product_tag?post=709488"}],"curies":[{"name":"wp","href":"https:\/\/api.w.org\/{rel}","templated":true}]}}