{"id":709476,"date":"2025-08-27T16:25:44","date_gmt":"2025-08-27T13:25:44","guid":{"rendered":"https:\/\/roveyayinevi.com.tr\/index.php\/urun\/cam-kase-mucizeleri\/"},"modified":"2026-04-12T02:21:22","modified_gmt":"2026-04-11T23:21:22","slug":"cam-kase-mucizeleri","status":"publish","type":"product","link":"https:\/\/roveyayinevi.com.tr\/index.php\/urun\/cam-kase-mucizeleri\/","title":{"rendered":"Cam Kase Mucizeleri"},"content":{"rendered":"<p>&#8221;Cam Kase Mucizelerinde, Anadolu&#8217;nun binlerce y\u0131ll\u0131k birikimi olan efsaneleri bilim kurgu tad\u0131nda bulacaks\u0131n\u0131z.&#8221; \ufffc<\/p>\n","protected":false},"excerpt":{"rendered":"<p>&#8221;Cam Kase Mucizelerinde, Anadolu&#8217;nun binlerce y\u0131ll\u0131k birikimi olan efsaneleri bilim kurgu tad\u0131nda bulacaks\u0131n\u0131z.&#8221; \ufffc<\/p>\n","protected":false},"featured_media":0,"template":"","meta":{"_monsterinsights_skip_tracking":false,"_monsterinsights_sitenote_active":false,"_monsterinsights_sitenote_note":"","_monsterinsights_sitenote_category":0},"product_brand":[],"product_cat":[12274,12284],"product_tag":[],"class_list":{"0":"post-709476","1":"product","2":"type-product","3":"status-publish","5":"product_cat-cocuk-ve-genclik-kitaplari","6":"product_cat-hikayeler","7":"pa_cilt-ciltsiz","8":"pa_tur-kitap","9":"pa_yayinevi-somut-yayinlari","10":"pa_yazar-seyhan-livaneli","12":"first","13":"instock","14":"sale","15":"shipping-taxable","16":"purchasable","17":"product-type-simple"},"_links":{"self":[{"href":"https:\/\/roveyayinevi.com.tr\/index.php\/wp-json\/wp\/v2\/product\/709476","targetHints":{"allow":["GET"]}}],"collection":[{"href":"https:\/\/roveyayinevi.com.tr\/index.php\/wp-json\/wp\/v2\/product"}],"about":[{"href":"https:\/\/roveyayinevi.com.tr\/index.php\/wp-json\/wp\/v2\/types\/product"}],"wp:attachment":[{"href":"https:\/\/roveyayinevi.com.tr\/index.php\/wp-json\/wp\/v2\/media?parent=709476"}],"wp:term":[{"taxonomy":"product_brand","embeddable":true,"href":"https:\/\/roveyayinevi.com.tr\/index.php\/wp-json\/wp\/v2\/product_brand?post=709476"},{"taxonomy":"product_cat","embeddable":true,"href":"https:\/\/roveyayinevi.com.tr\/index.php\/wp-json\/wp\/v2\/product_cat?post=709476"},{"taxonomy":"product_tag","embeddable":true,"href":"https:\/\/roveyayinevi.com.tr\/index.php\/wp-json\/wp\/v2\/product_tag?post=709476"}],"curies":[{"name":"wp","href":"https:\/\/api.w.org\/{rel}","templated":true}]}}