{"id":709439,"date":"2025-08-27T16:25:24","date_gmt":"2025-08-27T13:25:24","guid":{"rendered":"https:\/\/roveyayinevi.com.tr\/index.php\/urun\/zubeyde-hanim-ve-oglu\/"},"modified":"2026-04-16T02:18:05","modified_gmt":"2026-04-15T23:18:05","slug":"zubeyde-hanim-ve-oglu","status":"publish","type":"product","link":"https:\/\/roveyayinevi.com.tr\/index.php\/urun\/zubeyde-hanim-ve-oglu\/","title":{"rendered":"Z\u00fcbeyde Han\u0131m ve O\u011flu"},"content":{"rendered":"<p>Mustafa Kemal ve annesi i\u00e7in yaz\u0131lm\u0131\u015f ilk roman.   Ona Meclis taraf\u0131ndan verilen soyad\u0131yla ad\u0131 Atat\u00fcrk olan bu yak\u0131\u015f\u0131kl\u0131 gen\u00e7 annesine benzerdi. Mavi g\u00f6zleri, sar\u0131 sa\u00e7lar\u0131, okumaya olan merak\u0131 ve bitmeyen sevgisiyle. Z\u00fcbeyde Han\u0131m i\u00e7in ac\u0131larla ba\u015flayan ya\u015fam o\u011flunu kuca\u011f\u0131na ald\u0131\u011f\u0131 g\u00fcn g\u00fczelle\u015fti, o \u201cMustafa\u201ds\u0131n\u0131n \u00e7\u0131lg\u0131n\u0131yd\u0131. Zaten ona bakan, onu tan\u0131yan bir kad\u0131n\u0131n sevgiden \u00e7\u0131lg\u0131na d\u00f6nmemesi m\u00fcmk\u00fcn de\u011fildi. Zor g\u00fcnlerdi. Hasret herkesi, her y\u00fcre\u011fi yak\u0131yordu. Mustafa Kemal annesine hasretti, Z\u00fcbeyde Han\u0131m o\u011fluna&#8230; Ya Fikriye ve Latife? \u0130kisi de yaln\u0131z onu sevdi, ama kavu\u015fmalar\u0131 zordu, hatta olanaks\u0131z, \u00e7\u00fcnk\u00fc Mustafa Kemal i\u00e7in a\u015fk\u0131n ad\u0131 vatand\u0131 ve vatan bekleyemezdi. \u00c7ok sevdi\u011fi, hi\u00e7 k\u0131rmad\u0131\u011f\u0131 \u00fc\u00e7 kad\u0131n ya\u015famlar\u0131 boyunca onu beklediler. Z\u00fcbeyde Han\u0131m \u0130zmir\u2019in kurtulu\u015funa kadar dayanabildi, Fikriye onu kaybetti\u011fini anlad\u0131\u011f\u0131nda intihar etti, Latife yapt\u0131\u011f\u0131 k\u00fc\u00e7\u00fck hatalar\u0131n bedelini bir daha insan i\u00e7ine \u00e7\u0131kmamakla \u00f6dedi. \u00dc\u00e7\u00fcn\u00fcn de rakibi vatand\u0131 ve Mustafa Kemal i\u00e7in s\u00f6z konusu vatansa, gerisi teferruat say\u0131l\u0131yordu&#8230; Bu romanda bir kahraman\u0131n g\u00fcn g\u00fcn do\u011fu\u015fu, umutsuzluklar ve umutlar\u0131n \u0131\u015f\u0131\u011f\u0131n\u0131 yakabilen nadir bir insan anlat\u0131l\u0131yor&#8230; Anadolu\u2019daki kurtulu\u015f g\u00fcnlerinin \u00fcrpertici tablosu&#8230; Bir de kaderleri onu sevmek ve beklemek olan \u00fc\u00e7 mutsuz kad\u0131n&#8230; Z\u00dcBEYDE HANIM VE O\u011eLU, esareti, a\u015fk\u0131, tutkular\u0131, kararl\u0131l\u0131\u011f\u0131, cesareti ve yenilgiye ba\u015fkald\u0131r\u0131y\u0131 anlat\u0131yor, ama neler pahas\u0131na&#8230; T\u00fckenmi\u015f bir \u00fclkeden yepyeni bir destan yaratan efsanenin roman\u0131&#8230; <\/p>\n","protected":false},"excerpt":{"rendered":"<p>Mustafa Kemal ve annesi i\u00e7in yaz\u0131lm\u0131\u015f ilk roman. Ona Meclis taraf\u0131ndan verilen soyad\u0131yla ad\u0131 Atat\u00fcrk olan bu yak\u0131\u015f\u0131kl\u0131 gen\u00e7 annesine benzerdi. Mavi g\u00f6zleri, sar\u0131 sa\u00e7lar\u0131, okumaya<span class=\"excerpt-hellip\"> [\u2026]<\/span><\/p>\n","protected":false},"featured_media":0,"template":"","meta":{"_monsterinsights_skip_tracking":false,"_monsterinsights_sitenote_active":false,"_monsterinsights_sitenote_note":"","_monsterinsights_sitenote_category":0},"product_brand":[],"product_cat":[13946,12304],"product_tag":[],"class_list":{"0":"post-709439","1":"product","2":"type-product","3":"status-publish","5":"product_cat-biyografi-otobiyografi","6":"product_cat-tarih","7":"pa_cilt-ciltsiz","8":"pa_tur-kitap","9":"pa_yayinevi-destek-yayinlari","10":"pa_yazar-tuna-serim","12":"first","13":"instock","14":"sale","15":"shipping-taxable","16":"purchasable","17":"product-type-simple"},"_links":{"self":[{"href":"https:\/\/roveyayinevi.com.tr\/index.php\/wp-json\/wp\/v2\/product\/709439","targetHints":{"allow":["GET"]}}],"collection":[{"href":"https:\/\/roveyayinevi.com.tr\/index.php\/wp-json\/wp\/v2\/product"}],"about":[{"href":"https:\/\/roveyayinevi.com.tr\/index.php\/wp-json\/wp\/v2\/types\/product"}],"wp:attachment":[{"href":"https:\/\/roveyayinevi.com.tr\/index.php\/wp-json\/wp\/v2\/media?parent=709439"}],"wp:term":[{"taxonomy":"product_brand","embeddable":true,"href":"https:\/\/roveyayinevi.com.tr\/index.php\/wp-json\/wp\/v2\/product_brand?post=709439"},{"taxonomy":"product_cat","embeddable":true,"href":"https:\/\/roveyayinevi.com.tr\/index.php\/wp-json\/wp\/v2\/product_cat?post=709439"},{"taxonomy":"product_tag","embeddable":true,"href":"https:\/\/roveyayinevi.com.tr\/index.php\/wp-json\/wp\/v2\/product_tag?post=709439"}],"curies":[{"name":"wp","href":"https:\/\/api.w.org\/{rel}","templated":true}]}}