{"id":709435,"date":"2025-08-27T16:24:51","date_gmt":"2025-08-27T13:24:51","guid":{"rendered":"https:\/\/roveyayinevi.com.tr\/index.php\/urun\/gunun-o-belirsiz-vaktinde\/"},"modified":"2026-04-16T02:18:05","modified_gmt":"2026-04-15T23:18:05","slug":"gunun-o-belirsiz-vaktinde","status":"publish","type":"product","link":"https:\/\/roveyayinevi.com.tr\/index.php\/urun\/gunun-o-belirsiz-vaktinde\/","title":{"rendered":"G\u00fcn\u00fcn O Belirsiz Vaktinde"},"content":{"rendered":"<p>Canavarlar \u00e7\u0131k\u0131p gitti parmaklar\u0131m\u0131n ucundan. An\u0131lar\u0131 kald\u0131 yaln\u0131zca. Benim yazamamam, anlatacak bir \u015fey bulamamam kald\u0131. Ya\u015fam\u0131m\u0131n son demi dedi\u011fim \u015fu anlams\u0131z zaman\u0131 anlamland\u0131ramamam kald\u0131. Y\u0131llar \u00f6nce bitti\u011fini fark etmeden bitirdi\u011fim bir hik\u00e2yenin, son oldu\u011funu bilmeden koydu\u011fum o noktan\u0131n titreyen \u0131\u015f\u0131\u011f\u0131 kald\u0131 sonra i\u00e7imde.  G\u00fcn\u00fcn O Belirsiz Vaktinde, gen\u00e7 \u00f6yk\u00fcc\u00fc Emir \u00c7ubuk\u00e7u\u2019nun ilk kitab\u0131. Ama daha ba\u015ftan oturmu\u015f bir anlat\u0131m\u0131, \u00f6yk\u00fcye y\u00f6nelik sa\u011flam bir bak\u0131\u015f\u0131 var \u00c7ubuk\u00e7u\u2019nun. Anlat\u0131m\u0131ndaki a\u00e7\u0131kl\u0131\u011f\u0131, toplumsal sorunlara y\u00f6nelik dikkatli ve ele\u015ftirel tutumu, onu yak\u0131c\u0131 sorunlarla bo\u011fu\u015fan son d\u00f6nem gen\u00e7li\u011fimizin s\u00f6zc\u00fclerinden biri k\u0131l\u0131yor. \u00c7ubuk\u00e7u\u2019nun \u00f6yk\u00fcleri, \u00f6zellikle g\u00fcncel sorunlar\u0131n \u00f6n\u00fcm\u00fczdeki d\u00f6nemde \u00f6yk\u00fcye nas\u0131l yans\u0131yaca\u011f\u0131 konusunda fikir veriyor. <\/p>\n","protected":false},"excerpt":{"rendered":"<p>Canavarlar \u00e7\u0131k\u0131p gitti parmaklar\u0131m\u0131n ucundan. An\u0131lar\u0131 kald\u0131 yaln\u0131zca. Benim yazamamam, anlatacak bir \u015fey bulamamam kald\u0131. Ya\u015fam\u0131m\u0131n son demi dedi\u011fim \u015fu anlams\u0131z zaman\u0131 anlamland\u0131ramamam kald\u0131. Y\u0131llar \u00f6nce<span class=\"excerpt-hellip\"> [\u2026]<\/span><\/p>\n","protected":false},"featured_media":0,"template":"","meta":{"_monsterinsights_skip_tracking":false,"_monsterinsights_sitenote_active":false,"_monsterinsights_sitenote_note":"","_monsterinsights_sitenote_category":0},"product_brand":[],"product_cat":[12291,12711],"product_tag":[],"class_list":{"0":"post-709435","1":"product","2":"type-product","3":"status-publish","5":"product_cat-edebiyat","6":"product_cat-roman-oyku","7":"pa_cilt-ciltsiz","8":"pa_tur-kitap","9":"pa_yayinevi-can-yayinlari","10":"pa_yazar-emir-cubukcu","12":"first","13":"instock","14":"sale","15":"shipping-taxable","16":"purchasable","17":"product-type-simple"},"_links":{"self":[{"href":"https:\/\/roveyayinevi.com.tr\/index.php\/wp-json\/wp\/v2\/product\/709435","targetHints":{"allow":["GET"]}}],"collection":[{"href":"https:\/\/roveyayinevi.com.tr\/index.php\/wp-json\/wp\/v2\/product"}],"about":[{"href":"https:\/\/roveyayinevi.com.tr\/index.php\/wp-json\/wp\/v2\/types\/product"}],"wp:attachment":[{"href":"https:\/\/roveyayinevi.com.tr\/index.php\/wp-json\/wp\/v2\/media?parent=709435"}],"wp:term":[{"taxonomy":"product_brand","embeddable":true,"href":"https:\/\/roveyayinevi.com.tr\/index.php\/wp-json\/wp\/v2\/product_brand?post=709435"},{"taxonomy":"product_cat","embeddable":true,"href":"https:\/\/roveyayinevi.com.tr\/index.php\/wp-json\/wp\/v2\/product_cat?post=709435"},{"taxonomy":"product_tag","embeddable":true,"href":"https:\/\/roveyayinevi.com.tr\/index.php\/wp-json\/wp\/v2\/product_tag?post=709435"}],"curies":[{"name":"wp","href":"https:\/\/api.w.org\/{rel}","templated":true}]}}

Günün O Belirsiz Vaktinde

<p>Canavarlar çıkıp gitti parmaklarımın ucundan. Anıları kaldı yalnızca. Benim yazamamam, anlatacak bir şey bulamamam kaldı. Yaşamımın son demi dediğim şu anlamsız zamanı anlamlandıramamam kaldı. Yıllar önce bittiğini fark etmeden bitirdiğim bir hikâyenin, son olduğunu bilmeden koyduğum o noktanın titreyen ışığı kaldı sonra içimde.  Günün O Belirsiz Vaktinde, genç öykücü Emir Çubukçu’nun ilk kitabı. Ama daha baştan oturmuş bir anlatımı, öyküye yönelik sağlam bir bakışı var Çubukçu’nun. Anlatımındaki açıklığı, toplumsal sorunlara yönelik dikkatli ve eleştirel tutumu, onu yakıcı sorunlarla boğuşan son dönem gençliğimizin sözcülerinden biri kılıyor. Çubukçu’nun öyküleri, özellikle güncel sorunların önümüzdeki dönemde öyküye nasıl yansıyacağı konusunda fikir veriyor. </p>

<p>Canavarlar çıkıp gitti parmaklarımın ucundan. Anıları kaldı yalnızca. Benim yazamamam, anlatacak bir şey bulamamam kaldı. Yaşamımın son demi dediğim şu anlamsız zamanı anlamlandıramamam kaldı. Yıllar önce<span class="excerpt-hellip"> […]</span></p>
