{"id":709432,"date":"2025-08-27T16:24:49","date_gmt":"2025-08-27T13:24:49","guid":{"rendered":"https:\/\/roveyayinevi.com.tr\/index.php\/urun\/kolay-cizim-projeleri\/"},"modified":"2026-04-16T02:18:05","modified_gmt":"2026-04-15T23:18:05","slug":"kolay-cizim-projeleri","status":"publish","type":"product","link":"https:\/\/roveyayinevi.com.tr\/index.php\/urun\/kolay-cizim-projeleri\/","title":{"rendered":"Kolay \u00c7izim Projeleri"},"content":{"rendered":"<p>\u00c7ok satan kitaplar\u0131n yazar\u0131 Barrington Barber bu kitab\u0131nda resmeyeni ba\u015flayanlar i\u00e7in bir dizi heyecan verici proje sunuyor : basitnat\u00fcrmortlar, geli\u015fmi\u015f peyzaj kompozisyonlar\u0131 ve insan portreleri\u2026Ressam olmak isteyen herkesin ba\u015far\u0131l\u0131 bir \u015fekilde tamamlad\u0131\u011f\u0131ndagurur duyaca\u011f\u0131 bu projeleri \u00e7al\u0131\u015fmak ve ihtiyac\u0131n\u0131z olan tekniklerih\u0131zl\u0131ca \u00f6\u011frenmek, Barber\u2019\u0131n sistematik e\u011fitim metodu sayesinde\u00e7ok kolay.* Bu kitap, ezbere dayal\u0131 e\u011fitim vermekten ziyade kendi bireysel\u00e7izim stilini ke\u015ffedebilmesi i\u00e7in okuyucuya ilham verir.* Bu kitaptaki bilgiler resme yeni ba\u015flayanlar\u0131n yan\u0131 s\u0131ra resimbecerilerini geli\u015ftirmek isteyenlere de hitap eder.* B\u00fct\u00fcn projeler yazar taraf\u0131ndan \u00e7izimlerle g\u00f6sterilmi\u015ftir. <\/p>\n","protected":false},"excerpt":{"rendered":"<p>\u00c7ok satan kitaplar\u0131n yazar\u0131 Barrington Barber bu kitab\u0131nda resmeyeni ba\u015flayanlar i\u00e7in bir dizi heyecan verici proje sunuyor : basitnat\u00fcrmortlar, geli\u015fmi\u015f peyzaj kompozisyonlar\u0131 ve insan portreleri\u2026Ressam olmak<span class=\"excerpt-hellip\"> [\u2026]<\/span><\/p>\n","protected":false},"featured_media":0,"template":"","meta":{"_monsterinsights_skip_tracking":false,"_monsterinsights_sitenote_active":false,"_monsterinsights_sitenote_note":"","_monsterinsights_sitenote_category":0},"product_brand":[],"product_cat":[15733,12408],"product_tag":[],"class_list":{"0":"post-709432","1":"product","2":"type-product","3":"status-publish","5":"product_cat-resim","6":"product_cat-sanat","7":"pa_cilt-ciltsiz","8":"pa_tur-kitap","9":"pa_yayinevi-profil-kitap","10":"pa_yazar-barrington-barber","12":"first","13":"instock","14":"sale","15":"shipping-taxable","16":"purchasable","17":"product-type-simple"},"_links":{"self":[{"href":"https:\/\/roveyayinevi.com.tr\/index.php\/wp-json\/wp\/v2\/product\/709432","targetHints":{"allow":["GET"]}}],"collection":[{"href":"https:\/\/roveyayinevi.com.tr\/index.php\/wp-json\/wp\/v2\/product"}],"about":[{"href":"https:\/\/roveyayinevi.com.tr\/index.php\/wp-json\/wp\/v2\/types\/product"}],"wp:attachment":[{"href":"https:\/\/roveyayinevi.com.tr\/index.php\/wp-json\/wp\/v2\/media?parent=709432"}],"wp:term":[{"taxonomy":"product_brand","embeddable":true,"href":"https:\/\/roveyayinevi.com.tr\/index.php\/wp-json\/wp\/v2\/product_brand?post=709432"},{"taxonomy":"product_cat","embeddable":true,"href":"https:\/\/roveyayinevi.com.tr\/index.php\/wp-json\/wp\/v2\/product_cat?post=709432"},{"taxonomy":"product_tag","embeddable":true,"href":"https:\/\/roveyayinevi.com.tr\/index.php\/wp-json\/wp\/v2\/product_tag?post=709432"}],"curies":[{"name":"wp","href":"https:\/\/api.w.org\/{rel}","templated":true}]}}