{"id":709424,"date":"2025-08-27T16:24:45","date_gmt":"2025-08-27T13:24:45","guid":{"rendered":"https:\/\/roveyayinevi.com.tr\/index.php\/urun\/hadi-ben-kactim\/"},"modified":"2026-04-16T02:18:05","modified_gmt":"2026-04-15T23:18:05","slug":"hadi-ben-kactim","status":"publish","type":"product","link":"https:\/\/roveyayinevi.com.tr\/index.php\/urun\/hadi-ben-kactim\/","title":{"rendered":"Hadi Ben Ka\u00e7t\u0131m"},"content":{"rendered":"<p>Dizi Doktoru Oya Do\u011fan\u2019\u0131n, Bo\u015fan da Gel kitab\u0131ndan sonra kaleme ald\u0131\u011f\u0131 Hadi Ben Ka\u00e7t\u0131m, ka\u00e7mak isteyip de ka\u00e7amayanlara, hayallerinin pe\u015finden ko\u015fmak isteyen ama kar\u015f\u0131s\u0131na \u00e7\u0131kan engelleri a\u015fmay\u0131 g\u00f6ze alamayanlara ilham olacak bir hik\u00e2ye\u2026 \u201cBeni g\u00f6r, beni onayla, bana de\u011fer ver, beni sev! Bu d\u00f6rt istek hayat\u0131m\u0131 mahvediyor. Beni g\u00f6rmedi\u011finde h\u0131rslan\u0131yorum. Beni onaylamad\u0131\u011f\u0131nda h\u0131r\u00e7\u0131nla\u015f\u0131yorum. Bana de\u011fer vermedi\u011finde kimseler g\u00f6rmeden a\u011fl\u0131yorum. Beni sev diye ayaklar\u0131na kapan\u0131yorum ama a\u015fa\u011f\u0131ya bakmak akl\u0131na bile gelmiyor. Ben bu sava\u015f\u0131 hep kaybediyorum. \u015eimdi kararl\u0131y\u0131m, hayat\u0131m\u0131 de\u011fi\u015ftirece\u011fim&#8230; \u00c7\u00fcnk\u00fc ka\u00e7mak, kalbine sahip \u00e7\u0131kmakt\u0131r. Kalbimi herkesten \u00e7ok seviyorum. Hadi ben ka\u00e7t\u0131m!\u201d Ka\u00e7\u0131\u015f bazen en kolay yol gibi g\u00f6z\u00fck\u00fcr. Peki ya ka\u00e7ma cesareti g\u00f6sterebilmek? Lara i\u00e7in de kolay olmad\u0131 zaten herkesi ve her \u015feyi geride b\u0131rakmak. \u00d6zg\u00fcrl\u00fc\u011fe ka\u00e7\u0131\u015ft\u0131 Lara\u2019n\u0131nki\u2026 Kendini bulma yolculu\u011funa \u00e7\u0131kt\u0131\u011f\u0131 ve kar\u015f\u0131s\u0131na \u00e7\u0131kan f\u0131rsatlarla heyecanlan\u0131p daha \u00f6telere yol ald\u0131\u011f\u0131\u2026 Kendiyle ve hayatla hesapla\u015ft\u0131\u011f\u0131 yeni bir d\u00fcnyayd\u0131 bu. Peki bu yolun sonunda onu neler bekliyordu? <\/p>\n","protected":false},"excerpt":{"rendered":"<p>Dizi Doktoru Oya Do\u011fan\u2019\u0131n, Bo\u015fan da Gel kitab\u0131ndan sonra kaleme ald\u0131\u011f\u0131 Hadi Ben Ka\u00e7t\u0131m, ka\u00e7mak isteyip de ka\u00e7amayanlara, hayallerinin pe\u015finden ko\u015fmak isteyen ama kar\u015f\u0131s\u0131na \u00e7\u0131kan engelleri<span class=\"excerpt-hellip\"> [\u2026]<\/span><\/p>\n","protected":false},"featured_media":0,"template":"","meta":{"_monsterinsights_skip_tracking":false,"_monsterinsights_sitenote_active":false,"_monsterinsights_sitenote_note":"","_monsterinsights_sitenote_category":0},"product_brand":[],"product_cat":[12291,12711],"product_tag":[],"class_list":{"0":"post-709424","1":"product","2":"type-product","3":"status-publish","5":"product_cat-edebiyat","6":"product_cat-roman-oyku","7":"pa_cilt-ciltsiz","8":"pa_tur-kitap","9":"pa_yayinevi-inkilap-kitabevi","10":"pa_yazar-oya-dogan","12":"first","13":"instock","14":"sale","15":"shipping-taxable","16":"purchasable","17":"product-type-simple"},"_links":{"self":[{"href":"https:\/\/roveyayinevi.com.tr\/index.php\/wp-json\/wp\/v2\/product\/709424","targetHints":{"allow":["GET"]}}],"collection":[{"href":"https:\/\/roveyayinevi.com.tr\/index.php\/wp-json\/wp\/v2\/product"}],"about":[{"href":"https:\/\/roveyayinevi.com.tr\/index.php\/wp-json\/wp\/v2\/types\/product"}],"wp:attachment":[{"href":"https:\/\/roveyayinevi.com.tr\/index.php\/wp-json\/wp\/v2\/media?parent=709424"}],"wp:term":[{"taxonomy":"product_brand","embeddable":true,"href":"https:\/\/roveyayinevi.com.tr\/index.php\/wp-json\/wp\/v2\/product_brand?post=709424"},{"taxonomy":"product_cat","embeddable":true,"href":"https:\/\/roveyayinevi.com.tr\/index.php\/wp-json\/wp\/v2\/product_cat?post=709424"},{"taxonomy":"product_tag","embeddable":true,"href":"https:\/\/roveyayinevi.com.tr\/index.php\/wp-json\/wp\/v2\/product_tag?post=709424"}],"curies":[{"name":"wp","href":"https:\/\/api.w.org\/{rel}","templated":true}]}}