{"id":709409,"date":"2025-08-27T16:24:37","date_gmt":"2025-08-27T13:24:37","guid":{"rendered":"https:\/\/roveyayinevi.com.tr\/index.php\/urun\/cankurtaran-kibele-yasemin-ve-lavanta-serisi-4\/"},"modified":"2026-04-13T02:22:39","modified_gmt":"2026-04-12T23:22:39","slug":"cankurtaran-kibele-yasemin-ve-lavanta-serisi-4","status":"publish","type":"product","link":"https:\/\/roveyayinevi.com.tr\/index.php\/urun\/cankurtaran-kibele-yasemin-ve-lavanta-serisi-4\/","title":{"rendered":"Cankurtaran Kibele (Yasemin ve Lavanta Serisi 4)"},"content":{"rendered":"<p>Mitolojik kahramanlarla yelkenler fora!Dizinin d\u00f6rd\u00fcnc\u00fc ve son kitab\u0131 bar\u0131\u015fa g\u00f6z k\u0131rp\u0131yor!Yazar, senarist Sevgi Sayg\u0131\u2019n\u0131n yazd\u0131\u011f\u0131, ba\u015far\u0131l\u0131 illu\u0308strat\u00f6r Merve At\u0131lgan\u2019\u0131n desenledi\u011fi 4 kitapl\u0131k \u201cYasemin ve Lavanta\u201d dizisi, Cankurtaran Kibele\u2019yle sonlan\u0131yor. Okuma ser\u00fcvenine yeni ba\u015flayanlar\u0131n \u00e7ok sevdi\u011fi reng\u00e2renk ve muzip dizinin d\u00f6rd\u00fcnc\u00fc kitab\u0131nda, g\u00fcn\u00fcm\u00fcz \u00e7ocuklar\u0131 mitolojik kahramanlarla ayn\u0131 gemide bulu\u015fuyor. Heyecan\u0131n dozu y\u00fckselirken, bar\u0131\u015f\u0131n \u00f6nemine vurgu yap\u0131l\u0131yor. <\/p>\n","protected":false},"excerpt":{"rendered":"<p>Mitolojik kahramanlarla yelkenler fora!Dizinin d\u00f6rd\u00fcnc\u00fc ve son kitab\u0131 bar\u0131\u015fa g\u00f6z k\u0131rp\u0131yor!Yazar, senarist Sevgi Sayg\u0131\u2019n\u0131n yazd\u0131\u011f\u0131, ba\u015far\u0131l\u0131 illu\u0308strat\u00f6r Merve At\u0131lgan\u2019\u0131n desenledi\u011fi 4 kitapl\u0131k \u201cYasemin ve Lavanta\u201d dizisi,<span class=\"excerpt-hellip\"> [\u2026]<\/span><\/p>\n","protected":false},"featured_media":0,"template":"","meta":{"_monsterinsights_skip_tracking":false,"_monsterinsights_sitenote_active":false,"_monsterinsights_sitenote_note":"","_monsterinsights_sitenote_category":0},"product_brand":[],"product_cat":[12274,12284],"product_tag":[],"class_list":{"0":"post-709409","1":"product","2":"type-product","3":"status-publish","5":"product_cat-cocuk-ve-genclik-kitaplari","6":"product_cat-hikayeler","7":"pa_cilt-ciltsiz","8":"pa_tur-kitap","9":"pa_yayinevi-gunisigi-kitapligi","10":"pa_yazar-sevgi-saygi","12":"first","13":"instock","14":"sale","15":"shipping-taxable","16":"purchasable","17":"product-type-simple"},"_links":{"self":[{"href":"https:\/\/roveyayinevi.com.tr\/index.php\/wp-json\/wp\/v2\/product\/709409","targetHints":{"allow":["GET"]}}],"collection":[{"href":"https:\/\/roveyayinevi.com.tr\/index.php\/wp-json\/wp\/v2\/product"}],"about":[{"href":"https:\/\/roveyayinevi.com.tr\/index.php\/wp-json\/wp\/v2\/types\/product"}],"wp:attachment":[{"href":"https:\/\/roveyayinevi.com.tr\/index.php\/wp-json\/wp\/v2\/media?parent=709409"}],"wp:term":[{"taxonomy":"product_brand","embeddable":true,"href":"https:\/\/roveyayinevi.com.tr\/index.php\/wp-json\/wp\/v2\/product_brand?post=709409"},{"taxonomy":"product_cat","embeddable":true,"href":"https:\/\/roveyayinevi.com.tr\/index.php\/wp-json\/wp\/v2\/product_cat?post=709409"},{"taxonomy":"product_tag","embeddable":true,"href":"https:\/\/roveyayinevi.com.tr\/index.php\/wp-json\/wp\/v2\/product_tag?post=709409"}],"curies":[{"name":"wp","href":"https:\/\/api.w.org\/{rel}","templated":true}]}}