{"id":709399,"date":"2025-08-27T16:24:32","date_gmt":"2025-08-27T13:24:32","guid":{"rendered":"https:\/\/roveyayinevi.com.tr\/index.php\/urun\/risk-toplumu-belirsizlikler-ve-soylentiler-sosyolojisi\/"},"modified":"2026-04-16T02:18:04","modified_gmt":"2026-04-15T23:18:04","slug":"risk-toplumu-belirsizlikler-ve-soylentiler-sosyolojisi","status":"publish","type":"product","link":"https:\/\/roveyayinevi.com.tr\/index.php\/urun\/risk-toplumu-belirsizlikler-ve-soylentiler-sosyolojisi\/","title":{"rendered":"Risk Toplumu &#8211; Belirsizlikler ve S\u00f6ylentiler Sosyolojisi"},"content":{"rendered":"<p>Risk kavram\u0131 1990\u2019l\u0131 y\u0131llar\u0131n ba\u015flar\u0131ndan bu yana hem toplumsal, k\u00fclt\u00fcrel, siyasal ve ekonomik hem de bireysel ya\u015famlar\u0131n merkezi temalar\u0131ndan biri haline gelmi\u015f bulunuyor. Riskler g\u00f6z \u00f6n\u00fcne al\u0131nd\u0131\u011f\u0131nda i\u00e7inde ya\u015fad\u0131\u011f\u0131m\u0131z \u00e7a\u011f\u0131 kayg\u0131 ve korkular\u0131n yayg\u0131nla\u015ft\u0131\u011f\u0131 bir \u00e7a\u011f olarak adland\u0131rmak yanl\u0131\u015f olmayacakt\u0131r. Riskler genellikle kayg\u0131, korku ve hatta kaotik durumlar olarak kendini g\u00f6stermektedir. T\u00fcketti\u011fimiz g\u0131dalardan i\u00e7eceklere, ila\u00e7lardan \u00e7ocuk oyuncaklar\u0131na, cep telefonlar\u0131ndan bilgisayarlara kadar pek \u00e7ok \u015feyden korku duymaktay\u0131z. Neden acaba bug\u00fcn ge\u00e7mi\u015fe k\u0131yasla \u00e7ok daha s\u0131kl\u0131kla kayg\u0131 ve korkuya kap\u0131l\u0131yoruz? Neden bilim ve teknolojiyle olan her t\u00fcrl\u00fc geli\u015fmeyi \u00f6ncelikli olarak risk ve korku \u00fczerinden de\u011ferlendiriyoruz? Neden her an yeni birtak\u0131m riskler ve korkular g\u00fcndeme gelmekte ve bunlar toplumsal kayg\u0131 ve korkulara sebep olabilmektedir? Kayhan Deliba\u015f\u2019\u0131n Risk Toplumu adl\u0131 \u00e7al\u0131\u015fmas\u0131n\u0131n temel amac\u0131, risk toplumu, belirsizlikler ve g\u00fcven erozyonu kavramlar\u0131 \u00e7er\u00e7evesinde risk toplumunun \u00fclkemizdeki temel dinamiklerini anlamak; korku ve kayg\u0131lar\u0131 sosyolojik bir perspektiften hareketle a\u00e7\u0131klamakt\u0131r. <\/p>\n","protected":false},"excerpt":{"rendered":"<p>Risk kavram\u0131 1990\u2019l\u0131 y\u0131llar\u0131n ba\u015flar\u0131ndan bu yana hem toplumsal, k\u00fclt\u00fcrel, siyasal ve ekonomik hem de bireysel ya\u015famlar\u0131n merkezi temalar\u0131ndan biri haline gelmi\u015f bulunuyor. Riskler g\u00f6z \u00f6n\u00fcne<span class=\"excerpt-hellip\"> [\u2026]<\/span><\/p>\n","protected":false},"featured_media":0,"template":"","meta":{"_monsterinsights_skip_tracking":false,"_monsterinsights_sitenote_active":false,"_monsterinsights_sitenote_note":"","_monsterinsights_sitenote_category":0},"product_brand":[],"product_cat":[12835,12324],"product_tag":[],"class_list":{"0":"post-709399","1":"product","2":"type-product","3":"status-publish","5":"product_cat-genel-sosyoloji","6":"product_cat-sosyoloji","7":"pa_cilt-ciltsiz","8":"pa_tur-kitap","9":"pa_yayinevi-ayrinti-yayinlari","10":"pa_yazar-kayhan-delibas","12":"first","13":"instock","14":"sale","15":"shipping-taxable","16":"purchasable","17":"product-type-simple"},"_links":{"self":[{"href":"https:\/\/roveyayinevi.com.tr\/index.php\/wp-json\/wp\/v2\/product\/709399","targetHints":{"allow":["GET"]}}],"collection":[{"href":"https:\/\/roveyayinevi.com.tr\/index.php\/wp-json\/wp\/v2\/product"}],"about":[{"href":"https:\/\/roveyayinevi.com.tr\/index.php\/wp-json\/wp\/v2\/types\/product"}],"wp:attachment":[{"href":"https:\/\/roveyayinevi.com.tr\/index.php\/wp-json\/wp\/v2\/media?parent=709399"}],"wp:term":[{"taxonomy":"product_brand","embeddable":true,"href":"https:\/\/roveyayinevi.com.tr\/index.php\/wp-json\/wp\/v2\/product_brand?post=709399"},{"taxonomy":"product_cat","embeddable":true,"href":"https:\/\/roveyayinevi.com.tr\/index.php\/wp-json\/wp\/v2\/product_cat?post=709399"},{"taxonomy":"product_tag","embeddable":true,"href":"https:\/\/roveyayinevi.com.tr\/index.php\/wp-json\/wp\/v2\/product_tag?post=709399"}],"curies":[{"name":"wp","href":"https:\/\/api.w.org\/{rel}","templated":true}]}}