{"id":709389,"date":"2025-08-27T16:24:27","date_gmt":"2025-08-27T13:24:27","guid":{"rendered":"https:\/\/roveyayinevi.com.tr\/index.php\/urun\/elestiri-ve-bilginin-gelismesi\/"},"modified":"2026-04-16T02:18:04","modified_gmt":"2026-04-15T23:18:04","slug":"elestiri-ve-bilginin-gelismesi","status":"publish","type":"product","link":"https:\/\/roveyayinevi.com.tr\/index.php\/urun\/elestiri-ve-bilginin-gelismesi\/","title":{"rendered":"Ele\u015ftiri ve Bilginin Geli\u015fmesi"},"content":{"rendered":"<p>Elinizdeki kitap, Thomas Kuhn\u2019un bilim felsefesinde paradigma de\u011fi\u015ftiren Bilimsel Devrimlerin Yap\u0131s\u0131 (1962) adl\u0131 yap\u0131t\u0131n\u0131n yaratt\u0131\u011f\u0131 sorunlar \u00fczerine ele\u015ftirel bir de\u011ferlendirme niteli\u011findeki makalelerden olu\u015fuyor.Ba\u015fta Popper, Lakatos ve Feyerabend olmak \u00fczere, bilimsel bilginin geli\u015fmesinin hangi ko\u015fullar alt\u0131nda ger\u00e7ekle\u015fti\u011fini ele alan kat\u0131l\u0131mc\u0131lar\u0131n metinleri ve Kuhn\u2019un ele\u015ftirmenlerine verdi\u011fi yan\u0131t, bug\u00fcn h\u00e2l\u00e2 verimli tart\u0131\u015fmalara gebe, \u00e7\u00fcnk\u00fc bilim insanlar\u0131n\u0131n \u201cdevrim\u201d niteli\u011finde kuramlar ortaya atmad\u0131klar\u0131 zamanlarda neyle me\u015fgul olduklar\u0131 sorusu cazibesini korumakta.Imre Lakatos ve Alan Musgrave\u2019in yay\u0131ma haz\u0131rlad\u0131\u011f\u0131 kitapta makaleleri bulunan isimler \u015f\u00f6yle:Thomas Kuhn, John Watkins, Stephen Toulmin, L. Pearce Williams, Karl Popper, Margaret Masterman, Imre Lakatos, Paul Feyerabend. <\/p>\n","protected":false},"excerpt":{"rendered":"<p>Elinizdeki kitap, Thomas Kuhn\u2019un bilim felsefesinde paradigma de\u011fi\u015ftiren Bilimsel Devrimlerin Yap\u0131s\u0131 (1962) adl\u0131 yap\u0131t\u0131n\u0131n yaratt\u0131\u011f\u0131 sorunlar \u00fczerine ele\u015ftirel bir de\u011ferlendirme niteli\u011findeki makalelerden olu\u015fuyor.Ba\u015fta Popper, Lakatos ve<span class=\"excerpt-hellip\"> [\u2026]<\/span><\/p>\n","protected":false},"featured_media":0,"template":"","meta":{"_monsterinsights_skip_tracking":false,"_monsterinsights_sitenote_active":false,"_monsterinsights_sitenote_note":"","_monsterinsights_sitenote_category":0},"product_brand":[],"product_cat":[13548,12408],"product_tag":[],"class_list":{"0":"post-709389","1":"product","2":"type-product","3":"status-publish","5":"product_cat-kuram","6":"product_cat-sanat","7":"pa_cilt-ciltsiz","8":"pa_tur-kitap","9":"pa_yayinevi-ithaki-yayinlari","10":"pa_yazar-alan-musgrave","11":"pa_yazar-imre-lakatos","13":"first","14":"instock","15":"sale","16":"shipping-taxable","17":"purchasable","18":"product-type-simple"},"_links":{"self":[{"href":"https:\/\/roveyayinevi.com.tr\/index.php\/wp-json\/wp\/v2\/product\/709389","targetHints":{"allow":["GET"]}}],"collection":[{"href":"https:\/\/roveyayinevi.com.tr\/index.php\/wp-json\/wp\/v2\/product"}],"about":[{"href":"https:\/\/roveyayinevi.com.tr\/index.php\/wp-json\/wp\/v2\/types\/product"}],"wp:attachment":[{"href":"https:\/\/roveyayinevi.com.tr\/index.php\/wp-json\/wp\/v2\/media?parent=709389"}],"wp:term":[{"taxonomy":"product_brand","embeddable":true,"href":"https:\/\/roveyayinevi.com.tr\/index.php\/wp-json\/wp\/v2\/product_brand?post=709389"},{"taxonomy":"product_cat","embeddable":true,"href":"https:\/\/roveyayinevi.com.tr\/index.php\/wp-json\/wp\/v2\/product_cat?post=709389"},{"taxonomy":"product_tag","embeddable":true,"href":"https:\/\/roveyayinevi.com.tr\/index.php\/wp-json\/wp\/v2\/product_tag?post=709389"}],"curies":[{"name":"wp","href":"https:\/\/api.w.org\/{rel}","templated":true}]}}