{"id":709371,"date":"2025-08-27T16:24:18","date_gmt":"2025-08-27T13:24:18","guid":{"rendered":"https:\/\/roveyayinevi.com.tr\/index.php\/urun\/balkan-savaslari-ve-turk-milliyetciliginin-dogusu\/"},"modified":"2026-04-16T02:18:03","modified_gmt":"2026-04-15T23:18:03","slug":"balkan-savaslari-ve-turk-milliyetciliginin-dogusu","status":"publish","type":"product","link":"https:\/\/roveyayinevi.com.tr\/index.php\/urun\/balkan-savaslari-ve-turk-milliyetciliginin-dogusu\/","title":{"rendered":"Balkan Sava\u015flar\u0131 ve T\u00fcrk Milliyet\u00e7ili\u011finin Do\u011fu\u015fu"},"content":{"rendered":"<p>\u00c2deta Balkan \u0130mparatorlu\u011fu addedilebilecek Osmanl\u0131 Devleti\u2019nin son asr\u0131nda cereyan eden Balkan Sava\u015flar\u0131; T\u00fcrk milliyet\u00e7ili\u011fi ve Anadolu topraklar\u0131nda kurulan mill\u00ee devlet i\u00e7in bir d\u00f6n\u00fcm noktas\u0131 te\u015fkil eder. Balkan Sava\u015flar\u0131, Osmanl\u0131 Devleti\u2019nin ilk topyek\u00fbn sava\u015flar\u0131 addedilebilir. Osmanl\u0131 toplumunda yerle\u015fik s\u0131n\u0131rlar\u0131n ve ikiliklerin nispeten a\u015f\u0131lmas\u0131; askerler ve sivillerin, M\u00fcsl\u00fcmanlar ve gayrim\u00fcslimler, erkekler ve kad\u0131nlar\u0131n k\u0131sacas\u0131 t\u00fcm Osmanl\u0131 vatanda\u015flar\u0131n\u0131n siyas\u00ee ve i\u00e7tima\u00ee hayata etkin bi\u00e7imde d\u00e2hil olmas\u0131, s\u00f6z konusu sava\u015flar ile m\u00fcmk\u00fcn olmu\u015ftur. Bu sebeple Balkan Sava\u015flar\u0131, o ana kadar r\u00fc\u015feym h\u00e2linde olan T\u00fcrk milliyet\u00e7ili\u011fi fikrinin geli\u015fti\u011fi, palazland\u0131\u011f\u0131, entelekt\u00fcel bir v\u00e2k\u0131a olmaktan \u00e7\u0131k\u0131p geni\u015f kitlelere yay\u0131ld\u0131\u011f\u0131 bir d\u00f6nemi ifade eder. Yahya Kemal Ta\u015ftan Balkan Sava\u015flar\u0131 ve T\u00fcrk Milliyet\u00e7ili\u011finin Do\u011fu\u015fu kitab\u0131nda bu s\u0131k\u0131nt\u0131l\u0131 ve sanc\u0131l\u0131 d\u00f6nemi sekiz ba\u015fl\u0131k alt\u0131nda ele alm\u0131\u015ft\u0131r: \u201cSava\u015f, Toplumsal Seferberlik ve Mill\u00ee Kin\u201d, \u201cBiz Bize Yeteriz: Etnik Dayan\u0131\u015fma ve Mill\u00ee \u0130ktisat Projeleri\u201d, \u201cMill\u00ee Bilin\u00e7: Biz ve \u00d6tekinin \u0130n\u015f\u00e2s\u0131\u201d, \u201cMilliyet\u00e7i Tarih Yaz\u0131m\u0131n\u0131n Do\u011fu\u015fu\u201d, \u201cImperial Vatandan Arta Kalanla Yetinmek: Mahdut Vatan Milliyet\u00e7ili\u011fi\u201d, \u201cOntolojik G\u00fcvensizlik ve Yeni Vatan Aray\u0131\u015flar\u0131: Manev\u00ee Yurt\u201d, \u201cGideyim Arayay\u0131m Turan Nerede?\u201d, \u201cAnadolu: Mutedil Turan Yahut Muvakkat Ergenekon\u201d.\ufffcTan\u0131t\u0131m Metni<\/p>\n","protected":false},"excerpt":{"rendered":"<p>\u00c2deta Balkan \u0130mparatorlu\u011fu addedilebilecek Osmanl\u0131 Devleti\u2019nin son asr\u0131nda cereyan eden Balkan Sava\u015flar\u0131; T\u00fcrk milliyet\u00e7ili\u011fi ve Anadolu topraklar\u0131nda kurulan mill\u00ee devlet i\u00e7in bir d\u00f6n\u00fcm noktas\u0131 te\u015fkil eder.<span class=\"excerpt-hellip\"> [\u2026]<\/span><\/p>\n","protected":false},"featured_media":0,"template":"","meta":{"_monsterinsights_skip_tracking":false,"_monsterinsights_sitenote_active":false,"_monsterinsights_sitenote_note":"","_monsterinsights_sitenote_category":0},"product_brand":[],"product_cat":[12304,14128],"product_tag":[],"class_list":{"0":"post-709371","1":"product","2":"type-product","3":"status-publish","5":"product_cat-tarih","6":"product_cat-yakin-tarih","7":"pa_cilt-ciltsiz","8":"pa_tur-kitap","9":"pa_yayinevi-otuken-nesriyat","10":"pa_yazar-yahya-kemal-tastan","12":"first","13":"instock","14":"sale","15":"shipping-taxable","16":"purchasable","17":"product-type-simple"},"_links":{"self":[{"href":"https:\/\/roveyayinevi.com.tr\/index.php\/wp-json\/wp\/v2\/product\/709371","targetHints":{"allow":["GET"]}}],"collection":[{"href":"https:\/\/roveyayinevi.com.tr\/index.php\/wp-json\/wp\/v2\/product"}],"about":[{"href":"https:\/\/roveyayinevi.com.tr\/index.php\/wp-json\/wp\/v2\/types\/product"}],"wp:attachment":[{"href":"https:\/\/roveyayinevi.com.tr\/index.php\/wp-json\/wp\/v2\/media?parent=709371"}],"wp:term":[{"taxonomy":"product_brand","embeddable":true,"href":"https:\/\/roveyayinevi.com.tr\/index.php\/wp-json\/wp\/v2\/product_brand?post=709371"},{"taxonomy":"product_cat","embeddable":true,"href":"https:\/\/roveyayinevi.com.tr\/index.php\/wp-json\/wp\/v2\/product_cat?post=709371"},{"taxonomy":"product_tag","embeddable":true,"href":"https:\/\/roveyayinevi.com.tr\/index.php\/wp-json\/wp\/v2\/product_tag?post=709371"}],"curies":[{"name":"wp","href":"https:\/\/api.w.org\/{rel}","templated":true}]}}

Balkan Savaşları ve Türk Milliyetçiliğinin Doğuşu

<p>Âdeta Balkan İmparatorluğu addedilebilecek Osmanlı Devleti’nin son asrında cereyan eden Balkan Savaşları; Türk milliyetçiliği ve Anadolu topraklarında kurulan millî devlet için bir dönüm noktası teşkil eder. Balkan Savaşları, Osmanlı Devleti’nin ilk topyekûn savaşları addedilebilir. Osmanlı toplumunda yerleşik sınırların ve ikiliklerin nispeten aşılması; askerler ve sivillerin, Müslümanlar ve gayrimüslimler, erkekler ve kadınların kısacası tüm Osmanlı vatandaşlarının siyasî ve içtimaî hayata etkin biçimde dâhil olması, söz konusu savaşlar ile mümkün olmuştur. Bu sebeple Balkan Savaşları, o ana kadar rüşeym hâlinde olan Türk milliyetçiliği fikrinin geliştiği, palazlandığı, entelektüel bir vâkıa olmaktan çıkıp geniş kitlelere yayıldığı bir dönemi ifade eder. Yahya Kemal Taştan Balkan Savaşları ve Türk Milliyetçiliğinin Doğuşu kitabında bu sıkıntılı ve sancılı dönemi sekiz başlık altında ele almıştır: “Savaş, Toplumsal Seferberlik ve Millî Kin”, “Biz Bize Yeteriz: Etnik Dayanışma ve Millî İktisat Projeleri”, “Millî Bilinç: Biz ve Ötekinin İnşâsı”, “Milliyetçi Tarih Yazımının Doğuşu”, “Imperial Vatandan Arta Kalanla Yetinmek: Mahdut Vatan Milliyetçiliği”, “Ontolojik Güvensizlik ve Yeni Vatan Arayışları: Manevî Yurt”, “Gideyim Arayayım Turan Nerede?”, “Anadolu: Mutedil Turan Yahut Muvakkat Ergenekon”.￼Tanıtım Metni</p>

<p>Âdeta Balkan İmparatorluğu addedilebilecek Osmanlı Devleti’nin son asrında cereyan eden Balkan Savaşları; Türk milliyetçiliği ve Anadolu topraklarında kurulan millî devlet için bir dönüm noktası teşkil eder.<span class="excerpt-hellip"> […]</span></p>
