{"id":709368,"date":"2025-08-27T16:24:16","date_gmt":"2025-08-27T13:24:16","guid":{"rendered":"https:\/\/roveyayinevi.com.tr\/index.php\/urun\/kelebegi-yakala\/"},"modified":"2026-04-16T02:18:03","modified_gmt":"2026-04-15T23:18:03","slug":"kelebegi-yakala","status":"publish","type":"product","link":"https:\/\/roveyayinevi.com.tr\/index.php\/urun\/kelebegi-yakala\/","title":{"rendered":"Kelebe\u011fi Yakala"},"content":{"rendered":"<p>Mavi kelebekleri takip et, seni bana g\u00f6t\u00fcrecekler&#8230; E\u011fer ya\u011fmurlu bir g\u00fcnde mavi bir kelebek o narin avu\u00e7lar\u0131na usulca konarsa bil ki ben senin hasretinden a\u011fl\u0131yorum ve h\u00fczn\u00fcm semaya sirayet ediyor&#8230;E\u011fer o kelebek g\u00fcne\u015fli bir g\u00fcnde gelirse de bil ki senin sayeni, g\u00fcne\u015fin s\u0131cakl\u0131\u011f\u0131na b\u0131rakt\u0131\u011f\u0131n rayihan\u0131 g\u00f6zlemi\u015ftir.Ve o kelebek yerine avucuna elim de\u011ferse bir g\u00fcn nehar ba\u015flayacak, g\u00fcne\u015f bizim i\u00e7in do\u011facak demektir.&#8221;Yolunu kaybetmi\u015f, ac\u0131lar\u0131na boyun e\u011fip her \u015feyinden vazge\u00e7mi\u015f, ilk a\u015fk\u0131n\u0131n topra\u011f\u0131n\u0131 bile bilmeyen bir Bosnal\u0131&#8230;G\u00f6n\u00fclden g\u00f6n\u00fcle yol kuran, sevday\u0131 yeni ba\u015ftan \u00f6\u011frenen \u015fehit k\u0131z\u0131 bir T\u00fcrk&#8230;Katliamdan y\u0131llar sonra, \u0130stanbul&#8217;da ba\u015flayan bir hikaye.&#8221;Kaderler kesi\u015fmi\u015fse kalplerin de kesi\u015fmesi an meselesidir.&#8221;Belki son diye bildi\u011fimiz vukuatlar bilinmez bir gelece\u011fin ba\u015flang\u0131c\u0131d\u0131r. Ve sen pes etmedik\u00e7e hi\u00e7bir \u015fey sonun olmayacakt\u0131r&#8230; <\/p>\n","protected":false},"excerpt":{"rendered":"<p>Mavi kelebekleri takip et, seni bana g\u00f6t\u00fcrecekler&#8230; E\u011fer ya\u011fmurlu bir g\u00fcnde mavi bir kelebek o narin avu\u00e7lar\u0131na usulca konarsa bil ki ben senin hasretinden a\u011fl\u0131yorum ve<span class=\"excerpt-hellip\"> [\u2026]<\/span><\/p>\n","protected":false},"featured_media":0,"template":"","meta":{"_monsterinsights_skip_tracking":false,"_monsterinsights_sitenote_active":false,"_monsterinsights_sitenote_note":"","_monsterinsights_sitenote_category":0},"product_brand":[],"product_cat":[12291,12711],"product_tag":[],"class_list":{"0":"post-709368","1":"product","2":"type-product","3":"status-publish","5":"product_cat-edebiyat","6":"product_cat-roman-oyku","7":"pa_cilt-ciltsiz","8":"pa_tur-kitap","9":"pa_yayinevi-carpe-diem-kitaplari","10":"pa_yazar-betul-ozlu","12":"first","13":"instock","14":"sale","15":"shipping-taxable","16":"purchasable","17":"product-type-simple"},"_links":{"self":[{"href":"https:\/\/roveyayinevi.com.tr\/index.php\/wp-json\/wp\/v2\/product\/709368","targetHints":{"allow":["GET"]}}],"collection":[{"href":"https:\/\/roveyayinevi.com.tr\/index.php\/wp-json\/wp\/v2\/product"}],"about":[{"href":"https:\/\/roveyayinevi.com.tr\/index.php\/wp-json\/wp\/v2\/types\/product"}],"wp:attachment":[{"href":"https:\/\/roveyayinevi.com.tr\/index.php\/wp-json\/wp\/v2\/media?parent=709368"}],"wp:term":[{"taxonomy":"product_brand","embeddable":true,"href":"https:\/\/roveyayinevi.com.tr\/index.php\/wp-json\/wp\/v2\/product_brand?post=709368"},{"taxonomy":"product_cat","embeddable":true,"href":"https:\/\/roveyayinevi.com.tr\/index.php\/wp-json\/wp\/v2\/product_cat?post=709368"},{"taxonomy":"product_tag","embeddable":true,"href":"https:\/\/roveyayinevi.com.tr\/index.php\/wp-json\/wp\/v2\/product_tag?post=709368"}],"curies":[{"name":"wp","href":"https:\/\/api.w.org\/{rel}","templated":true}]}}