{"id":709356,"date":"2025-08-27T16:24:10","date_gmt":"2025-08-27T13:24:10","guid":{"rendered":"https:\/\/roveyayinevi.com.tr\/index.php\/urun\/cinayet-fakultesi\/"},"modified":"2026-04-03T02:23:30","modified_gmt":"2026-04-02T23:23:30","slug":"cinayet-fakultesi","status":"publish","type":"product","link":"https:\/\/roveyayinevi.com.tr\/index.php\/urun\/cinayet-fakultesi\/","title":{"rendered":"Cinayet Fak\u00fcltesi"},"content":{"rendered":"<p>Usta edebiyat\u00e7\u0131 P\u0131nar K\u00fcr, Emin K\u00f6kl\u00fc maceralar\u0131na Bir Cinayet Roman\u0131 ve Sonuncu Sonbahar\u2019dan sonra Cinayet Fak\u00fcltesi\u2019yle devam ediyor. Bir \u00f6zel \u00fcniversitede okul y\u00f6netimi taraf\u0131ndan \u00f6rtbas edilmeye \u00e7al\u0131\u015f\u0131lan ve bas\u0131na pek yans\u0131t\u0131lmayan pe\u015f pe\u015fe \u015f\u00fcpheli \u00f6l\u00fcmler kimsenin pek de bula\u015fmak istemedi\u011fi bir konu. Ama uzun zamand\u0131r \u00e7ekildi\u011fi inzivan\u0131n tad\u0131n\u0131 \u00e7\u0131karan emekli matematik profes\u00f6r\u00fc Emin K\u00f6kl\u00fc bir kez daha i\u015fin pe\u015fine d\u00fc\u015fmek zorunda kal\u0131yor. \u00d6nce istemeye istemeye tabii, ama ka\u00e7 ki\u015fi bir cinayeti \u00e7\u00f6zme \u00e7a\u011fr\u0131s\u0131na direnebilir ki? \u201c(&#8230;) Hepsi, gelecekte bir s\u0131\u011f\u0131na\u011f\u0131m\u0131z olmad\u0131\u011f\u0131 i\u00e7in&#8230; Gelecek sahiden yok mu? Her \u015fey bitti mi? Bir vakitler mutluydum. En az\u0131ndan, mutsuz de\u011fildim ve mutsuz olmamay\u0131 mutluluk san\u0131yordum. G\u00fcn geldi tam tersini \u00f6\u011frendim. Bana hi\u00e7 beklemedi\u011fim, hi\u00e7 hayal etmedi\u011fim bir mutlulu\u011fu ya\u015fatan kad\u0131n, ilk kez ger\u00e7ek mutsuzlu\u011fu tatt\u0131rd\u0131 bana. Tatt\u0131rd\u0131, evet. Mutsuzlu\u011fun da bir tad\u0131 var. Vard\u0131 galiba. \u00c7ok da iyi hat\u0131rlam\u0131yorum. G\u00f6ky\u00fcz\u00fcne bakt\u0131m. Buran\u0131n g\u00f6ky\u00fcz\u00fc ne kadar kalabal\u0131k! Y\u0131ld\u0131zlar, y\u0131ld\u0131zlar, y\u0131ld\u0131zlar. Binlerce&#8230; Samanyolu, B\u00fcy\u00fck Kep\u00e7e, K\u00fc\u00e7\u00fck Kep\u00e7e, hepsi par\u0131l par\u0131l orada. Onlar orada, ben buraday\u0131m. Ben buraday\u0131m. Ve gecenin geri kalan\u0131yla ne yapaca\u011f\u0131m\u0131 bilemiyorum.\u201d <\/p>\n","protected":false},"excerpt":{"rendered":"<p>Usta edebiyat\u00e7\u0131 P\u0131nar K\u00fcr, Emin K\u00f6kl\u00fc maceralar\u0131na Bir Cinayet Roman\u0131 ve Sonuncu Sonbahar\u2019dan sonra Cinayet Fak\u00fcltesi\u2019yle devam ediyor. Bir \u00f6zel \u00fcniversitede okul y\u00f6netimi taraf\u0131ndan \u00f6rtbas edilmeye<span class=\"excerpt-hellip\"> [\u2026]<\/span><\/p>\n","protected":false},"featured_media":0,"template":"","meta":{"_monsterinsights_skip_tracking":false,"_monsterinsights_sitenote_active":false,"_monsterinsights_sitenote_note":"","_monsterinsights_sitenote_category":0},"product_brand":[],"product_cat":[12291,12711],"product_tag":[],"class_list":{"0":"post-709356","1":"product","2":"type-product","3":"status-publish","5":"product_cat-edebiyat","6":"product_cat-roman-oyku","7":"pa_cilt-ciltsiz","8":"pa_tur-kitap","9":"pa_yayinevi-can-yayinlari","10":"pa_yazar-pinar-kur","12":"first","13":"instock","14":"sale","15":"shipping-taxable","16":"purchasable","17":"product-type-simple"},"_links":{"self":[{"href":"https:\/\/roveyayinevi.com.tr\/index.php\/wp-json\/wp\/v2\/product\/709356","targetHints":{"allow":["GET"]}}],"collection":[{"href":"https:\/\/roveyayinevi.com.tr\/index.php\/wp-json\/wp\/v2\/product"}],"about":[{"href":"https:\/\/roveyayinevi.com.tr\/index.php\/wp-json\/wp\/v2\/types\/product"}],"wp:attachment":[{"href":"https:\/\/roveyayinevi.com.tr\/index.php\/wp-json\/wp\/v2\/media?parent=709356"}],"wp:term":[{"taxonomy":"product_brand","embeddable":true,"href":"https:\/\/roveyayinevi.com.tr\/index.php\/wp-json\/wp\/v2\/product_brand?post=709356"},{"taxonomy":"product_cat","embeddable":true,"href":"https:\/\/roveyayinevi.com.tr\/index.php\/wp-json\/wp\/v2\/product_cat?post=709356"},{"taxonomy":"product_tag","embeddable":true,"href":"https:\/\/roveyayinevi.com.tr\/index.php\/wp-json\/wp\/v2\/product_tag?post=709356"}],"curies":[{"name":"wp","href":"https:\/\/api.w.org\/{rel}","templated":true}]}}