{"id":709339,"date":"2025-08-27T16:24:02","date_gmt":"2025-08-27T13:24:02","guid":{"rendered":"https:\/\/roveyayinevi.com.tr\/index.php\/urun\/kamus-i-turki-latin-harfleriyle\/"},"modified":"2026-04-16T02:18:03","modified_gmt":"2026-04-15T23:18:03","slug":"kamus-i-turki-latin-harfleriyle","status":"publish","type":"product","link":"https:\/\/roveyayinevi.com.tr\/index.php\/urun\/kamus-i-turki-latin-harfleriyle\/","title":{"rendered":"Kamus-\u0131 T\u00fcrki (Latin Harfleriyle)"},"content":{"rendered":"<p>\u201cL\u00fcgat kitab\u0131 bir dilin hazinesi h\u00fckm\u00fcndedir. Dil kelimelerden olu\u015fmu\u015ftur ki bu kelimeler de her dilin kendine \u00f6zg\u00fc bir tak\u0131m kurallara uygun olarak olu\u015fturulup ki\u015finin iste\u011fini anlatmas\u0131na yararlar. Bir dilin sermayesi kelimelerle dilbilgisi ve gramerinden ibarettir. D\u00fcnyada hi\u00e7bir insan d\u00fc\u015f\u00fcn\u00fclemez ki dilin b\u00fct\u00fcn l\u00fcgatini bilsin ya da hepsini haf\u0131zas\u0131nda tutabilsin. Yine pek az adamlar vard\u0131r ki dillerini tamam\u0131yla kurallar\u0131na uygun olarak s\u00f6yleyebilsinler. Bu hal ise her dilin i\u00e7inde bar\u0131nd\u0131rd\u0131\u011f\u0131 kelimelerden zaman ge\u00e7tik\u00e7e bir k\u0131sm\u0131n\u0131 unutup kaybetmesini ve kendine mahsus kurallar\u0131na uygun olmayan bir \u015fekilde s\u00f6ylenerek fesahatten mahrum kalmas\u0131n\u0131 ve k\u0131sacas\u0131 geni\u015f ve fasih iken, dar ve yanl\u0131\u015f bir dil olmas\u0131 sonucunu do\u011furur. Lisanlar\u0131 bu geri kalm\u0131\u015fl\u0131ktan koruyacak olan ancak edebiyatt\u0131r. Edebiyat\u0131n yani ediplerin bu konuda edecekleri hizmetin ilk ad\u0131m\u0131 ise lisan\u0131n m\u00fckemmeliyetini olu\u015fturan kelimelerini ve fesahatini mucip olan kurallar\u0131n\u0131 en iyi \u015fekilde muhafaza etmekten ibarettir. Bu iki \u015f\u0131kk\u0131n birincisi lisan\u0131n b\u00fct\u00fcn l\u00fcgatini i\u00e7eren m\u00fckemmel bir kamus ve ikincisi dilbilgisi kurallar\u0131n\u0131 ve gramerini i\u00e7ine alan muntazam bir dilbilgisi ve gramer kitab\u0131 v\u00fccuda getirmekle has\u0131l ve m\u00fcmk\u00fcn olabilir\u2026\u201d (\u015eemseddin Sami) \ufffcTan\u0131t\u0131m Metni<\/p>\n","protected":false},"excerpt":{"rendered":"<p>\u201cL\u00fcgat kitab\u0131 bir dilin hazinesi h\u00fckm\u00fcndedir. Dil kelimelerden olu\u015fmu\u015ftur ki bu kelimeler de her dilin kendine \u00f6zg\u00fc bir tak\u0131m kurallara uygun olarak olu\u015fturulup ki\u015finin iste\u011fini anlatmas\u0131na<span class=\"excerpt-hellip\"> [\u2026]<\/span><\/p>\n","protected":false},"featured_media":0,"template":"","meta":{"_monsterinsights_skip_tracking":false,"_monsterinsights_sitenote_active":false,"_monsterinsights_sitenote_note":"","_monsterinsights_sitenote_category":0},"product_brand":[],"product_cat":[12566,13611],"product_tag":[],"class_list":{"0":"post-709339","1":"product","2":"type-product","3":"status-publish","5":"product_cat-egitim","6":"product_cat-sozlukler-ve-konusma-kilavuzlari","7":"pa_cilt-ciltsiz","8":"pa_tur-kitap","9":"pa_yayinevi-ideal-kultur-yayincilik","10":"pa_yazar-semseddin-sami","12":"first","13":"instock","14":"sale","15":"shipping-taxable","16":"purchasable","17":"product-type-simple"},"_links":{"self":[{"href":"https:\/\/roveyayinevi.com.tr\/index.php\/wp-json\/wp\/v2\/product\/709339","targetHints":{"allow":["GET"]}}],"collection":[{"href":"https:\/\/roveyayinevi.com.tr\/index.php\/wp-json\/wp\/v2\/product"}],"about":[{"href":"https:\/\/roveyayinevi.com.tr\/index.php\/wp-json\/wp\/v2\/types\/product"}],"wp:attachment":[{"href":"https:\/\/roveyayinevi.com.tr\/index.php\/wp-json\/wp\/v2\/media?parent=709339"}],"wp:term":[{"taxonomy":"product_brand","embeddable":true,"href":"https:\/\/roveyayinevi.com.tr\/index.php\/wp-json\/wp\/v2\/product_brand?post=709339"},{"taxonomy":"product_cat","embeddable":true,"href":"https:\/\/roveyayinevi.com.tr\/index.php\/wp-json\/wp\/v2\/product_cat?post=709339"},{"taxonomy":"product_tag","embeddable":true,"href":"https:\/\/roveyayinevi.com.tr\/index.php\/wp-json\/wp\/v2\/product_tag?post=709339"}],"curies":[{"name":"wp","href":"https:\/\/api.w.org\/{rel}","templated":true}]}}