{"id":709328,"date":"2025-08-27T16:23:57","date_gmt":"2025-08-27T13:23:57","guid":{"rendered":"https:\/\/roveyayinevi.com.tr\/index.php\/urun\/canavar-pesinde-serisi-44-korsan-kral-olumun-disleri-koron\/"},"modified":"2026-04-13T02:22:37","modified_gmt":"2026-04-12T23:22:37","slug":"canavar-pesinde-serisi-44-korsan-kral-olumun-disleri-koron","status":"publish","type":"product","link":"https:\/\/roveyayinevi.com.tr\/index.php\/urun\/canavar-pesinde-serisi-44-korsan-kral-olumun-disleri-koron\/","title":{"rendered":"Canavar Pe\u015finde Serisi 44 &#8211; Korsan Kral (\u00d6l\u00fcm\u00fcn Di\u015fleri Koron)"},"content":{"rendered":"<p>Tom, \u015fimdiye kadarki en zorlu Canavar Pe\u015finde maceras\u0131yla kar\u015f\u0131 kar\u015f\u0131ya.  Bir yandan Varolu\u015f A\u011fac\u0131\u2019n\u0131 bulmaya \u00e7al\u0131\u015f\u0131rken, bir yandan da Korsan Kral Sanpao ile m\u00fccadele ediyor.  Tom, onun kontrol etti\u011fi alt\u0131 canavardan biri olan Koron ile ba\u015fa \u00e7\u0131kabilecek mi? <\/p>\n","protected":false},"excerpt":{"rendered":"<p>Tom, \u015fimdiye kadarki en zorlu Canavar Pe\u015finde maceras\u0131yla kar\u015f\u0131 kar\u015f\u0131ya. Bir yandan Varolu\u015f A\u011fac\u0131\u2019n\u0131 bulmaya \u00e7al\u0131\u015f\u0131rken, bir yandan da Korsan Kral Sanpao ile m\u00fccadele ediyor. Tom,<span class=\"excerpt-hellip\"> [\u2026]<\/span><\/p>\n","protected":false},"featured_media":0,"template":"","meta":{"_monsterinsights_skip_tracking":false,"_monsterinsights_sitenote_active":false,"_monsterinsights_sitenote_note":"","_monsterinsights_sitenote_category":0},"product_brand":[],"product_cat":[12274,12284],"product_tag":[],"class_list":{"0":"post-709328","1":"product","2":"type-product","3":"status-publish","5":"product_cat-cocuk-ve-genclik-kitaplari","6":"product_cat-hikayeler","7":"pa_cilt-ciltsiz","8":"pa_tur-kitap","9":"pa_yayinevi-beyaz-balina-yayinlari","10":"pa_yazar-adam-blade","12":"first","13":"instock","14":"sale","15":"shipping-taxable","16":"purchasable","17":"product-type-simple"},"_links":{"self":[{"href":"https:\/\/roveyayinevi.com.tr\/index.php\/wp-json\/wp\/v2\/product\/709328","targetHints":{"allow":["GET"]}}],"collection":[{"href":"https:\/\/roveyayinevi.com.tr\/index.php\/wp-json\/wp\/v2\/product"}],"about":[{"href":"https:\/\/roveyayinevi.com.tr\/index.php\/wp-json\/wp\/v2\/types\/product"}],"wp:attachment":[{"href":"https:\/\/roveyayinevi.com.tr\/index.php\/wp-json\/wp\/v2\/media?parent=709328"}],"wp:term":[{"taxonomy":"product_brand","embeddable":true,"href":"https:\/\/roveyayinevi.com.tr\/index.php\/wp-json\/wp\/v2\/product_brand?post=709328"},{"taxonomy":"product_cat","embeddable":true,"href":"https:\/\/roveyayinevi.com.tr\/index.php\/wp-json\/wp\/v2\/product_cat?post=709328"},{"taxonomy":"product_tag","embeddable":true,"href":"https:\/\/roveyayinevi.com.tr\/index.php\/wp-json\/wp\/v2\/product_tag?post=709328"}],"curies":[{"name":"wp","href":"https:\/\/api.w.org\/{rel}","templated":true}]}}