{"id":709324,"date":"2025-08-27T16:23:55","date_gmt":"2025-08-27T13:23:55","guid":{"rendered":"https:\/\/roveyayinevi.com.tr\/index.php\/urun\/hafiyeler-onde-gider\/"},"modified":"2026-04-16T02:18:01","modified_gmt":"2026-04-15T23:18:01","slug":"hafiyeler-onde-gider","status":"publish","type":"product","link":"https:\/\/roveyayinevi.com.tr\/index.php\/urun\/hafiyeler-onde-gider\/","title":{"rendered":"Hafiyeler \u00d6nde Gider"},"content":{"rendered":"<p>Ge\u00e7mi\u015f zaman\u0131 dillendirirken g\u00fcn\u00fcm\u00fcze ka\u015f\u0131k \u00e7almaktan geri durmayan Sal\u00e2h Birsel\u2019in us tas\u0131na bu kez hafiyeler d\u00fc\u015f\u00fcyor.K\u00fclliyat\u0131n\u0131n en havai eserlerinden Hafiyeler \u00d6nde Gider\u2019de Birsel, II. Abd\u00fclhamit d\u00f6neminin gedikli hafiyelerine ve jurnalcilerine bir selam \u00e7akarak, d\u00fcnya yaz\u0131n tarihine damga vurmu\u015f yazarlar\u0131n metinlerinin pe\u015finde hafiyelik yap\u0131yor. Akl\u0131n\u0131n \u00e7engeline tak\u0131lan kavramlar\u0131 boylu boyunca tezg\u00e2ha yat\u0131r\u0131yor; Bat\u0131\u2019yla Do\u011fu\u2019yu ay\u0131ran keskin \u00e7izgileri bulan\u0131kla\u015ft\u0131r\u0131yor; tarihsel anekdotlarda t\u00fcy misali sal\u0131n\u0131rken, k\u0131vrak \u00fcslubuyla d\u00fcnyay\u0131 halla\u00e7 pamu\u011fu gibi at\u0131yor. \u201c\u015eimdi de gelsin mi Sal\u00e2h Birsel\u2019in para\u015f\u00fct oturtmas\u0131: Hafiyeler \u00f6nde gider. Hafiye olmayan hi\u00e7 kimseyi de \u00f6nde y\u00fcr\u00fctmezler.\u201d. <\/p>\n","protected":false},"excerpt":{"rendered":"<p>Ge\u00e7mi\u015f zaman\u0131 dillendirirken g\u00fcn\u00fcm\u00fcze ka\u015f\u0131k \u00e7almaktan geri durmayan Sal\u00e2h Birsel\u2019in us tas\u0131na bu kez hafiyeler d\u00fc\u015f\u00fcyor.K\u00fclliyat\u0131n\u0131n en havai eserlerinden Hafiyeler \u00d6nde Gider\u2019de Birsel, II. Abd\u00fclhamit d\u00f6neminin<span class=\"excerpt-hellip\"> [\u2026]<\/span><\/p>\n","protected":false},"featured_media":0,"template":"","meta":{"_monsterinsights_skip_tracking":false,"_monsterinsights_sitenote_active":false,"_monsterinsights_sitenote_note":"","_monsterinsights_sitenote_category":0},"product_brand":[],"product_cat":[12777,12291],"product_tag":[],"class_list":{"0":"post-709324","1":"product","2":"type-product","3":"status-publish","5":"product_cat-deneme","6":"product_cat-edebiyat","7":"pa_cilt-ciltsiz","8":"pa_tur-kitap","9":"pa_yayinevi-sel-yayincilik","10":"pa_yazar-salah-birsel","12":"first","13":"instock","14":"sale","15":"shipping-taxable","16":"purchasable","17":"product-type-simple"},"_links":{"self":[{"href":"https:\/\/roveyayinevi.com.tr\/index.php\/wp-json\/wp\/v2\/product\/709324","targetHints":{"allow":["GET"]}}],"collection":[{"href":"https:\/\/roveyayinevi.com.tr\/index.php\/wp-json\/wp\/v2\/product"}],"about":[{"href":"https:\/\/roveyayinevi.com.tr\/index.php\/wp-json\/wp\/v2\/types\/product"}],"wp:attachment":[{"href":"https:\/\/roveyayinevi.com.tr\/index.php\/wp-json\/wp\/v2\/media?parent=709324"}],"wp:term":[{"taxonomy":"product_brand","embeddable":true,"href":"https:\/\/roveyayinevi.com.tr\/index.php\/wp-json\/wp\/v2\/product_brand?post=709324"},{"taxonomy":"product_cat","embeddable":true,"href":"https:\/\/roveyayinevi.com.tr\/index.php\/wp-json\/wp\/v2\/product_cat?post=709324"},{"taxonomy":"product_tag","embeddable":true,"href":"https:\/\/roveyayinevi.com.tr\/index.php\/wp-json\/wp\/v2\/product_tag?post=709324"}],"curies":[{"name":"wp","href":"https:\/\/api.w.org\/{rel}","templated":true}]}}